000
CDUS46 KLOX 150111
CLICMA


CLIMATE REPORT
NATIONAL WEATHER SERVICE LOS ANGELES/OXNARD CA
511 PM PST THU DEC 14 2017


...................................

...THE CAMARILLO CLIMATE SUMMARY FOR DECEMBER 14 2017...
VALID TODAY AS OF 0500 PM LOCAL TIME.

CLIMATE NORMAL PERIOD 1981 TO 2010
CLIMATE RECORD PERIOD 1923 TO 2017


WEATHER ITEM   OBSERVED TIME   RECORD YEAR NORMAL DEPARTURE LAST
                VALUE   (LST)  VALUE       VALUE  FROM      YEAR
                                                  NORMAL
..................................................................
TEMPERATURE (F)
 TODAY
  MAXIMUM         86    242 PM  87    1953  65     21       67
  MINIMUM         41    727 AM  32    2008  42     -1       46
                                      1963
                                      1959
  AVERAGE         64                        54     10       57

PRECIPITATION (IN)
  TODAY            0.00          1.69 1938   0.04  -0.04     0.00
  MONTH TO DATE    0.00                      0.54  -0.54     0.00
  SINCE OCT 1      0.07                      2.48  -2.41     1.48
  SINCE JAN 1     14.87                     13.70   1.17     6.90

SNOWFALL (IN)
  TODAY            0.0
  MONTH TO DATE    0.0
  SINCE DEC 1      0.0
  SINCE JUL 1      0.0

DEGREE DAYS
 HEATING
  TODAY            1                        12    -11        8
  MONTH TO DATE   32                       153   -121      110
  SINCE DEC 1     32                       153   -121      110
  SINCE JUL 1    119                       485   -366      273

 COOLING
  TODAY            0                         0      0        0
  MONTH TO DATE   26                         0     26        0
  SINCE DEC 1     26                         0     26        0
  SINCE JAN 1    897                       330    567      729
..................................................................


WIND (MPH)
  HIGHEST WIND SPEED    32   HIGHEST WIND DIRECTION     E (80)
  HIGHEST GUST SPEED    41   HIGHEST GUST DIRECTION    NE (60)
  AVERAGE WIND SPEED    12.5


SKY COVER
  POSSIBLE SUNSHINE  MM
  AVERAGE SKY COVER 0.0


WEATHER CONDITIONS
 THE FOLLOWING WEATHER WAS RECORDED TODAY.
  HAZE


RELATIVE HUMIDITY (PERCENT)
 HIGHEST    65           100 AM
 LOWEST      6           900 AM
 AVERAGE    36

..........................................................


THE CAMARILLO CLIMATE NORMALS FOR TOMORROW
                         NORMAL    RECORD    YEAR
 MAXIMUM TEMPERATURE (F)   65        84      2013
                                             1942
 MINIMUM TEMPERATURE (F)   42        32      1932


SUNRISE AND SUNSET
DECEMBER 14 2017......SUNRISE   654 AM PST   SUNSET   448 PM PST
DECEMBER 15 2017......SUNRISE   655 AM PST   SUNSET   448 PM PST


-  INDICATES NEGATIVE NUMBERS.
R  INDICATES RECORD WAS SET OR TIED.
MM INDICATES DATA IS MISSING.
T  INDICATES TRACE AMOUNT.




$$
