000
CDUS46 KLOX 300111
CLICMA


CLIMATE REPORT
NATIONAL WEATHER SERVICE LOS ANGELES/OXNARD CA
611 PM PDT WED MAR 29 2017


...................................

...THE CAMARILLO CLIMATE SUMMARY FOR MARCH 29 2017...
VALID TODAY AS OF 0600 PM LOCAL TIME.

CLIMATE NORMAL PERIOD 1981 TO 2010
CLIMATE RECORD PERIOD 1948 TO 2017


WEATHER ITEM   OBSERVED TIME   RECORD YEAR NORMAL DEPARTURE LAST
                VALUE   (LST)  VALUE       VALUE  FROM      YEAR
                                                  NORMAL
..................................................................
TEMPERATURE (F)
 TODAY
  MAXIMUM         86   1025 AM  93    2004  67     19       65
  MINIMUM         50    537 AM  38    1998  48      2       42
  AVERAGE         68                        57     11       54

PRECIPITATION (IN)
  TODAY            0.00          0.78 1954   0.04  -0.04     0.00
  MONTH TO DATE    0.22                      2.60  -2.38     1.91
  SINCE OCT 1     19.23                     13.78   5.45     5.41
  SINCE JAN 1     14.57                      9.78   4.79     4.85

SNOWFALL (IN)
  TODAY            0.0
  MONTH TO DATE    0.0
  SINCE MAR 1      0.0
  SINCE JUL 1      0.0

DEGREE DAYS
 HEATING
  TODAY            0                         8     -8       11
  MONTH TO DATE  153                       261   -108      169
  SINCE MAR 1    153                       261   -108      169
  SINCE JUL 1   1141                      1597   -456      986

 COOLING
  TODAY            3                         0      3        0
  MONTH TO DATE    4                         0      4        1
  SINCE MAR 1      4                         0      4        1
  SINCE JAN 1      5                         9     -4       59
..................................................................


WIND (MPH)
  HIGHEST WIND SPEED    18   HIGHEST WIND DIRECTION     W (270)
  HIGHEST GUST SPEED    22   HIGHEST GUST DIRECTION     W (270)
  AVERAGE WIND SPEED     8.1


SKY COVER
  POSSIBLE SUNSHINE  MM
  AVERAGE SKY COVER 0.0


WEATHER CONDITIONS
 THE FOLLOWING WEATHER WAS RECORDED TODAY.
  NO SIGNIFICANT WEATHER WAS OBSERVED.


RELATIVE HUMIDITY (PERCENT)
 HIGHEST    63           200 AM
 LOWEST     14          1000 AM
 AVERAGE    39

..........................................................


THE CAMARILLO CLIMATE NORMALS FOR TOMORROW
                         NORMAL    RECORD    YEAR
 MAXIMUM TEMPERATURE (F)   67        90      2003
 MINIMUM TEMPERATURE (F)   48        32      1967


SUNRISE AND SUNSET
MARCH 29 2017.........SUNRISE   647 AM PDT   SUNSET   715 PM PDT
MARCH 30 2017.........SUNRISE   646 AM PDT   SUNSET   716 PM PDT


-  INDICATES NEGATIVE NUMBERS.
R  INDICATES RECORD WAS SET OR TIED.
MM INDICATES DATA IS MISSING.
T  INDICATES TRACE AMOUNT.




$$
