000
CDUS46 KLOX 210112
CLICMA


CLIMATE REPORT
NATIONAL WEATHER SERVICE LOS ANGELES/OXNARD CA
612 PM PDT WED SEP 20 2017


...................................

...THE CAMARILLO CLIMATE SUMMARY FOR SEPTEMBER 20 2017...
VALID TODAY AS OF 0600 PM LOCAL TIME.

CLIMATE NORMAL PERIOD 1981 TO 2010
CLIMATE RECORD PERIOD 1923 TO 2017


WEATHER ITEM   OBSERVED TIME   RECORD YEAR NORMAL DEPARTURE LAST
                VALUE   (LST)  VALUE       VALUE  FROM      YEAR
                                                  NORMAL
..................................................................
TEMPERATURE (F)
 TODAY
  MAXIMUM         79    141 PM  93    2015  76      3       86
  MINIMUM         57    603 AM  43    1954  57      0       65
                                      1933
                                      1926
  AVERAGE         68                        66      2       76

PRECIPITATION (IN)
  TODAY            0.00          0.02 2005   0.01  -0.01     0.00
  MONTH TO DATE    0.02                      0.09  -0.07      T
  SINCE OCT 1     19.46                     15.13   4.33     5.98
  SINCE JAN 1     14.80                     11.13   3.67     5.42

SNOWFALL (IN)
  TODAY            0.0
  MONTH TO DATE    0.0
  SINCE SEP 1      0.0
  SINCE JUL 1      0.0

DEGREE DAYS
 HEATING
  TODAY            0                         1     -1        0
  MONTH TO DATE    0                         2     -2        4
  SINCE SEP 1      0                         2     -2        4
  SINCE JUL 1      1                        17    -16        4

 COOLING
  TODAY            3                         2      1       11
  MONTH TO DATE  164                        53    111       50
  SINCE SEP 1    164                        53    111       50
  SINCE JAN 1    660                       265    395      515
..................................................................


WIND (MPH)
  HIGHEST WIND SPEED    14   HIGHEST WIND DIRECTION     W (260)
  HIGHEST GUST SPEED    17   HIGHEST GUST DIRECTION    SW (240)
  AVERAGE WIND SPEED     5.1


SKY COVER
  POSSIBLE SUNSHINE  MM
  AVERAGE SKY COVER 0.2


WEATHER CONDITIONS
 THE FOLLOWING WEATHER WAS RECORDED TODAY.
  NO SIGNIFICANT WEATHER WAS OBSERVED.


RELATIVE HUMIDITY (PERCENT)
 HIGHEST    86           400 AM
 LOWEST     50           300 PM
 AVERAGE    68

..........................................................


THE CAMARILLO CLIMATE NORMALS FOR TOMORROW
                         NORMAL    RECORD    YEAR
 MAXIMUM TEMPERATURE (F)   76       102      1939
 MINIMUM TEMPERATURE (F)   56        43      1941
                                             1925


SUNRISE AND SUNSET
SEPTEMBER 20 2017.....SUNRISE   643 AM PDT   SUNSET   655 PM PDT
SEPTEMBER 21 2017.....SUNRISE   644 AM PDT   SUNSET   654 PM PDT


-  INDICATES NEGATIVE NUMBERS.
R  INDICATES RECORD WAS SET OR TIED.
MM INDICATES DATA IS MISSING.
T  INDICATES TRACE AMOUNT.




$$
