000
CDUS46 KLOX 240112
CLICMA


CLIMATE REPORT
NATIONAL WEATHER SERVICE LOS ANGELES/OXNARD CA
612 PM PDT SAT JUL 23 2016


...................................

...THE CAMARILLO CLIMATE SUMMARY FOR JULY 23 2016...
VALID TODAY AS OF 0600 PM LOCAL TIME.

CLIMATE NORMAL PERIOD 1981 TO 2010
CLIMATE RECORD PERIOD 1948 TO 2016


WEATHER ITEM   OBSERVED TIME   RECORD YEAR NORMAL DEPARTURE LAST
                VALUE   (LST)  VALUE       VALUE  FROM      YEAR
                                                  NORMAL
..................................................................
TEMPERATURE (F)
 TODAY
  MAXIMUM         90    233 PM  91    2006  76     14       79
  MINIMUM         60    453 AM  53    2002  58      2       67
  AVERAGE         75                        67      8       73

PRECIPITATION (IN)
  TODAY            0.00          T    2006   0.00   0.00     0.00
  MONTH TO DATE    0.00                      0.02  -0.02     0.53
  SINCE OCT 1      5.98                     15.00  -9.02     8.96
  SINCE JAN 1      5.42                     11.00  -5.58     4.05

SNOWFALL (IN)
  TODAY            0.0
  MONTH TO DATE    0.0
  SINCE JUN 1      0.0
  SINCE JUL 1      0.0

DEGREE DAYS
 HEATING
  TODAY            0                         0      0        0
  MONTH TO DATE    0                         1     -1        0
  SINCE JUN 1     17                        44    -27        4
  SINCE JUL 1      0                         1     -1        0

 COOLING
  TODAY           10                         3      7        8
  MONTH TO DATE  109                        52     57      119
  SINCE JUN 1    178                        75    103      179
  SINCE JAN 1    249                       106    143      288
..................................................................


WIND (MPH)
  HIGHEST WIND SPEED    13   HIGHEST WIND DIRECTION    SW (230)
  HIGHEST GUST SPEED    17   HIGHEST GUST DIRECTION     W (250)
  AVERAGE WIND SPEED     4.8


SKY COVER
  POSSIBLE SUNSHINE  MM
  AVERAGE SKY COVER 0.0


WEATHER CONDITIONS
 THE FOLLOWING WEATHER WAS RECORDED TODAY.
  FOG
  HAZE


RELATIVE HUMIDITY (PERCENT)
 HIGHEST    84           500 AM
 LOWEST     34           200 PM
 AVERAGE    59

..........................................................


THE CAMARILLO CLIMATE NORMALS FOR TOMORROW
                         NORMAL    RECORD    YEAR
 MAXIMUM TEMPERATURE (F)   77        87      2014
 MINIMUM TEMPERATURE (F)   58        52      1949


SUNRISE AND SUNSET
JULY 23 2016..........SUNRISE   601 AM PDT   SUNSET   804 PM PDT
JULY 24 2016..........SUNRISE   602 AM PDT   SUNSET   803 PM PDT


-  INDICATES NEGATIVE NUMBERS.
R  INDICATES RECORD WAS SET OR TIED.
MM INDICATES DATA IS MISSING.
T  INDICATES TRACE AMOUNT.




$$
