603
CDUS46 KLOX 220857
CLICMA


CLIMATE REPORT
NATIONAL WEATHER SERVICE LOS ANGELES/OXNARD CA
157 AM PDT SAT JUL 22 2017


...................................

...THE CAMARILLO AIRPORT CA CLIMATE SUMMARY FOR JULY 21 2017...

CLIMATE NORMAL PERIOD 1981 TO 2010
CLIMATE RECORD PERIOD 1923 TO 2017


WEATHER ITEM   OBSERVED TIME   RECORD YEAR NORMAL DEPARTURE LAST
                VALUE   (LST)  VALUE       VALUE  FROM      YEAR
                                                  NORMAL
..................................................................
TEMPERATURE (F)
 YESTERDAY
  MAXIMUM         80    149 PM  92    1960  76      4       85
  MINIMUM         58    433 AM  45    1949  58      0       58
  AVERAGE         69                        67      2       72

PRECIPITATION (IN)
  YESTERDAY        0.00          T    2013   0.00   0.00     0.00
                                      1961
  MONTH TO DATE    T                         0.01  -0.01     0.00
  SINCE OCT 1     19.44                     14.99   4.45     5.98
  SINCE JAN 1     14.78                     10.99   3.79     5.42

SNOWFALL (IN)
  YESTERDAY        0.0
  MONTH TO DATE    0.0
  SINCE JUN 1      0.0
  SINCE JUL 1      0.0

DEGREE DAYS
 HEATING
  YESTERDAY        0                         0      0        0
  MONTH TO DATE    1                         1      0        0
  SINCE JUN 1     20                        44    -24       17
  SINCE JUL 1      1                         1      0        0

 COOLING
  YESTERDAY        4                         3      1        7
  MONTH TO DATE  126                        46     80       89
  SINCE JUN 1    184                        69    115      158
  SINCE JAN 1    225                       100    125      229
..................................................................


WIND (MPH)
  HIGHEST WIND SPEED    15   HIGHEST WIND DIRECTION     W (270)
  HIGHEST GUST SPEED    22   HIGHEST GUST DIRECTION    SW (220)
  AVERAGE WIND SPEED     4.6


SKY COVER
  POSSIBLE SUNSHINE  MM
  AVERAGE SKY COVER 0.1


WEATHER CONDITIONS
 THE FOLLOWING WEATHER WAS RECORDED YESTERDAY.
  HAZE


RELATIVE HUMIDITY (PERCENT)
 HIGHEST    93          1100 PM
 LOWEST     56           300 PM
 AVERAGE    75

..........................................................


THE CAMARILLO AIRPORT CA CLIMATE NORMALS FOR TODAY
                         NORMAL    RECORD    YEAR
 MAXIMUM TEMPERATURE (F)   76        89      2006
 MINIMUM TEMPERATURE (F)   58        47      1940


SUNRISE AND SUNSET
JULY 22 2017..........SUNRISE   601 AM PDT   SUNSET   805 PM PDT
JULY 23 2017..........SUNRISE   601 AM PDT   SUNSET   804 PM PDT


-  INDICATES NEGATIVE NUMBERS.
R  INDICATES RECORD WAS SET OR TIED.
MM INDICATES DATA IS MISSING.
T  INDICATES TRACE AMOUNT.




$$
