702
CDUS46 KLOX 270901
CLICMA


CLIMATE REPORT
NATIONAL WEATHER SERVICE LOS ANGELES/OXNARD CA
201 AM PDT TUE SEP 27 2016


...................................

...THE CAMARILLO AIRPORT CA CLIMATE SUMMARY FOR SEPTEMBER 26 2016...

CLIMATE NORMAL PERIOD 1981 TO 2010
CLIMATE RECORD PERIOD 1948 TO 2016


WEATHER ITEM   OBSERVED TIME   RECORD YEAR NORMAL DEPARTURE LAST
                VALUE   (LST)  VALUE       VALUE  FROM      YEAR
                                                  NORMAL
..................................................................
TEMPERATURE (F)
 YESTERDAY
  MAXIMUM        104R  1215 PM 101    1963  76     28       88
  MINIMUM         62    116 AM  44    1948  56      6       65
  AVERAGE         83                        66     17       77

PRECIPITATION (IN)
  YESTERDAY        0.00          0.70 1982   0.00   0.00     0.00
  MONTH TO DATE    T                         0.13  -0.13     0.36
  SINCE OCT 1      5.98                     15.17  -9.19     9.32
  SINCE JAN 1      5.42                     11.17  -5.75     4.41

SNOWFALL (IN)
  YESTERDAY        0.0
  MONTH TO DATE    0.0
  SINCE SEP 1      0.0
  SINCE JUL 1      0.0

DEGREE DAYS
 HEATING
  YESTERDAY        0                         1     -1        0
  MONTH TO DATE    4                         8     -4        0
  SINCE SEP 1      4                         8     -4        0
  SINCE JUL 1      4                        23    -19        0

 COOLING
  YESTERDAY       18                         2     16       12
  MONTH TO DATE  107                        65     42      271
  SINCE SEP 1    107                        65     42      271
  SINCE JAN 1    572                       277    295      876
..................................................................


WIND (MPH)
  HIGHEST WIND SPEED    17   HIGHEST WIND DIRECTION     W (260)
  HIGHEST GUST SPEED    21   HIGHEST GUST DIRECTION     E (70)
  AVERAGE WIND SPEED     7.1


SKY COVER
  POSSIBLE SUNSHINE  MM
  AVERAGE SKY COVER 0.0


WEATHER CONDITIONS
 THE FOLLOWING WEATHER WAS RECORDED YESTERDAY.
  NO SIGNIFICANT WEATHER WAS OBSERVED.


RELATIVE HUMIDITY (PERCENT)
 HIGHEST    56           100 AM
 LOWEST      9          1000 AM
 AVERAGE    33

..........................................................


THE CAMARILLO AIRPORT CA CLIMATE NORMALS FOR TODAY
                         NORMAL    RECORD    YEAR
 MAXIMUM TEMPERATURE (F)   76        98      2010
 MINIMUM TEMPERATURE (F)   55        44      1948


SUNRISE AND SUNSET
SEPTEMBER 27 2016.....SUNRISE   648 AM PDT   SUNSET   645 PM PDT
SEPTEMBER 28 2016.....SUNRISE   649 AM PDT   SUNSET   644 PM PDT


-  INDICATES NEGATIVE NUMBERS.
R  INDICATES RECORD WAS SET OR TIED.
MM INDICATES DATA IS MISSING.
T  INDICATES TRACE AMOUNT.




$$
