000
CDUS46 KLOX 250902
CLICMA


CLIMATE REPORT
NATIONAL WEATHER SERVICE LOS ANGELES/OXNARD CA
102 AM PST SAT FEB 25 2017


...................................

...THE CAMARILLO AIRPORT CA CLIMATE SUMMARY FOR FEBRUARY 24 2017...

CLIMATE NORMAL PERIOD 1981 TO 2010
CLIMATE RECORD PERIOD 1948 TO 2017


WEATHER ITEM   OBSERVED TIME   RECORD YEAR NORMAL DEPARTURE LAST
                VALUE   (LST)  VALUE       VALUE  FROM      YEAR
                                                  NORMAL
..................................................................
TEMPERATURE (F)
 YESTERDAY
  MAXIMUM         61    124 PM  84    2016  65     -4       84
  MINIMUM         35    636 AM  34    1964  43     -8       51
  AVERAGE         48                        54     -6       68

PRECIPITATION (IN)
  YESTERDAY        0.00          0.62 2003   0.16  -0.16     0.00
  MONTH TO DATE    5.92                      3.19   2.73     0.31
  SINCE OCT 1     18.83                     10.66   8.17     3.50
  SINCE JAN 1     14.17                      6.66   7.51     2.94

SNOWFALL (IN)
  YESTERDAY        0.0
  MONTH TO DATE    0.0
  SINCE DEC 1      0.0
  SINCE JUL 1      0.0

DEGREE DAYS
 HEATING
  YESTERDAY       17                        11      6        0
  MONTH TO DATE  182                       274    -92      105
  SINCE DEC 1    768                       961   -193      653
  SINCE JUL 1    931                      1293   -362      798

 COOLING
  YESTERDAY        0                         0      0        3
  MONTH TO DATE    0                         0      0       57
  SINCE DEC 1      6                         9     -3       61
  SINCE JAN 1      1                         7     -6       57
..................................................................


WIND (MPH)
  HIGHEST WIND SPEED    16   HIGHEST WIND DIRECTION     W (260)
  HIGHEST GUST SPEED    18   HIGHEST GUST DIRECTION     W (260)
  AVERAGE WIND SPEED     5.2


SKY COVER
  POSSIBLE SUNSHINE  MM
  AVERAGE SKY COVER 0.0


WEATHER CONDITIONS
 THE FOLLOWING WEATHER WAS RECORDED YESTERDAY.
  NO SIGNIFICANT WEATHER WAS OBSERVED.


RELATIVE HUMIDITY (PERCENT)
 HIGHEST    85           100 AM
 LOWEST     29          1200 PM
 AVERAGE    57

..........................................................


THE CAMARILLO AIRPORT CA CLIMATE NORMALS FOR TODAY
                         NORMAL    RECORD    YEAR
 MAXIMUM TEMPERATURE (F)   65        84      2016
 MINIMUM TEMPERATURE (F)   43        32      1960


SUNRISE AND SUNSET
FEBRUARY 25 2017......SUNRISE   630 AM PST   SUNSET   549 PM PST
FEBRUARY 26 2017......SUNRISE   628 AM PST   SUNSET   550 PM PST


-  INDICATES NEGATIVE NUMBERS.
R  INDICATES RECORD WAS SET OR TIED.
MM INDICATES DATA IS MISSING.
T  INDICATES TRACE AMOUNT.




$$
