000
CDUS46 KLOX 220910
CLICMA


CLIMATE REPORT
NATIONAL WEATHER SERVICE LOS ANGELES/OXNARD CA
210 AM PDT FRI AUG 22 2014


...................................

...THE CAMARILLO AIRPORT CA CLIMATE SUMMARY FOR AUGUST 21 2014...

CLIMATE NORMAL PERIOD 1981 TO 2010
CLIMATE RECORD PERIOD 1948 TO 2014


WEATHER ITEM   OBSERVED TIME   RECORD YEAR NORMAL DEPARTURE LAST
                VALUE   (LST)  VALUE       VALUE  FROM      YEAR
                                                  NORMAL
..................................................................
TEMPERATURE (F)
 YESTERDAY
  MAXIMUM         80    223 PM  83    1949  77      3       75
  MINIMUM         67   1159 PM  50    1953  59      8       58
  AVERAGE         74                        68      6       67

PRECIPITATION (IN)
  YESTERDAY        0.00          T    1962   0.00   0.00     0.00
  MONTH TO DATE    0.03                      0.02   0.01     0.00
  SINCE JUL 1      0.03                      0.04  -0.01     0.04
  SINCE JAN 1      4.22                     11.02  -6.80     2.19

SNOWFALL (IN)
  YESTERDAY        0.0
  MONTH TO DATE    0.0
  SINCE JUN 1      0.0
  SINCE JUL 1      0.0

DEGREE DAYS
 HEATING
  YESTERDAY        0                         0      0        0
  MONTH TO DATE    0                         0      0        1
  SINCE JUN 1     12                        53    -41        3
  SINCE JUL 1      0                        10    -10        3

 COOLING
  YESTERDAY        9                         3      6        2
  MONTH TO DATE  138                        63     75       40
  SINCE JUN 1    408                       157    251      303
  SINCE JAN 1    556                       188    368      409
..................................................................


WIND (MPH)
  HIGHEST WIND SPEED    14   HIGHEST WIND DIRECTION    SW (210)
  HIGHEST GUST SPEED    18   HIGHEST GUST DIRECTION    SW (210)
  AVERAGE WIND SPEED     4.4


SKY COVER
  POSSIBLE SUNSHINE  MM
  AVERAGE SKY COVER 0.0


WEATHER CONDITIONS
 THE FOLLOWING WEATHER WAS RECORDED YESTERDAY.
  NO SIGNIFICANT WEATHER WAS OBSERVED.


RELATIVE HUMIDITY (PERCENT)
 HIGHEST    78           400 AM
 LOWEST     52           200 PM
 AVERAGE    65

..........................................................


THE CAMARILLO AIRPORT CA CLIMATE NORMALS FOR TODAY
                         NORMAL    RECORD    YEAR
 MAXIMUM TEMPERATURE (F)   77        86      1972
 MINIMUM TEMPERATURE (F)   59        51      1968


SUNRISE AND SUNSET
AUGUST 22 2014........SUNRISE   623 AM PDT   SUNSET   735 PM PDT
AUGUST 23 2014........SUNRISE   623 AM PDT   SUNSET   734 PM PDT


-  INDICATES NEGATIVE NUMBERS.
R  INDICATES RECORD WAS SET OR TIED.
MM INDICATES DATA IS MISSING.
T  INDICATES TRACE AMOUNT.




$$
