000
CDUS46 KLOX 300120
CLICMA


CLIMATE REPORT
NATIONAL WEATHER SERVICE LOS ANGELES/OXNARD CA
619 PM PDT MON MAY 29 2017


...................................

...THE CAMARILLO CLIMATE SUMMARY FOR MAY 29 2017...
VALID TODAY AS OF 0600 PM LOCAL TIME.

CLIMATE NORMAL PERIOD 1981 TO 2010
CLIMATE RECORD PERIOD 1923 TO 2017


WEATHER ITEM   OBSERVED TIME   RECORD YEAR NORMAL DEPARTURE LAST
                VALUE   (LST)  VALUE       VALUE  FROM      YEAR
                                                  NORMAL
..................................................................
TEMPERATURE (F)
 TODAY
  MAXIMUM         70    132 PM  90    2010  71     -1       68
  MINIMUM         57    526 AM  37    1927  54      3       58
  AVERAGE         64                        63      1       63

PRECIPITATION (IN)
  TODAY            0.00          T    1971   0.00   0.00     0.00
                                      1966
                                      1955
  MONTH TO DATE    0.08                      0.31  -0.23      T
  SINCE OCT 1     19.44                     14.93   4.51     5.98
  SINCE JAN 1     14.78                     10.93   3.85     5.42

SNOWFALL (IN)
  TODAY            0.0
  MONTH TO DATE    0.0
  SINCE MAR 1      0.0
  SINCE JUL 1      0.0

DEGREE DAYS
 HEATING
  TODAY            1                         3     -2        2
  MONTH TO DATE   82                       118    -36       82
  SINCE MAR 1    341                       602   -261      376
  SINCE JUL 1   1329                      1938   -609     1193

 COOLING
  TODAY            0                         0      0        0
  MONTH TO DATE   20                         0     20        0
  SINCE MAR 1     40                        11     29       13
  SINCE JAN 1     41                        20     21       71
..................................................................


WIND (MPH)
  HIGHEST WIND SPEED    14   HIGHEST WIND DIRECTION    SW (230)
  HIGHEST GUST SPEED    19   HIGHEST GUST DIRECTION    SW (210)
  AVERAGE WIND SPEED     5.1


SKY COVER
  POSSIBLE SUNSHINE  MM
  AVERAGE SKY COVER 0.8


WEATHER CONDITIONS
 THE FOLLOWING WEATHER WAS RECORDED TODAY.
  FOG


RELATIVE HUMIDITY (PERCENT)
 HIGHEST    93           400 AM
 LOWEST     61           100 PM
 AVERAGE    77

..........................................................


THE CAMARILLO CLIMATE NORMALS FOR TOMORROW
                         NORMAL    RECORD    YEAR
 MAXIMUM TEMPERATURE (F)   71        86      1978
 MINIMUM TEMPERATURE (F)   54        38      1927


SUNRISE AND SUNSET
MAY 29 2017...........SUNRISE   547 AM PDT   SUNSET   801 PM PDT
MAY 30 2017...........SUNRISE   546 AM PDT   SUNSET   802 PM PDT


-  INDICATES NEGATIVE NUMBERS.
R  INDICATES RECORD WAS SET OR TIED.
MM INDICATES DATA IS MISSING.
T  INDICATES TRACE AMOUNT.




$$
