000
CDUS41 KILN 312052
CLICMH


CLIMATE REPORT
NATIONAL WEATHER SERVICE WILMINGTON OH
452 PM EDT TUE MAY 31 2016


...................................

...THE COLUMBUS OH CLIMATE SUMMARY FOR MAY 31 2016...
VALID TODAY AS OF 0400 PM LOCAL TIME.

CLIMATE NORMAL PERIOD 1981 TO 2010
CLIMATE RECORD PERIOD 1869 TO 2016


WEATHER ITEM   OBSERVED TIME   RECORD YEAR NORMAL DEPARTURE LAST
                VALUE   (LST)  VALUE       VALUE  FROM      YEAR
                                                  NORMAL
..................................................................
TEMPERATURE (F)
 TODAY
  MAXIMUM         87    227 PM  96    1895  77     10       75
  MINIMUM         61    452 AM  38    1984  57      4       50
  AVERAGE         74                        67      7       63

PRECIPITATION (IN)
  TODAY            0.00          2.07 1997   0.15  -0.15     0.15
  MONTH TO DATE    2.74                      4.17  -1.43     3.56
  SINCE MAR 1      9.32                     10.59  -1.27    11.57
  SINCE JAN 1     13.73                     15.57  -1.84    16.14

SNOWFALL (IN)
  TODAY            0.0           0.0    MM   0.0    0.0      0.0
  MONTH TO DATE    0.0                       T      0.0      0.0
  SINCE MAR 1      2.6                       5.3   -2.7      5.4
  SINCE JUL 1     17.1                      26.7   -9.6     33.4
  SNOW DEPTH       0

DEGREE DAYS
 HEATING
  TODAY            0                         2     -2        2
  MONTH TO DATE  202                       145     57       87
  SINCE MAR 1   1106                      1232   -126     1266
  SINCE JUL 1   4547                      5227   -680     5820

 COOLING
  TODAY            9                         4      5        0
  MONTH TO DATE   64                        70     -6      153
  SINCE MAR 1     65                        82    -17      153
  SINCE JAN 1     65                        82    -17      153
..................................................................


WIND (MPH)
  HIGHEST WIND SPEED    10   HIGHEST WIND DIRECTION     N (360)
  HIGHEST GUST SPEED    14   HIGHEST GUST DIRECTION     N (360)
  AVERAGE WIND SPEED     1.2


SKY COVER
  POSSIBLE SUNSHINE  MM
  AVERAGE SKY COVER 0.5


WEATHER CONDITIONS
 THE FOLLOWING WEATHER WAS RECORDED TODAY.
  NO SIGNIFICANT WEATHER WAS OBSERVED.


RELATIVE HUMIDITY (PERCENT)
 HIGHEST    97           500 AM
 LOWEST     37          1200 PM
 AVERAGE    67

..........................................................


THE COLUMBUS OH CLIMATE NORMALS FOR TOMORROW
                         NORMAL    RECORD    YEAR
 MAXIMUM TEMPERATURE (F)   78        96      1934
                                             1895
 MINIMUM TEMPERATURE (F)   57        41      1910
                                             1894


SUNRISE AND SUNSET
MAY 31 2016...........SUNRISE   605 AM EDT   SUNSET   854 PM EDT
JUNE  1 2016..........SUNRISE   605 AM EDT   SUNSET   855 PM EDT


-  INDICATES NEGATIVE NUMBERS.
R  INDICATES RECORD WAS SET OR TIED.
MM INDICATES DATA IS MISSING.
T  INDICATES TRACE AMOUNT.




$$
