000
CDUS41 KILN 130602 CCA
CLICMH

CLIMATE REPORT
NATIONAL WEATHER SERVICE WILMINGTON OH
1247 AM EST WED DEC 13 2017


...................................

...THE COLUMBUS OH CLIMATE SUMMARY FOR DECEMBER 12 2017...

CLIMATE NORMAL PERIOD 1981 TO 2010
CLIMATE RECORD PERIOD 1869 TO 2017


WEATHER ITEM   OBSERVED TIME   RECORD YEAR NORMAL DEPARTURE LAST
                VALUE   (LST)  VALUE       VALUE  FROM      YEAR
                                                  NORMAL
..................................................................
TEMPERATURE (F)
 YESTERDAY
  MAXIMUM         40    210 AM  68    2015  41     -1       40
  MINIMUM         19   1159 PM  -2    1962  28     -9       25
  AVERAGE         30                        34     -4       33

PRECIPITATION (IN)
  YESTERDAY        0.06          1.21 1911   0.10  -0.05     0.07
  MONTH TO DATE    0.64                      1.19  -0.55     0.96
  SINCE DEC 1      0.64                      1.19  -0.55     0.96
  SINCE JAN 1     45.49                     37.53   7.96    35.65

SNOWFALL (IN)
  YESTERDAY        1.2           2.9  2010   0.1    1.1      0.0
  MONTH TO DATE    2.7                       1.4    1.3      1.6
  SINCE DEC 1      2.7                       1.4    1.3      1.6
  SINCE JUL 1      2.7                       2.5    0.2      1.6
  SNOW DEPTH       T

DEGREE DAYS
 HEATING
  YESTERDAY       35                        31      4       32
  MONTH TO DATE  355                       346      9      380
  SINCE DEC 1    355                       346      9      380
  SINCE JUL 1   1274                      1360    -86     1146

 COOLING
  YESTERDAY        0                         0      0        0
  MONTH TO DATE    0                         0      0        0
  SINCE DEC 1      0                         0      0        0
  SINCE JAN 1   1095                      1024     71     1327
..................................................................


WIND (MPH)
  RESULTANT WIND SPEED  16   RESULTANT WIND DIRECTION  NW (300)
  HIGHEST WIND SPEED    30   HIGHEST WIND DIRECTION    NW (310)
  HIGHEST GUST SPEED    38   HIGHEST GUST DIRECTION    NW (320)
  AVERAGE WIND SPEED    16.9


SKY COVER
  POSSIBLE SUNSHINE  MM
  AVERAGE SKY COVER 0.9


WEATHER CONDITIONS
 THE FOLLOWING WEATHER WAS RECORDED YESTERDAY.
  SNOW
  LIGHT SNOW
  FOG


RELATIVE HUMIDITY (PERCENT)
 HIGHEST    89           500 AM
 LOWEST     46           200 PM
 AVERAGE    68

..........................................................


THE COLUMBUS OH CLIMATE NORMALS FOR TODAY
                         NORMAL    RECORD    YEAR
 MAXIMUM TEMPERATURE (F)   41        65      1901
 MINIMUM TEMPERATURE (F)   27        -7      1960


SUNRISE AND SUNSET
DECEMBER 13 2017......SUNRISE   745 AM EST   SUNSET   507 PM EST
DECEMBER 14 2017......SUNRISE   746 AM EST   SUNSET   507 PM EST


-  INDICATES NEGATIVE NUMBERS.
R  INDICATES RECORD WAS SET OR TIED.
MM INDICATES DATA IS MISSING.
T  INDICATES TRACE AMOUNT.




$$
