000
CDUS41 KILN 300617
CLICMH


CLIMATE REPORT
NATIONAL WEATHER SERVICE WILMINGTON OH
116 AM EST FRI JAN 30 2015


...................................

...THE COLUMBUS OH CLIMATE SUMMARY FOR JANUARY 29 2015...

CLIMATE NORMAL PERIOD 1981 TO 2010
CLIMATE RECORD PERIOD 1869 TO 2015


WEATHER ITEM   OBSERVED TIME   RECORD YEAR NORMAL DEPARTURE LAST
                VALUE   (LST)  VALUE       VALUE  FROM      YEAR
                                                  NORMAL
..................................................................
TEMPERATURE (F)
 YESTERDAY
  MAXIMUM         41    333 PM  67    2013  37      4       20
  MINIMUM         25    139 AM -13    1963  23      2       -9
  AVERAGE         33                        30      3        6

PRECIPITATION (IN)
  YESTERDAY        0.15          1.16 1969   0.08   0.07     0.00
  MONTH TO DATE    2.84                      2.56   0.28     2.39
  SINCE DEC 1      5.54                      5.53   0.01     6.69
  SINCE JAN 1      2.84                      2.56   0.28     2.39

SNOWFALL (IN)
  YESTERDAY        0.5           3.6  1925   0.3    0.2      0.0
  MONTH TO DATE    7.9                       8.6   -0.7     17.6
  SINCE DEC 1      7.9                      13.6   -5.7     30.3
  SINCE JUL 1     12.0                      14.7   -2.7     35.0
  SNOW DEPTH       2

DEGREE DAYS
 HEATING
  YESTERDAY       32                        35     -3       59
  MONTH TO DATE 1119                      1031     88     1227
  SINCE DEC 1   2012                      2008      4     2158
  SINCE JUL 1   3197                      3022    175     3220

 COOLING
  YESTERDAY        0                         0      0        0
  MONTH TO DATE    0                         0      0        0
  SINCE DEC 1      0                         0      0        0
  SINCE JAN 1      0                         0      0        0
..................................................................


WIND (MPH)
  RESULTANT WIND SPEED   5   RESULTANT WIND DIRECTION   S (200)
  HIGHEST WIND SPEED    28   HIGHEST WIND DIRECTION     W (290)
  HIGHEST GUST SPEED    35   HIGHEST GUST DIRECTION    NW (300)
  AVERAGE WIND SPEED    13.8


SKY COVER
  POSSIBLE SUNSHINE  MM
  AVERAGE SKY COVER 1.0


WEATHER CONDITIONS
 THE FOLLOWING WEATHER WAS RECORDED YESTERDAY.
  LIGHT RAIN
  LT FREEZING RAIN
  LIGHT SNOW
  FOG
  HAZE


RELATIVE HUMIDITY (PERCENT)
 HIGHEST    92           900 PM
 LOWEST     62          1200 AM
 AVERAGE    77

..........................................................


THE COLUMBUS OH CLIMATE NORMALS FOR TODAY
                         NORMAL    RECORD    YEAR
 MAXIMUM TEMPERATURE (F)   37        65      2013
 MINIMUM TEMPERATURE (F)   23        -5      1966


SUNRISE AND SUNSET
JANUARY 30 2015.......SUNRISE   742 AM EST   SUNSET   548 PM EST
JANUARY 31 2015.......SUNRISE   741 AM EST   SUNSET   549 PM EST


-  INDICATES NEGATIVE NUMBERS.
R  INDICATES RECORD WAS SET OR TIED.
MM INDICATES DATA IS MISSING.
T  INDICATES TRACE AMOUNT.




$$
