000
CDUS41 KILN 200539
CLICMH


CLIMATE REPORT
NATIONAL WEATHER SERVICE WILMINGTON OH
1239 AM EST SAT DEC 20 2014


...................................

...THE COLUMBUS OH CLIMATE SUMMARY FOR DECEMBER 19 2014...

CLIMATE NORMAL PERIOD 1981 TO 2010
CLIMATE RECORD PERIOD 1869 TO 2014


WEATHER ITEM   OBSERVED TIME   RECORD YEAR NORMAL DEPARTURE LAST
                VALUE   (LST)  VALUE       VALUE  FROM      YEAR
                                                  NORMAL
..................................................................
TEMPERATURE (F)
 YESTERDAY
  MAXIMUM         30   1058 PM  61    1895  39     -9       50
  MINIMUM         28    948 AM  -8    1884  26      2       30
  AVERAGE         29                        32     -3       40

PRECIPITATION (IN)
  YESTERDAY        T             1.74 2008   0.09  -0.09     0.00
  MONTH TO DATE    1.99                      1.82   0.17     1.73
  SINCE DEC 1      1.99                      1.82   0.17     1.73
  SINCE JAN 1     37.38                     38.16  -0.78    38.98

SNOWFALL (IN)
  YESTERDAY        T             4.3  1995   0.2   -0.2      0.0
  MONTH TO DATE    T                         2.6   -2.6     12.0
  SINCE DEC 1      T                         2.6   -2.6     12.0
  SINCE JUL 1      4.1                       3.7    0.4     16.7
  SNOW DEPTH       0

DEGREE DAYS
 HEATING
  YESTERDAY       36                        33      3       25
  MONTH TO DATE  544                       569    -25      616
  SINCE DEC 1    544                       569    -25      616
  SINCE JUL 1   1729                      1583    146     1678

 COOLING
  YESTERDAY        0                         0      0        0
  MONTH TO DATE    0                         0      0        0
  SINCE DEC 1      0                         0      0        0
  SINCE JAN 1   1163                      1024    139     1179
..................................................................


WIND (MPH)
  RESULTANT WIND SPEED   3   RESULTANT WIND DIRECTION  NW (310)
  HIGHEST WIND SPEED     9   HIGHEST WIND DIRECTION    NW (330)
  HIGHEST GUST SPEED    12   HIGHEST GUST DIRECTION    NW (300)
  AVERAGE WIND SPEED     3.4


SKY COVER
  POSSIBLE SUNSHINE  MM
  AVERAGE SKY COVER 1.0


WEATHER CONDITIONS
 THE FOLLOWING WEATHER WAS RECORDED YESTERDAY.
  LIGHT SNOW
  HAZE


RELATIVE HUMIDITY (PERCENT)
 HIGHEST    78          1200 PM
 LOWEST     69           300 PM
 AVERAGE    74

..........................................................


THE COLUMBUS OH CLIMATE NORMALS FOR TODAY
                         NORMAL    RECORD    YEAR
 MAXIMUM TEMPERATURE (F)   39        62      1895
 MINIMUM TEMPERATURE (F)   26       -10      1963


SUNRISE AND SUNSET
DECEMBER 20 2014......SUNRISE   749 AM EST   SUNSET   509 PM EST
DECEMBER 21 2014......SUNRISE   750 AM EST   SUNSET   510 PM EST


-  INDICATES NEGATIVE NUMBERS.
R  INDICATES RECORD WAS SET OR TIED.
MM INDICATES DATA IS MISSING.
T  INDICATES TRACE AMOUNT.




$$
