000
CDUS41 KILN 280534
CLICMH


CLIMATE REPORT
NATIONAL WEATHER SERVICE WILMINGTON OH
1233 AM EST SAT FEB 28 2015


...................................

...THE COLUMBUS OH CLIMATE SUMMARY FOR FEBRUARY 27 2015...

CLIMATE NORMAL PERIOD 1981 TO 2010
CLIMATE RECORD PERIOD 1869 TO 2015


WEATHER ITEM   OBSERVED TIME   RECORD YEAR NORMAL DEPARTURE LAST
                VALUE   (LST)  VALUE       VALUE  FROM      YEAR
                                                  NORMAL
..................................................................
TEMPERATURE (F)
 YESTERDAY
  MAXIMUM         18    435 PM  71    1996  44    -26       24
  MINIMUM          4    530 AM -11    1963  28    -24        9
  AVERAGE         11                        36    -25       17

PRECIPITATION (IN)
  YESTERDAY        T             1.47 1910   0.08  -0.08      T
  MONTH TO DATE    1.69                      2.17  -0.48     2.39
  SINCE DEC 1      7.26                      7.87  -0.61     9.09
  SINCE JAN 1      4.56                      4.90  -0.34     4.79

SNOWFALL (IN)
  YESTERDAY        T             6.4  1967   0.2   -0.2      0.1
  MONTH TO DATE   15.3                       5.9    9.4     15.9
  SINCE DEC 1     23.7                      20.1    3.6     46.3
  SINCE JUL 1     27.8                      21.2    6.6     51.0
  SNOW DEPTH       0

DEGREE DAYS
 HEATING
  YESTERDAY       54                        29     25       48
  MONTH TO DATE 1221                       874    347     1041
  SINCE DEC 1   3317                      2952    365     3276
  SINCE JUL 1   4502                      3966    536     4338

 COOLING
  YESTERDAY        0                         0      0        0
  MONTH TO DATE    0                         0      0        0
  SINCE DEC 1      0                         0      0        0
  SINCE JAN 1      0                         0      0        0
..................................................................


WIND (MPH)
  RESULTANT WIND SPEED   3   RESULTANT WIND DIRECTION  NW (320)
  HIGHEST WIND SPEED    12   HIGHEST WIND DIRECTION     W (270)
  HIGHEST GUST SPEED    15   HIGHEST GUST DIRECTION    NW (300)
  AVERAGE WIND SPEED     3.2


SKY COVER
  POSSIBLE SUNSHINE  MM
  AVERAGE SKY COVER 0.6


WEATHER CONDITIONS
 THE FOLLOWING WEATHER WAS RECORDED YESTERDAY.
  LIGHT SNOW
  FOG
  HAZE


RELATIVE HUMIDITY (PERCENT)
 HIGHEST    87           400 AM
 LOWEST     46           600 PM
 AVERAGE    67

..........................................................


THE COLUMBUS OH CLIMATE NORMALS FOR TODAY
                         NORMAL    RECORD    YEAR
 MAXIMUM TEMPERATURE (F)   45        65      1955
                                             1939
                                             1896
 MINIMUM TEMPERATURE (F)   28         2      1934


SUNRISE AND SUNSET
FEBRUARY 28 2015......SUNRISE   707 AM EST   SUNSET   622 PM EST
MARCH  1 2015.........SUNRISE   705 AM EST   SUNSET   623 PM EST


-  INDICATES NEGATIVE NUMBERS.
R  INDICATES RECORD WAS SET OR TIED.
MM INDICATES DATA IS MISSING.
T  INDICATES TRACE AMOUNT.




$$
