000
CDUS43 KILX 010634
CLICMI


CLIMATE REPORT
NATIONAL WEATHER SERVICE LINCOLN IL
133 AM CDT WED JUL 1 2015


...................................

...THE CHAMPAIGN IL AIRPORT CLIMATE SUMMARY FOR JUNE 30 2015...

CLIMATE NORMAL PERIOD 1981 TO 2010
CLIMATE RECORD PERIOD 9999 TO 9999


WEATHER ITEM   OBSERVED TIME   RECORD YEAR NORMAL DEPARTURE LAST
                VALUE   (LST)  VALUE       VALUE  FROM      YEAR
                                                  NORMAL
..................................................................
TEMPERATURE (F)
 YESTERDAY
  MAXIMUM         81    403 PM  MM      MM  85     -4       87
  MINIMUM         64   1159 PM  MM      MM  64      0       67
  AVERAGE         73                        74     -1       77

PRECIPITATION (IN)
  YESTERDAY        T            MM      MM   0.10  -0.10     1.69
  MONTH TO DATE    8.35                      4.17   4.18     6.34
  SINCE JUN 1      8.35                      4.17   4.18     6.34
  SINCE JAN 1     19.76                     19.33   0.43    20.88

DEGREE DAYS
 HEATING
  YESTERDAY        0                         0      0        0
  MONTH TO DATE    6                        14     -8        0
  SINCE JUN 1      6                        17    -11        0
  SINCE JUL 1   6173                      5823    350     6486

 COOLING
  YESTERDAY        8                         9     -1       12
  MONTH TO DATE  231                       223      8      281
  SINCE JUN 1    231                       223      8      281
  SINCE JAN 1    385                       315     70      433
..................................................................


WIND (MPH)
  HIGHEST WIND SPEED    13   HIGHEST WIND DIRECTION    NW (320)
  HIGHEST GUST SPEED    19   HIGHEST GUST DIRECTION     W (280)
  AVERAGE WIND SPEED     5.6


SKY COVER
  POSSIBLE SUNSHINE  MM
  AVERAGE SKY COVER 0.3


WEATHER CONDITIONS
 THE FOLLOWING WEATHER WAS RECORDED YESTERDAY.
  THUNDERSTORM
  LIGHT RAIN
  FOG


RELATIVE HUMIDITY (PERCENT)
 HIGHEST   100           600 AM
 LOWEST     62           200 PM
 AVERAGE    81

..........................................................


THE CHAMPAIGN IL AIRPORT CLIMATE NORMALS FOR TODAY
                         NORMAL    RECORD    YEAR
 MAXIMUM TEMPERATURE (F)   85        MM        MM
 MINIMUM TEMPERATURE (F)   64        MM        MM


SUNRISE AND SUNSET
JULY  1 2015..........SUNRISE   528 AM CDT   SUNSET   826 PM CDT
JULY  2 2015..........SUNRISE   528 AM CDT   SUNSET   826 PM CDT


-  INDICATES NEGATIVE NUMBERS.
R  INDICATES RECORD WAS SET OR TIED.
MM INDICATES DATA IS MISSING.
T  INDICATES TRACE AMOUNT.




$$
