000
CDUS43 KILX 232133
CLICMI


CLIMATE REPORT
NATIONAL WEATHER SERVICE LINCOLN IL
433 PM CDT WED APR 23 2014


...................................

...THE CHAMPAIGN IL AIRPORT CLIMATE SUMMARY FOR APRIL 23 2014...
VALID TODAY AS OF 0400 PM LOCAL TIME.

CLIMATE NORMAL PERIOD 1981 TO 2010
CLIMATE RECORD PERIOD 9999 TO 9999


WEATHER ITEM   OBSERVED TIME   RECORD YEAR NORMAL DEPARTURE LAST
                VALUE   (LST)  VALUE       VALUE  FROM      YEAR
                                                  NORMAL
..................................................................
TEMPERATURE (F)
 TODAY
  MAXIMUM         62    259 PM  MM      MM  67     -5       59
  MINIMUM         36    516 AM  MM      MM  42     -6       40
  AVERAGE         49                        55     -6       50

PRECIPITATION (IN)
  TODAY            0.00         MM      MM   0.13  -0.13     0.53
  MONTH TO DATE    1.74                      2.77  -1.03     5.79
  SINCE MAR 1      3.13                      5.52  -2.39     6.56
  SINCE JAN 1      5.88                      9.59  -3.71    11.62

DEGREE DAYS
 HEATING
  TODAY           16                        11      5       15
  MONTH TO DATE  319                       342    -23      347
  SINCE MAR 1   1242                      1098    144     1282
  SINCE JUL 1   6323                      5600    723     5443

 COOLING
  TODAY            0                         0      0        0
  MONTH TO DATE    3                         0      3        3
  SINCE MAR 1      3                         1      2        3
  SINCE JAN 1      3                         1      2        3
..................................................................


WIND (MPH)
  HIGHEST WIND SPEED    21   HIGHEST WIND DIRECTION    NE (50)
  HIGHEST GUST SPEED    26   HIGHEST GUST DIRECTION    NE (50)
  AVERAGE WIND SPEED     9.8


SKY COVER
  POSSIBLE SUNSHINE  MM
  AVERAGE SKY COVER 0.0


WEATHER CONDITIONS
 THE FOLLOWING WEATHER WAS RECORDED TODAY.
  NO SIGNIFICANT WEATHER WAS OBSERVED.


RELATIVE HUMIDITY (PERCENT)
 HIGHEST    70           300 AM
 LOWEST     25           300 PM
 AVERAGE    48

..........................................................


THE CHAMPAIGN IL AIRPORT CLIMATE NORMALS FOR TOMORROW
                         NORMAL    RECORD    YEAR
 MAXIMUM TEMPERATURE (F)   67        MM        MM
 MINIMUM TEMPERATURE (F)   43        MM        MM


SUNRISE AND SUNSET
APRIL 23 2014.........SUNRISE   604 AM CDT   SUNSET   740 PM CDT
APRIL 24 2014.........SUNRISE   602 AM CDT   SUNSET   741 PM CDT


-  INDICATES NEGATIVE NUMBERS.
R  INDICATES RECORD WAS SET OR TIED.
MM INDICATES DATA IS MISSING.
T  INDICATES TRACE AMOUNT.




$$
