436
CDUS43 KILX 210635
CLICMI


CLIMATE REPORT
NATIONAL WEATHER SERVICE LINCOLN IL
134 AM CDT SAT OCT 21 2017


...................................

...THE CHAMPAIGN IL AIRPORT CLIMATE SUMMARY FOR OCTOBER 20 2017...

CLIMATE NORMAL PERIOD 1981 TO 2010
CLIMATE RECORD PERIOD 9999 TO 9999


WEATHER ITEM   OBSERVED TIME   RECORD YEAR NORMAL DEPARTURE LAST
                VALUE   (LST)  VALUE       VALUE  FROM      YEAR
                                                  NORMAL
..................................................................
TEMPERATURE (F)
 YESTERDAY
  MAXIMUM         81    233 PM  MM      MM  64     17       62
  MINIMUM         49    502 AM  MM      MM  41      8       48
  AVERAGE         65                        52     13       55

PRECIPITATION (IN)
  YESTERDAY        0.00         MM      MM   0.11  -0.11     0.84
  MONTH TO DATE    4.66                      2.05   2.61     1.78
  SINCE SEP 1      5.36                      5.33   0.03     7.87
  SINCE JAN 1     27.46                     32.61  -5.15    32.37

DEGREE DAYS
 HEATING
  YESTERDAY        0                        13    -13       10
  MONTH TO DATE   55                       204   -149       61
  SINCE SEP 1     99                       287   -188       76
  SINCE JUL 1    103                       296   -193       84

 COOLING
  YESTERDAY        0                         0      0        0
  MONTH TO DATE   56                        14     42       47
  SINCE SEP 1    237                       112    125      245
  SINCE JAN 1   1125                       939    186     1266
..................................................................


WIND (MPH)
  HIGHEST WIND SPEED    18   HIGHEST WIND DIRECTION     S (160)
  HIGHEST GUST SPEED    23   HIGHEST GUST DIRECTION     S (180)
  AVERAGE WIND SPEED    10.3


SKY COVER
  POSSIBLE SUNSHINE  MM
  AVERAGE SKY COVER 0.0


WEATHER CONDITIONS
 THE FOLLOWING WEATHER WAS RECORDED YESTERDAY.
  NO SIGNIFICANT WEATHER WAS OBSERVED.


RELATIVE HUMIDITY (PERCENT)
 HIGHEST    86           500 AM
 LOWEST     26           200 PM
 AVERAGE    56

..........................................................


THE CHAMPAIGN IL AIRPORT CLIMATE NORMALS FOR TODAY
                         NORMAL    RECORD    YEAR
 MAXIMUM TEMPERATURE (F)   63        MM        MM
 MINIMUM TEMPERATURE (F)   41        MM        MM


SUNRISE AND SUNSET
OCTOBER 21 2017.......SUNRISE   710 AM CDT   SUNSET   605 PM CDT
OCTOBER 22 2017.......SUNRISE   711 AM CDT   SUNSET   603 PM CDT


-  INDICATES NEGATIVE NUMBERS.
R  INDICATES RECORD WAS SET OR TIED.
MM INDICATES DATA IS MISSING.
T  INDICATES TRACE AMOUNT.




$$
