000
CDUS43 KILX 240634
CLICMI


CLIMATE REPORT
NATIONAL WEATHER SERVICE LINCOLN IL
133 AM CDT THU AUG 24 2017


...................................

...THE CHAMPAIGN IL AIRPORT CLIMATE SUMMARY FOR AUGUST 23 2017...

CLIMATE NORMAL PERIOD 1981 TO 2010
CLIMATE RECORD PERIOD 9999 TO 9999


WEATHER ITEM   OBSERVED TIME   RECORD YEAR NORMAL DEPARTURE LAST
                VALUE   (LST)  VALUE       VALUE  FROM      YEAR
                                                  NORMAL
..................................................................
TEMPERATURE (F)
 YESTERDAY
  MAXIMUM         78    358 PM  MM      MM  83     -5       80
  MINIMUM         53    541 AM  MM      MM  61     -8       56
  AVERAGE         66                        72     -6       68

PRECIPITATION (IN)
  YESTERDAY        0.00         MM      MM   0.13  -0.13     0.00
  MONTH TO DATE    0.41                      2.48  -2.07     3.24
  SINCE JUN 1      5.21                     10.99  -5.78    13.24
  SINCE JAN 1     21.33                     26.15  -4.82    23.75

DEGREE DAYS
 HEATING
  YESTERDAY        0                         0      0        0
  MONTH TO DATE    4                         0      4        0
  SINCE JUN 1      7                        19    -12       10
  SINCE JUL 1      4                         2      2        8

 COOLING
  YESTERDAY        1                         7     -6        3
  MONTH TO DATE  148                       178    -30      226
  SINCE JUN 1    758                       683     75      824
  SINCE JAN 1    857                       775     82      924
..................................................................


WIND (MPH)
  HIGHEST WIND SPEED    13   HIGHEST WIND DIRECTION    NW (330)
  HIGHEST GUST SPEED    18   HIGHEST GUST DIRECTION    NW (330)
  AVERAGE WIND SPEED     5.8


SKY COVER
  POSSIBLE SUNSHINE  MM
  AVERAGE SKY COVER 0.1


WEATHER CONDITIONS
 THE FOLLOWING WEATHER WAS RECORDED YESTERDAY.
  NO SIGNIFICANT WEATHER WAS OBSERVED.


RELATIVE HUMIDITY (PERCENT)
 HIGHEST    93           100 AM
 LOWEST     36          1100 AM
 AVERAGE    65

..........................................................


THE CHAMPAIGN IL AIRPORT CLIMATE NORMALS FOR TODAY
                         NORMAL    RECORD    YEAR
 MAXIMUM TEMPERATURE (F)   83        MM        MM
 MINIMUM TEMPERATURE (F)   61        MM        MM


SUNRISE AND SUNSET
AUGUST 24 2017........SUNRISE   614 AM CDT   SUNSET   737 PM CDT
AUGUST 25 2017........SUNRISE   614 AM CDT   SUNSET   735 PM CDT


-  INDICATES NEGATIVE NUMBERS.
R  INDICATES RECORD WAS SET OR TIED.
MM INDICATES DATA IS MISSING.
T  INDICATES TRACE AMOUNT.




$$
