828
CDUS43 KILX 030651
CLICMI


CLIMATE REPORT
NATIONAL WEATHER SERVICE LINCOLN IL
151 AM CDT TUE MAY 3 2016


...................................

...THE CHAMPAIGN IL AIRPORT CLIMATE SUMMARY FOR MAY 2 2016...

CLIMATE NORMAL PERIOD 1981 TO 2010
CLIMATE RECORD PERIOD 9999 TO 9999


WEATHER ITEM   OBSERVED TIME   RECORD YEAR NORMAL DEPARTURE LAST
                VALUE   (LST)  VALUE       VALUE  FROM      YEAR
                                                  NORMAL
..................................................................
TEMPERATURE (F)
 YESTERDAY
  MAXIMUM         58   1229 PM  MM      MM  70    -12       78
  MINIMUM         44   1058 PM  MM      MM  46     -2       50
  AVERAGE         51                        58     -7       64

PRECIPITATION (IN)
  YESTERDAY        0.00         MM      MM   0.15  -0.15     0.00
  MONTH TO DATE    T                         0.31  -0.31     0.00
  SINCE MAR 1      6.32                      6.85  -0.53     4.15
  SINCE JAN 1      7.98                     10.92  -2.94     5.82

DEGREE DAYS
 HEATING
  YESTERDAY       14                         8      6        1
  MONTH TO DATE   20                        16      4       13
  SINCE MAR 1    939                      1178   -239     1214
  SINCE JUL 1   4626                      5680  -1054     6090

 COOLING
  YESTERDAY        0                         1     -1        0
  MONTH TO DATE    0                         2     -2        0
  SINCE MAR 1     14                        13      1        3
  SINCE JAN 1     14                        13      1        3
..................................................................


WIND (MPH)
  HIGHEST WIND SPEED    21   HIGHEST WIND DIRECTION     N (360)
  HIGHEST GUST SPEED    26   HIGHEST GUST DIRECTION     N (10)
  AVERAGE WIND SPEED     9.2


SKY COVER
  POSSIBLE SUNSHINE  MM
  AVERAGE SKY COVER 0.8


WEATHER CONDITIONS
 THE FOLLOWING WEATHER WAS RECORDED YESTERDAY.
  FOG


RELATIVE HUMIDITY (PERCENT)
 HIGHEST   100           600 AM
 LOWEST     71           700 PM
 AVERAGE    86

..........................................................


THE CHAMPAIGN IL AIRPORT CLIMATE NORMALS FOR TODAY
                         NORMAL    RECORD    YEAR
 MAXIMUM TEMPERATURE (F)   70        MM        MM
 MINIMUM TEMPERATURE (F)   46        MM        MM


SUNRISE AND SUNSET
MAY  3 2016...........SUNRISE   550 AM CDT   SUNSET   750 PM CDT
MAY  4 2016...........SUNRISE   549 AM CDT   SUNSET   751 PM CDT


-  INDICATES NEGATIVE NUMBERS.
R  INDICATES RECORD WAS SET OR TIED.
MM INDICATES DATA IS MISSING.
T  INDICATES TRACE AMOUNT.




$$
