000
CDUS43 KTOP 300632
CLICNK


CLIMATE REPORT
NATIONAL WEATHER SERVICE TOPEKA KS
132 AM CDT TUE SEP 30 2014


...................................

...THE CONCORDIA KS CLIMATE SUMMARY FOR SEPTEMBER 29 2014...

CLIMATE NORMAL PERIOD 1981 TO 2010
CLIMATE RECORD PERIOD 1885 TO 2014


WEATHER ITEM   OBSERVED TIME   RECORD YEAR NORMAL DEPARTURE LAST
                VALUE   (LST)  VALUE       VALUE  FROM      YEAR
                                                  NORMAL
..................................................................
TEMPERATURE (F)
 YESTERDAY
  MAXIMUM         83    335 PM  96    1994  74      9       77
  MINIMUM         59    623 AM  29    1984  50      9       48
  AVERAGE         71                        62      9       63

PRECIPITATION (IN)
  YESTERDAY        0.00          1.58 1941   0.09  -0.09     0.00
                                      1893
  MONTH TO DATE    2.48                      2.82  -0.34     1.13
  SINCE SEP 1      2.48                      2.82  -0.34     1.13
  SINCE JAN 1     23.14                     23.92  -0.78    24.70

SNOWFALL (IN)
  YESTERDAY        0.0           T    1985   0.0    0.0      0.0
  MONTH TO DATE    0.0                       0.0    0.0      0.0
  SINCE JAN 1     16.9                      13.7    3.2     20.3
  SINCE JUL 1      0.0                       0.0    0.0      0.0
  SNOW DEPTH       0

DEGREE DAYS
 HEATING
  YESTERDAY        0                         5     -5        2
  MONTH TO DATE   82                        65     17       14
  SINCE SEP 1     82                        65     17       14
  SINCE JUL 1     84                        68     16       21

 COOLING
  YESTERDAY        6                         2      4        0
  MONTH TO DATE  133                       157    -24      240
  SINCE SEP 1    133                       157    -24      240
  SINCE JAN 1   1342                      1323     19     1325
..................................................................


WIND (MPH)
  HIGHEST WIND SPEED    14   HIGHEST WIND DIRECTION     S (170)
  HIGHEST GUST SPEED    20   HIGHEST GUST DIRECTION     S (170)
  AVERAGE WIND SPEED     9.2


SKY COVER
  AVERAGE SKY COVER 0.0


WEATHER CONDITIONS
 THE FOLLOWING WEATHER WAS RECORDED YESTERDAY.
  NO SIGNIFICANT WEATHER WAS OBSERVED.


RELATIVE HUMIDITY (PERCENT)
 HIGHEST    90           700 AM
 LOWEST     40           300 PM
 AVERAGE    65

..........................................................


THE CONCORDIA KS CLIMATE NORMALS FOR TODAY
                         NORMAL    RECORD    YEAR
 MAXIMUM TEMPERATURE (F)   74        95      1994
 MINIMUM TEMPERATURE (F)   50        29      1895


SUNRISE AND SUNSET
SEPTEMBER 30 2014.....SUNRISE   726 AM CDT   SUNSET   715 PM CDT
OCTOBER  1 2014.......SUNRISE   727 AM CDT   SUNSET   713 PM CDT


-  INDICATES NEGATIVE NUMBERS.
R  INDICATES RECORD WAS SET OR TIED.
MM INDICATES DATA IS MISSING.
T  INDICATES TRACE AMOUNT.




$$
