000
CDUS43 KTOP 300633
CLICNK


CLIMATE REPORT
NATIONAL WEATHER SERVICE TOPEKA KS
132 AM CDT SAT APR 30 2016


...................................

...THE CONCORDIA KS CLIMATE SUMMARY FOR APRIL 29 2016...

CLIMATE NORMAL PERIOD 1981 TO 2010
CLIMATE RECORD PERIOD 1885 TO 2016


WEATHER ITEM   OBSERVED TIME   RECORD YEAR NORMAL DEPARTURE LAST
                VALUE   (LST)  VALUE       VALUE  FROM      YEAR
                                                  NORMAL
..................................................................
TEMPERATURE (F)
 YESTERDAY
  MAXIMUM         49    949 PM  96    1891  69    -20       73
  MINIMUM         45    305 PM  28    1903  46     -1       42
  AVERAGE         47                        58    -11       58

PRECIPITATION (IN)
  YESTERDAY        0.51          2.22 1903   0.10   0.41     0.00
  MONTH TO DATE    1.80                      2.35  -0.55     2.23
  SINCE MAR 1      2.25                      4.36  -2.11     2.34
  SINCE JAN 1      3.81                      5.73  -1.92     3.86

SNOWFALL (IN)
  YESTERDAY        0.0           T    1984   0.0    0.0      0.0
  MONTH TO DATE    0.0                       0.5   -0.5      0.0
  SINCE JAN 1     12.3                      13.7   -1.4      5.6
  SINCE JUL 1     13.6                      20.2   -6.6     11.7
  SNOW DEPTH       0

DEGREE DAYS
 HEATING
  YESTERDAY       18                         8     10        7
  MONTH TO DATE  252                       365   -113      282
  SINCE MAR 1    740                      1049   -309      829
  SINCE JUL 1   4211                      5256  -1045     5036

 COOLING
  YESTERDAY        0                         1     -1        0
  MONTH TO DATE    8                        14     -6        4
  SINCE MAR 1     11                        15     -4        8
  SINCE JAN 1     11                        15     -4        8
..................................................................


WIND (MPH)
  HIGHEST WIND SPEED    25   HIGHEST WIND DIRECTION    NE (60)
  HIGHEST GUST SPEED    33   HIGHEST GUST DIRECTION    NE (60)
  AVERAGE WIND SPEED    13.2


SKY COVER
  AVERAGE SKY COVER 1.0


WEATHER CONDITIONS
 THE FOLLOWING WEATHER WAS RECORDED YESTERDAY.
  THUNDERSTORM
  HEAVY RAIN
  RAIN
  LIGHT RAIN
  FOG
  HAZE


RELATIVE HUMIDITY (PERCENT)
 HIGHEST    93          1100 PM
 LOWEST     76           300 AM
 AVERAGE    85

..........................................................


THE CONCORDIA KS CLIMATE NORMALS FOR TODAY
                         NORMAL    RECORD    YEAR
 MAXIMUM TEMPERATURE (F)   69        92      1965
 MINIMUM TEMPERATURE (F)   47        22      1907


SUNRISE AND SUNSET
APRIL 30 2016.........SUNRISE   632 AM CDT   SUNSET   824 PM CDT
MAY  1 2016...........SUNRISE   631 AM CDT   SUNSET   825 PM CDT


-  INDICATES NEGATIVE NUMBERS.
R  INDICATES RECORD WAS SET OR TIED.
MM INDICATES DATA IS MISSING.
T  INDICATES TRACE AMOUNT.




$$
