000
CDUS43 KTOP 300636
CLICNK


CLIMATE REPORT
NATIONAL WEATHER SERVICE TOPEKA KS
135 AM CDT MON MAY 30 2016


...................................

...THE CONCORDIA KS CLIMATE SUMMARY FOR MAY 29 2016...

CLIMATE NORMAL PERIOD 1981 TO 2010
CLIMATE RECORD PERIOD 1885 TO 2016


WEATHER ITEM   OBSERVED TIME   RECORD YEAR NORMAL DEPARTURE LAST
                VALUE   (LST)  VALUE       VALUE  FROM      YEAR
                                                  NORMAL
..................................................................
TEMPERATURE (F)
 YESTERDAY
  MAXIMUM         85    253 PM 102    1913  78      7       79
  MINIMUM         58    510 AM  32    1947  56      2       54
  AVERAGE         72                        67      5       67

PRECIPITATION (IN)
  YESTERDAY        0.03          3.69 1903   0.14  -0.11     0.55
  MONTH TO DATE    8.05                      3.87   4.18     4.22
  SINCE MAR 1     10.40                      8.33   2.07     6.56
  SINCE JAN 1     11.96                      9.70   2.26     8.08

SNOWFALL (IN)
  YESTERDAY        0.0           T    1951   0.0    0.0      0.0
  MONTH TO DATE    0.0                       0.0    0.0      0.0
  SINCE JAN 1     12.3                      13.7   -1.4      5.6
  SINCE JUL 1     13.6                      20.2   -6.6     11.7
  SNOW DEPTH       0

DEGREE DAYS
 HEATING
  YESTERDAY        0                         2     -2        0
  MONTH TO DATE  139                       127     12      127
  SINCE MAR 1    893                      1184   -291      963
  SINCE JUL 1   4364                      5391  -1027     5170

 COOLING
  YESTERDAY        7                         4      3        2
  MONTH TO DATE   40                        62    -22       47
  SINCE MAR 1     51                        79    -28       55
  SINCE JAN 1     51                        79    -28       55
..................................................................


WIND (MPH)
  HIGHEST WIND SPEED    25   HIGHEST WIND DIRECTION     S (170)
  HIGHEST GUST SPEED    29   HIGHEST GUST DIRECTION     S (170)
  AVERAGE WIND SPEED     6.8


SKY COVER
  AVERAGE SKY COVER 0.1


WEATHER CONDITIONS
 THE FOLLOWING WEATHER WAS RECORDED YESTERDAY.
  THUNDERSTORM
  LIGHT RAIN
  FOG


RELATIVE HUMIDITY (PERCENT)
 HIGHEST    90           600 AM
 LOWEST     44           300 PM
 AVERAGE    67

..........................................................


THE CONCORDIA KS CLIMATE NORMALS FOR TODAY
                         NORMAL    RECORD    YEAR
 MAXIMUM TEMPERATURE (F)   79       102      1998
 MINIMUM TEMPERATURE (F)   57        39      1889


SUNRISE AND SUNSET
MAY 30 2016...........SUNRISE   606 AM CDT   SUNSET   851 PM CDT
MAY 31 2016...........SUNRISE   605 AM CDT   SUNSET   852 PM CDT


-  INDICATES NEGATIVE NUMBERS.
R  INDICATES RECORD WAS SET OR TIED.
MM INDICATES DATA IS MISSING.
T  INDICATES TRACE AMOUNT.




$$
