000
CDUS43 KICT 230627
CLICNU


CLIMATE REPORT
NATIONAL WEATHER SERVICE WICHITA KS
127 AM CDT MON OCT 23 2017


...................................

...THE CHANUTE KS CLIMATE SUMMARY FOR OCTOBER 22 2017...

CLIMATE NORMAL PERIOD 1981 TO 2010
CLIMATE RECORD PERIOD 1894 TO 2017


WEATHER ITEM   OBSERVED TIME   RECORD YEAR NORMAL DEPARTURE LAST
                VALUE   (LST)  VALUE       VALUE  FROM      YEAR
                                                  NORMAL
..................................................................
TEMPERATURE (F)
 YESTERDAY
  MAXIMUM         69    233 PM  88    1939  67      2       76
  MINIMUM         45   1111 PM  27    2006  45      0       45
  AVERAGE         57                        56      1       61

PRECIPITATION (IN)
  YESTERDAY        0.22          1.55 1957   0.11   0.11     0.00
  MONTH TO DATE    5.03                      2.79   2.24     3.10
  SINCE SEP 1      8.62                      6.46   2.16    10.01
  SINCE JAN 1     45.26                     36.95   8.31    35.24

DEGREE DAYS
 HEATING
  YESTERDAY        8                         9     -1        4
  MONTH TO DATE   67                       145    -78       77
  SINCE SEP 1     74                       191   -117       88
  SINCE JUL 1     74                       192   -118       88

 COOLING
  YESTERDAY        0                         1     -1        0
  MONTH TO DATE   79                        30     49       60
  SINCE SEP 1    309                       223     86      321
  SINCE JAN 1   1616                      1527     89     1802
..................................................................


WIND (MPH)
  HIGHEST WIND SPEED    17   HIGHEST WIND DIRECTION     N (340)
  HIGHEST GUST SPEED    23   HIGHEST GUST DIRECTION     N (340)
  AVERAGE WIND SPEED     8.5


SKY COVER
  POSSIBLE SUNSHINE  MM
  AVERAGE SKY COVER 0.1


WEATHER CONDITIONS
 THE FOLLOWING WEATHER WAS RECORDED YESTERDAY.
  THUNDERSTORM
  HEAVY RAIN
  RAIN
  LIGHT RAIN
  FOG


RELATIVE HUMIDITY (PERCENT)
 HIGHEST    96           200 AM
 LOWEST     32           300 PM
 AVERAGE    64

..........................................................


THE CHANUTE KS CLIMATE NORMALS FOR TODAY
                         NORMAL    RECORD    YEAR
 MAXIMUM TEMPERATURE (F)   67        92      1939
 MINIMUM TEMPERATURE (F)   45        21      1937


SUNRISE AND SUNSET
OCTOBER 23 2017.......SUNRISE   738 AM CDT   SUNSET   634 PM CDT
OCTOBER 24 2017.......SUNRISE   739 AM CDT   SUNSET   632 PM CDT


-  INDICATES NEGATIVE NUMBERS.
R  INDICATES RECORD WAS SET OR TIED.
MM INDICATES DATA IS MISSING.
T  INDICATES TRACE AMOUNT.




$$
