000
CDUS43 KICT 280621
CLICNU


CLIMATE REPORT
NATIONAL WEATHER SERVICE WICHITA KS
121 AM CDT THU MAY 28 2015


...................................

...THE CHANUTE KS CLIMATE SUMMARY FOR MAY 27 2015...

CLIMATE NORMAL PERIOD 1981 TO 2010
CLIMATE RECORD PERIOD 1894 TO 2015


WEATHER ITEM   OBSERVED TIME   RECORD YEAR NORMAL DEPARTURE LAST
                VALUE   (LST)  VALUE       VALUE  FROM      YEAR
                                                  NORMAL
..................................................................
TEMPERATURE (F)
 YESTERDAY
  MAXIMUM         83    422 PM  92    1927  79      4       80
  MINIMUM         59    402 AM  44    1961  59      0       60
  AVERAGE         71                        69      2       70

PRECIPITATION (IN)
  YESTERDAY        0.00          2.30 1916   0.22  -0.22     0.00
  MONTH TO DATE    9.73                      4.93   4.80     4.67
  SINCE MAR 1     14.81                     12.37   2.44     7.64
  SINCE JAN 1     16.12                     15.53   0.59     8.61

DEGREE DAYS
 HEATING
  YESTERDAY        0                         1     -1        0
  MONTH TO DATE   78                        72      6       97
  SINCE MAR 1    760                       902   -142     1070
  SINCE JUL 1   4450                      4474    -24     5090

 COOLING
  YESTERDAY        6                         5      1        5
  MONTH TO DATE   80                        80      0      141
  SINCE MAR 1    102                       111     -9      157
  SINCE JAN 1    102                       111     -9      157
..................................................................


WIND (MPH)
  HIGHEST WIND SPEED    12   HIGHEST WIND DIRECTION     E (100)
  HIGHEST GUST SPEED    20   HIGHEST GUST DIRECTION     E (70)
  AVERAGE WIND SPEED     5.6


SKY COVER
  POSSIBLE SUNSHINE  MM
  AVERAGE SKY COVER 0.1


WEATHER CONDITIONS
 THE FOLLOWING WEATHER WAS RECORDED YESTERDAY.
  FOG


RELATIVE HUMIDITY (PERCENT)
 HIGHEST   100          1200 AM
 LOWEST     54          1000 AM
 AVERAGE    77

..........................................................


THE CHANUTE KS CLIMATE NORMALS FOR TODAY
                         NORMAL    RECORD    YEAR
 MAXIMUM TEMPERATURE (F)   79        93      2012
                                             1966
 MINIMUM TEMPERATURE (F)   59        40      1947


SUNRISE AND SUNSET
MAY 28 2015...........SUNRISE   604 AM CDT   SUNSET   835 PM CDT
MAY 29 2015...........SUNRISE   603 AM CDT   SUNSET   836 PM CDT


-  INDICATES NEGATIVE NUMBERS.
R  INDICATES RECORD WAS SET OR TIED.
MM INDICATES DATA IS MISSING.
T  INDICATES TRACE AMOUNT.




$$
