000
CDUS43 KICT 280630
CLICNU


CLIMATE REPORT
NATIONAL WEATHER SERVICE WICHITA KS
1230 AM CST WED JAN 28 2015


...................................

...THE CHANUTE KS CLIMATE SUMMARY FOR JANUARY 27 2015...

CLIMATE NORMAL PERIOD 1981 TO 2010
CLIMATE RECORD PERIOD 1894 TO 2015


WEATHER ITEM   OBSERVED TIME   RECORD YEAR NORMAL DEPARTURE LAST
                VALUE   (LST)  VALUE       VALUE  FROM      YEAR
                                                  NORMAL
..................................................................
TEMPERATURE (F)
 YESTERDAY
  MAXIMUM         63    406 PM  70    1934  43     20       27
  MINIMUM         27    703 AM -10    1963  23      4       12
  AVERAGE         45                        33     12       20

PRECIPITATION (IN)
  YESTERDAY        0.00          1.09 1949   0.04  -0.04     0.00
  MONTH TO DATE    0.20                      1.07  -0.87     0.11
  SINCE DEC 1      2.57                      2.82  -0.25     0.27
  SINCE JAN 1      0.20                      1.07  -0.87     0.11

DEGREE DAYS
 HEATING
  YESTERDAY       20                        32    -12       45
  MONTH TO DATE  869                       884    -15      939
  SINCE DEC 1   1704                      1825   -121     1972
  SINCE JUL 1   2646                      2677    -31     2892

 COOLING
  YESTERDAY        0                         0      0        0
  MONTH TO DATE    0                         0      0        0
  SINCE DEC 1      0                         0      0        0
  SINCE JAN 1      0                         0      0        0
..................................................................


WIND (MPH)
  HIGHEST WIND SPEED    14   HIGHEST WIND DIRECTION     S (170)
  HIGHEST GUST SPEED    16   HIGHEST GUST DIRECTION     S (160)
  AVERAGE WIND SPEED     6.3


SKY COVER
  POSSIBLE SUNSHINE  MM
  AVERAGE SKY COVER 0.0


WEATHER CONDITIONS
 THE FOLLOWING WEATHER WAS RECORDED YESTERDAY.
  NO SIGNIFICANT WEATHER WAS OBSERVED.


RELATIVE HUMIDITY (PERCENT)
 HIGHEST    92           500 AM
 LOWEST     34           300 PM
 AVERAGE    63

..........................................................


THE CHANUTE KS CLIMATE NORMALS FOR TODAY
                         NORMAL    RECORD    YEAR
 MAXIMUM TEMPERATURE (F)   43        75      2013
 MINIMUM TEMPERATURE (F)   23        -9      1948


SUNRISE AND SUNSET
JANUARY 28 2015.......SUNRISE   729 AM CST   SUNSET   541 PM CST
JANUARY 29 2015.......SUNRISE   728 AM CST   SUNSET   542 PM CST


-  INDICATES NEGATIVE NUMBERS.
R  INDICATES RECORD WAS SET OR TIED.
MM INDICATES DATA IS MISSING.
T  INDICATES TRACE AMOUNT.




$$
