000
CDUS45 KGJT 290741
CLICNY


CLIMATE REPORT
NATIONAL WEATHER SERVICE GRAND JUNCTION CO
138 AM MDT FRI JUL 29 2016


...................................

...THE CANYONLANDS AIRPORT UT CLIMATE SUMMARY FOR JULY 28 2016...

CLIMATE NORMAL PERIOD 1981 TO 2010
CLIMATE RECORD PERIOD 9999 TO 9999


WEATHER ITEM   OBSERVED TIME   RECORD YEAR NORMAL DEPARTURE LAST
                VALUE   (LST)  VALUE       VALUE  FROM      YEAR
                                                  NORMAL
..................................................................
TEMPERATURE (F)
 YESTERDAY
  MAXIMUM        107    236 PM  MM      MM  96     11       92
  MINIMUM         63    536 AM  MM      MM  66     -3       61
  AVERAGE         85                        81      4       77

PRECIPITATION (IN)
  YESTERDAY        0.00         MM      MM   0.03  -0.03     0.00
  MONTH TO DATE    0.21                      0.74  -0.53     1.03
  SINCE JUN 1      0.66                      1.24  -0.58     2.58
  SINCE JAN 1      3.45                      4.44  -0.99     5.13

SNOWFALL (IN)
  YESTERDAY       MM            MM      MM  MM     MM       MM
  MONTH TO DATE   MM                        MM     MM       MM
  SINCE JUN 1     MM                        MM     MM       MM
  SINCE JUL 1     MM                        MM     MM       MM
  SNOW DEPTH      MM

DEGREE DAYS
 HEATING
  YESTERDAY        0                         0      0        0
  MONTH TO DATE    0                         0      0        0
  SINCE JUN 1      0                        17    -17        5
  SINCE JUL 1      0                         0      0        0

 COOLING
  YESTERDAY       20                        16      4       12
  MONTH TO DATE  484                       427     57      365
  SINCE JUN 1    966                       682    284      734
  SINCE JAN 1   1021                       746    275      762
..................................................................


WIND (MPH)
  HIGHEST WIND SPEED    20   HIGHEST WIND DIRECTION    NW (300)
  HIGHEST GUST SPEED    30   HIGHEST GUST DIRECTION    NW (310)
  AVERAGE WIND SPEED     4.2


SKY COVER
  POSSIBLE SUNSHINE  MM
  AVERAGE SKY COVER 0.0


WEATHER CONDITIONS
 THE FOLLOWING WEATHER WAS RECORDED YESTERDAY.
  NO SIGNIFICANT WEATHER WAS OBSERVED.


RELATIVE HUMIDITY (PERCENT)
 HIGHEST    19           500 AM
 LOWEST      6           200 PM
 AVERAGE    13

..........................................................


THE CANYONLANDS AIRPORT UT CLIMATE NORMALS FOR TODAY
                         NORMAL    RECORD    YEAR
 MAXIMUM TEMPERATURE (F)   96        MM        MM
 MINIMUM TEMPERATURE (F)   66        MM        MM


SUNRISE AND SUNSET
JULY 29 2016..........SUNRISE   618 AM MDT   SUNSET   832 PM MDT
JULY 30 2016..........SUNRISE   619 AM MDT   SUNSET   831 PM MDT


-  INDICATES NEGATIVE NUMBERS.
R  INDICATES RECORD WAS SET OR TIED.
MM INDICATES DATA IS MISSING.
T  INDICATES TRACE AMOUNT.




$$
