000
CDUS41 KGYX 280902
CLICON


CLIMATE REPORT
NATIONAL WEATHER SERVICE GRAY ME
402 AM EST SAT FEB 28 2015


...................................

...THE CONCORD NH CLIMATE SUMMARY FOR FEBRUARY 27 2015...

CLIMATE NORMAL PERIOD 1981 TO 2010
CLIMATE RECORD PERIOD 1868 TO 2015


WEATHER ITEM   OBSERVED TIME   RECORD YEAR NORMAL DEPARTURE LAST
                VALUE   (LST)  VALUE       VALUE  FROM      YEAR
                                                  NORMAL
..................................................................
TEMPERATURE (F)
 YESTERDAY
  MAXIMUM         23    453 PM  68    1880  38    -15       24
  MINIMUM         -2   1139 PM -16    1993  17    -19        0
                                      1963
  AVERAGE         11                        28    -17       12

PRECIPITATION (IN)
  YESTERDAY        0.00          0.78 1913   0.10  -0.10     0.01
  MONTH TO DATE    2.79                      2.52   0.27     4.11
  SINCE DEC 1     11.22                      8.42   2.80    10.71
  SINCE JAN 1      6.06                      5.22   0.84     7.32

SNOWFALL (IN)
  YESTERDAY        0.0           7.0  2011   0.4   -0.4      0.2
  MONTH TO DATE   42.6                      11.9   30.7     35.3
  SINCE DEC 1     71.4                      44.5   26.9     69.6
  SINCE JUL 1     84.3                      47.1   37.2     69.8
  SNOW DEPTH      23

DEGREE DAYS
 HEATING
  YESTERDAY       54                        37     17       53
  MONTH TO DATE 1420                      1100    320     1217
  SINCE DEC 1   3897                      3662    235     3897
  SINCE JUL 1   5401                      5222    179     5414

 COOLING
  YESTERDAY        0                         0      0        0
  MONTH TO DATE    0                         0      0        0
  SINCE DEC 1      0                         0      0        0
  SINCE JAN 1      0                         0      0        0
..................................................................


WIND (MPH)
  RESULTANT WIND SPEED   7   RESULTANT WIND DIRECTION  NW (310)
  HIGHEST WIND SPEED    16   HIGHEST WIND DIRECTION    NW (330)
  HIGHEST GUST SPEED    20   HIGHEST GUST DIRECTION     N (350)
  AVERAGE WIND SPEED     6.9


SKY COVER
  AVERAGE SKY COVER 0.3


WEATHER CONDITIONS
 THE FOLLOWING WEATHER WAS RECORDED YESTERDAY.
  NO SIGNIFICANT WEATHER WAS OBSERVED.


RELATIVE HUMIDITY (PERCENT)
 HIGHEST    75          1100 PM
 LOWEST     27           200 PM
 AVERAGE    51

..........................................................


THE CONCORD NH CLIMATE NORMALS FOR TODAY
                         NORMAL    RECORD    YEAR
 MAXIMUM TEMPERATURE (F)   38        65      1877
 MINIMUM TEMPERATURE (F)   17       -13      1920


SUNRISE AND SUNSET
FEBRUARY 28 2015......SUNRISE   624 AM EST   SUNSET   533 PM EST
MARCH  1 2015.........SUNRISE   623 AM EST   SUNSET   535 PM EST


-  INDICATES NEGATIVE NUMBERS.
R  INDICATES RECORD WAS SET OR TIED.
MM INDICATES DATA IS MISSING.
T  INDICATES TRACE AMOUNT.




$$
