000
CDUS41 KGYX 272041
CLICON


CLIMATE REPORT
NATIONAL WEATHER SERVICE GRAY ME
441 PM EDT THU AUG 27 2015


...................................

...THE CONCORD NH CLIMATE SUMMARY FOR AUGUST 27 2015...
VALID TODAY AS OF 0400 PM LOCAL TIME.

CLIMATE NORMAL PERIOD 1981 TO 2010
CLIMATE RECORD PERIOD 1868 TO 2015


WEATHER ITEM   OBSERVED TIME   RECORD YEAR NORMAL DEPARTURE LAST
                VALUE   (LST)  VALUE       VALUE  FROM      YEAR
                                                  NORMAL
..................................................................
TEMPERATURE (F)
 TODAY
  MAXIMUM         79    239 PM  96    1948  79      0       87
  MINIMUM         55    522 AM  36    1954  54      1       63
  AVERAGE         67                        67      0       75

PRECIPITATION (IN)
  TODAY            0.00          1.55 1927   0.10  -0.10     0.00
  MONTH TO DATE    5.56                      2.81   2.75     3.61
  SINCE JUN 1     12.89                     10.24   2.65    14.93
  SINCE JAN 1     23.34                     25.90  -2.56    32.67

SNOWFALL (IN)
  TODAY            0.0           0.0  2002   0.0    0.0      0.0
                                      2001
                                      2000
  MONTH TO DATE    0.0                       0.0    0.0      0.0
  SINCE JUN 1      0.0                       0.0    0.0      0.0
  SINCE JUL 1      0.0                       0.0    0.0      0.0
  SNOW DEPTH       0

DEGREE DAYS
 HEATING
  TODAY            0                         2     -2        0
  MONTH TO DATE    0                        24    -24       29
  SINCE JUN 1    103                       126    -23       85
  SINCE JUL 1      8                        41    -33       29

 COOLING
  TODAY            2                         3     -1       10
  MONTH TO DATE  163                       127     36       71
  SINCE JUN 1    422                       383     39      319
  SINCE JAN 1    488                       401     87      321
..................................................................


WIND (MPH)
  HIGHEST WIND SPEED    17   HIGHEST WIND DIRECTION     W (270)
  HIGHEST GUST SPEED    23   HIGHEST GUST DIRECTION     W (270)
  AVERAGE WIND SPEED     4.4


SKY COVER
  POSSIBLE SUNSHINE  MM
  AVERAGE SKY COVER 0.5


WEATHER CONDITIONS
 THE FOLLOWING WEATHER WAS RECORDED TODAY.
  NO SIGNIFICANT WEATHER WAS OBSERVED.


RELATIVE HUMIDITY (PERCENT)
 HIGHEST   100           500 AM
 LOWEST     30           200 PM
 AVERAGE    65

..........................................................


THE CONCORD NH CLIMATE NORMALS FOR TOMORROW
                         NORMAL    RECORD    YEAR
 MAXIMUM TEMPERATURE (F)   79        96      1977
 MINIMUM TEMPERATURE (F)   54        38      1986


SUNRISE AND SUNSET
AUGUST 27 2015........SUNRISE   604 AM EDT   SUNSET   730 PM EDT
AUGUST 28 2015........SUNRISE   605 AM EDT   SUNSET   728 PM EDT


-  INDICATES NEGATIVE NUMBERS.
R  INDICATES RECORD WAS SET OR TIED.
MM INDICATES DATA IS MISSING.
T  INDICATES TRACE AMOUNT.




$$
