000
CDUS41 KGYX 010807
CLICON


CLIMATE REPORT
NATIONAL WEATHER SERVICE GRAY ME
407 AM EDT SUN MAY 1 2016


...................................

...THE CONCORD NH CLIMATE SUMMARY FOR APRIL 30 2016...

CLIMATE NORMAL PERIOD 1981 TO 2010
CLIMATE RECORD PERIOD 1868 TO 2016


WEATHER ITEM   OBSERVED TIME   RECORD YEAR NORMAL DEPARTURE LAST
                VALUE   (LST)  VALUE       VALUE  FROM      YEAR
                                                  NORMAL
..................................................................
TEMPERATURE (F)
 YESTERDAY
  MAXIMUM         69    257 PM  86    2004  64      5       64
                                      1899
  MINIMUM         32    457 AM  22    1975  37     -5       46
  AVERAGE         51                        51      0       55

PRECIPITATION (IN)
  YESTERDAY        0.00          1.40 1915   0.12  -0.12     0.00
  MONTH TO DATE    1.65                      3.41  -1.76     2.26
  SINCE MAR 1      4.32                      6.68  -2.36     3.74
  SINCE JAN 1     10.07                     12.00  -1.93     9.80

SNOWFALL (IN)
  YESTERDAY        0.0           T    1874   0.0    0.0      0.0
  MONTH TO DATE    2.7                       2.8   -0.1      2.1
  SINCE MAR 1      5.0                      13.9   -8.9      7.9
  SINCE JUL 1     29.7                      61.4  -31.7     92.1
  SNOW DEPTH       0

DEGREE DAYS
 HEATING
  YESTERDAY       14                        15     -1       10
  MONTH TO DATE  626                       601     25      609
  SINCE MAR 1   1408                      1587   -179     1757
  SINCE JUL 1   5757                      6847  -1090     7211

 COOLING
  YESTERDAY        0                         0      0        0
  MONTH TO DATE    0                         2     -2        0
  SINCE MAR 1      0                         2     -2        0
  SINCE JAN 1      0                         2     -2        0
..................................................................


WIND (MPH)
  RESULTANT WIND SPEED   3   RESULTANT WIND DIRECTION   E (110)
  HIGHEST WIND SPEED    16   HIGHEST WIND DIRECTION     S (160)
  HIGHEST GUST SPEED    22   HIGHEST GUST DIRECTION     S (160)
  AVERAGE WIND SPEED     3.6


SKY COVER
  AVERAGE SKY COVER 0.1


WEATHER CONDITIONS
 THE FOLLOWING WEATHER WAS RECORDED YESTERDAY.
  NO SIGNIFICANT WEATHER WAS OBSERVED.


RELATIVE HUMIDITY (PERCENT)
 HIGHEST    85           600 AM
 LOWEST     26           300 PM
 AVERAGE    56

..........................................................


THE CONCORD NH CLIMATE NORMALS FOR TODAY
                         NORMAL    RECORD    YEAR
 MAXIMUM TEMPERATURE (F)   64        88      1970
 MINIMUM TEMPERATURE (F)   38        24      2008


SUNRISE AND SUNSET
MAY  1 2016...........SUNRISE   539 AM EDT   SUNSET   748 PM EDT
MAY  2 2016...........SUNRISE   537 AM EDT   SUNSET   749 PM EDT


-  INDICATES NEGATIVE NUMBERS.
R  INDICATES RECORD WAS SET OR TIED.
MM INDICATES DATA IS MISSING.
T  INDICATES TRACE AMOUNT.




$$
