000
CDUS41 KGYX 240803
CLICON


CLIMATE REPORT
NATIONAL WEATHER SERVICE GRAY ME
403 AM EDT TUE MAY 24 2016


...................................

...THE CONCORD NH CLIMATE SUMMARY FOR MAY 23 2016...

CLIMATE NORMAL PERIOD 1981 TO 2010
CLIMATE RECORD PERIOD 1868 TO 2016


WEATHER ITEM   OBSERVED TIME   RECORD YEAR NORMAL DEPARTURE LAST
                VALUE   (LST)  VALUE       VALUE  FROM      YEAR
                                                  NORMAL
..................................................................
TEMPERATURE (F)
 YESTERDAY
  MAXIMUM         84    239 PM  95    1975  71     13       64
  MINIMUM         44    449 AM  31    2002  45     -1       39
                                      1907
  AVERAGE         64                        58      6       52

PRECIPITATION (IN)
  YESTERDAY        0.00          0.96 2014   0.12  -0.12     0.00
  MONTH TO DATE    1.78                      2.64  -0.86     0.04
  SINCE MAR 1      6.10                      9.32  -3.22     3.78
  SINCE JAN 1     11.85                     14.64  -2.79     9.84

SNOWFALL (IN)
  YESTERDAY        0.0           0.0  2002   0.0    0.0      0.0
                                      2001
                                      2000
  MONTH TO DATE    0.0                       0.2   -0.2      0.0
  SINCE MAR 1      5.0                      14.1   -9.1      7.9
  SINCE JUL 1     29.7                      61.6  -31.9     92.1
  SNOW DEPTH       0

DEGREE DAYS
 HEATING
  YESTERDAY        1                         8     -7       13
  MONTH TO DATE  255                       250      5      150
  SINCE MAR 1   1663                      1837   -174     1907
  SINCE JUL 1   6012                      7097  -1085     7361

 COOLING
  YESTERDAY        0                         1     -1        0
  MONTH TO DATE    0                         6     -6       18
  SINCE MAR 1      0                         8     -8       18
  SINCE JAN 1      0                         8     -8       18
..................................................................


WIND (MPH)
  RESULTANT WIND SPEED   3   RESULTANT WIND DIRECTION   E (80)
  HIGHEST WIND SPEED    15   HIGHEST WIND DIRECTION    NE (40)
  HIGHEST GUST SPEED    27   HIGHEST GUST DIRECTION    NE (30)
  AVERAGE WIND SPEED     4.2


SKY COVER
  AVERAGE SKY COVER 0.3


WEATHER CONDITIONS
 THE FOLLOWING WEATHER WAS RECORDED YESTERDAY.
  FOG


RELATIVE HUMIDITY (PERCENT)
 HIGHEST    93           300 AM
 LOWEST     18           200 PM
 AVERAGE    56

..........................................................


THE CONCORD NH CLIMATE NORMALS FOR TODAY
                         NORMAL    RECORD    YEAR
 MAXIMUM TEMPERATURE (F)   71        91      2007
                                             1991
                                             1977
 MINIMUM TEMPERATURE (F)   45        29      1971
                                             1965


SUNRISE AND SUNSET
MAY 24 2016...........SUNRISE   514 AM EDT   SUNSET   813 PM EDT
MAY 25 2016...........SUNRISE   513 AM EDT   SUNSET   814 PM EDT


-  INDICATES NEGATIVE NUMBERS.
R  INDICATES RECORD WAS SET OR TIED.
MM INDICATES DATA IS MISSING.
T  INDICATES TRACE AMOUNT.




$$
