000
CDUS41 KGYX 180811
CLICON


CLIMATE REPORT
NATIONAL WEATHER SERVICE GRAY ME
410 AM EDT THU SEP 18 2014


...................................

...THE CONCORD NH CLIMATE SUMMARY FOR SEPTEMBER 17 2014...

CLIMATE NORMAL PERIOD 1981 TO 2010
CLIMATE RECORD PERIOD 1868 TO 2014


WEATHER ITEM   OBSERVED TIME   RECORD YEAR NORMAL DEPARTURE LAST
                VALUE   (LST)  VALUE       VALUE  FROM      YEAR
                                                  NORMAL
..................................................................
TEMPERATURE (F)
 YESTERDAY
  MAXIMUM         69    307 PM  89    1915  72     -3       65
  MINIMUM         43   1155 PM  28    1948  47     -4       31
  AVERAGE         56                        60     -4       48

PRECIPITATION (IN)
  YESTERDAY        0.00          2.09 1934   0.12  -0.12     0.00
  MONTH TO DATE    0.39                      1.79  -1.40     4.16
  SINCE SEP 1      0.39                      1.79  -1.40     4.16
  SINCE JAN 1     33.27                     28.06   5.21    32.45

SNOWFALL (IN)
  YESTERDAY        0.0           0.0  2002   0.0    0.0      0.0
                                      2001
                                      2000
  MONTH TO DATE    0.0                       0.0    0.0      0.0
  SINCE SEP 1      0.0                       0.0    0.0      0.0
  SINCE JUL 1      0.0                       0.0    0.0      0.0
  SNOW DEPTH       0

DEGREE DAYS
 HEATING
  YESTERDAY        9                         6      3       17
  MONTH TO DATE   87                        70     17       95
  SINCE SEP 1     87                        70     17       95
  SINCE JUL 1    119                       118      1      125

 COOLING
  YESTERDAY        0                         1     -1        0
  MONTH TO DATE   46                        30     16       46
  SINCE SEP 1     46                        30     16       46
  SINCE JAN 1    377                       443    -66      537
..................................................................


WIND (MPH)
  RESULTANT WIND SPEED   0   RESULTANT WIND DIRECTION   E (70)
  HIGHEST WIND SPEED    14   HIGHEST WIND DIRECTION     W (250)
  HIGHEST GUST SPEED    21   HIGHEST GUST DIRECTION     W (250)
  AVERAGE WIND SPEED     1.3


SKY COVER
  AVERAGE SKY COVER 0.6


WEATHER CONDITIONS
 THE FOLLOWING WEATHER WAS RECORDED YESTERDAY.
  FOG
  FOG W/VISIBILITY <= 1/4 MILE


RELATIVE HUMIDITY (PERCENT)
 HIGHEST   100          1200 AM
 LOWEST     37           400 PM
 AVERAGE    69

..........................................................


THE CONCORD NH CLIMATE NORMALS FOR TODAY
                         NORMAL    RECORD    YEAR
 MAXIMUM TEMPERATURE (F)   72        91      1955
 MINIMUM TEMPERATURE (F)   47        29      1868


SUNRISE AND SUNSET
SEPTEMBER 18 2014.....SUNRISE   629 AM EDT   SUNSET   651 PM EDT
SEPTEMBER 19 2014.....SUNRISE   630 AM EDT   SUNSET   649 PM EDT


-  INDICATES NEGATIVE NUMBERS.
R  INDICATES RECORD WAS SET OR TIED.
MM INDICATES DATA IS MISSING.
T  INDICATES TRACE AMOUNT.




$$
