000
CDUS41 KGYX 200838
CLICON


CLIMATE REPORT
NATIONAL WEATHER SERVICE GRAY ME
438 AM EDT SUN AUG 20 2017


...................................

...THE CONCORD NH CLIMATE SUMMARY FOR AUGUST 19 2017...

CLIMATE NORMAL PERIOD 1981 TO 2010
CLIMATE RECORD PERIOD 1868 TO 2017


WEATHER ITEM   OBSERVED TIME   RECORD YEAR NORMAL DEPARTURE LAST
                VALUE   (LST)  VALUE       VALUE  FROM      YEAR
                                                  NORMAL
..................................................................
TEMPERATURE (F)
 YESTERDAY
  MAXIMUM         87    343 PM  94    1870  81      6       89
  MINIMUM         63   1159 PM  38    1968  56      7       61
  AVERAGE         75                        68      7       75

PRECIPITATION (IN)
  YESTERDAY        0.00          3.84 1991   0.10  -0.10     0.00
  MONTH TO DATE    2.61                      2.05   0.56     0.95
  SINCE JUN 1      8.97                      9.48  -0.51     4.54
  SINCE JAN 1     28.04                     25.14   2.90    17.24

SNOWFALL (IN)
  YESTERDAY        0.0           0.0  2002   0.0    0.0      0.0
                                      2001
                                      2000
  MONTH TO DATE    0.0                       0.0    0.0      0.0
  SINCE JUN 1      0.0                       0.0    0.0      0.0
  SINCE JUL 1      0.0                       0.0    0.0      0.0
  SNOW DEPTH       0

DEGREE DAYS
 HEATING
  YESTERDAY        0                         1     -1        0
  MONTH TO DATE    3                        14    -11        0
  SINCE JUN 1     97                       116    -19       53
  SINCE JUL 1     18                        31    -13       11

 COOLING
  YESTERDAY       10                         4      6       10
  MONTH TO DATE   91                        96     -5      173
  SINCE JUN 1    390                       352     38      505
  SINCE JAN 1    422                       370     52      545
..................................................................


WIND (MPH)
  RESULTANT WIND SPEED   2   RESULTANT WIND DIRECTION   W (260)
  HIGHEST WIND SPEED    15   HIGHEST WIND DIRECTION     W (250)
  HIGHEST GUST SPEED    21   HIGHEST GUST DIRECTION     W (250)
  AVERAGE WIND SPEED     3.8


SKY COVER
  AVERAGE SKY COVER 0.5


WEATHER CONDITIONS
 THE FOLLOWING WEATHER WAS RECORDED YESTERDAY.
  FOG


RELATIVE HUMIDITY (PERCENT)
 HIGHEST   100          1200 AM
 LOWEST     40           300 PM
 AVERAGE    70

..........................................................


THE CONCORD NH CLIMATE NORMALS FOR TODAY
                         NORMAL    RECORD    YEAR
 MAXIMUM TEMPERATURE (F)   81        94      1983
 MINIMUM TEMPERATURE (F)   56        38      1975


SUNRISE AND SUNSET
AUGUST 20 2017........SUNRISE   557 AM EDT   SUNSET   741 PM EDT
AUGUST 21 2017........SUNRISE   558 AM EDT   SUNSET   739 PM EDT


-  INDICATES NEGATIVE NUMBERS.
R  INDICATES RECORD WAS SET OR TIED.
MM INDICATES DATA IS MISSING.
T  INDICATES TRACE AMOUNT.




$$
