000
CDUS41 KGYX 210752
CLICON


CLIMATE REPORT
NATIONAL WEATHER SERVICE GRAY ME
351 AM EDT SAT OCT 21 2017


...................................

...THE CONCORD NH CLIMATE SUMMARY FOR OCTOBER 20 2017...

CLIMATE NORMAL PERIOD 1981 TO 2010
CLIMATE RECORD PERIOD 1868 TO 2017


WEATHER ITEM   OBSERVED TIME   RECORD YEAR NORMAL DEPARTURE LAST
                VALUE   (LST)  VALUE       VALUE  FROM      YEAR
                                                  NORMAL
..................................................................
TEMPERATURE (F)
 YESTERDAY
  MAXIMUM         70    235 PM  77    1916  59     11       66
                                      1884
  MINIMUM         45   1159 PM  12    1972  34     11       37
  AVERAGE         58                        47     11       52

PRECIPITATION (IN)
  YESTERDAY        0.00          3.53 1996   0.13  -0.13     0.03
  MONTH TO DATE    0.88                      2.62  -1.74     1.05
  SINCE SEP 1      3.94                      6.00  -2.06     3.99
  SINCE JAN 1     32.46                     32.27   0.19    22.17

SNOWFALL (IN)
  YESTERDAY        0.0           0.7  1926   0.0    0.0      0.0
  MONTH TO DATE    0.0                       0.0    0.0      0.0
  SINCE SEP 1      0.0                       0.0    0.0      0.0
  SINCE JUL 1      0.0                       0.0    0.0      0.0
  SNOW DEPTH       0

DEGREE DAYS
 HEATING
  YESTERDAY        7                        18    -11       13
  MONTH TO DATE  159                       302   -143      216
  SINCE SEP 1    247                       489   -242      318
  SINCE JUL 1    300                       537   -237      330

 COOLING
  YESTERDAY        0                         0      0        0
  MONTH TO DATE   11                         0     11        0
  SINCE SEP 1    116                        37     79       91
  SINCE JAN 1    561                       450    111      715
..................................................................


WIND (MPH)
  RESULTANT WIND SPEED   6   RESULTANT WIND DIRECTION  NW (300)
  HIGHEST WIND SPEED    22   HIGHEST WIND DIRECTION     W (290)
  HIGHEST GUST SPEED    29   HIGHEST GUST DIRECTION    NW (330)
  AVERAGE WIND SPEED     6.9


SKY COVER
  AVERAGE SKY COVER 0.0


WEATHER CONDITIONS
 THE FOLLOWING WEATHER WAS RECORDED YESTERDAY.
  NO SIGNIFICANT WEATHER WAS OBSERVED.


RELATIVE HUMIDITY (PERCENT)
 HIGHEST    66           200 AM
 LOWEST     26           300 PM
 AVERAGE    46

..........................................................


THE CONCORD NH CLIMATE NORMALS FOR TODAY
                         NORMAL    RECORD    YEAR
 MAXIMUM TEMPERATURE (F)   59        81      1920
 MINIMUM TEMPERATURE (F)   34        10      1972


SUNRISE AND SUNSET
OCTOBER 21 2017.......SUNRISE   707 AM EDT   SUNSET   553 PM EDT
OCTOBER 22 2017.......SUNRISE   709 AM EDT   SUNSET   552 PM EDT


-  INDICATES NEGATIVE NUMBERS.
R  INDICATES RECORD WAS SET OR TIED.
MM INDICATES DATA IS MISSING.
T  INDICATES TRACE AMOUNT.




$$
