000
CDUS45 KPUB 311037
CLICOS


CLIMATE REPORT
NATIONAL WEATHER SERVICE PUEBLO
437 AM MDT THU JUL 31 2014


...................................

...THE COLORADO SPRINGS CO CLIMATE SUMMARY FOR JULY 30 2014...

CLIMATE NORMAL PERIOD 1981 TO 2010
CLIMATE RECORD PERIOD 1872 TO 2014


WEATHER ITEM   OBSERVED TIME   RECORD YEAR NORMAL DEPARTURE LAST
                VALUE   (LST)  VALUE       VALUE  FROM      YEAR
                                                  NORMAL
..................................................................
TEMPERATURE (F)
 YESTERDAY
  MAXIMUM         62   1129 AM  96    2006  84    -22       86
  MINIMUM         56   1159 PM  48    2009  57     -1       54
  AVERAGE         59                        71    -12       70

PRECIPITATION (IN)
  YESTERDAY        0.80          2.34 1930   0.11   0.69     0.04
  MONTH TO DATE    4.52                      2.73   1.79     4.55
  SINCE JUN 1      5.81                      5.23   0.58     5.15
  SINCE JAN 1     10.60                     10.34   0.26     7.88

SNOWFALL (IN)
  YESTERDAY        0.0           0.0  2002   0.0    0.0      0.0
                                      2001
  MONTH TO DATE    T                         0.0    0.0       T
  SINCE JUN 1      T                         0.0    0.0       T
  SINCE JUL 1      T                         0.0    0.0       T
  SNOW DEPTH       0

DEGREE DAYS
 HEATING
  YESTERDAY        6                         0      6        0
  MONTH TO DATE   20                         3     17        5
  SINCE JUN 1     59                        82    -23       30
  SINCE JUL 1     20                         3     17        5

 COOLING
  YESTERDAY        0                         6     -6        5
  MONTH TO DATE  194                       183     11      199
  SINCE JUN 1    298                       266     32      381
  SINCE JAN 1    311                       276     35      403
..................................................................


WIND (MPH)
  HIGHEST WIND SPEED    15   HIGHEST WIND DIRECTION     E (80)
  HIGHEST GUST SPEED    18   HIGHEST GUST DIRECTION    NE (60)
  AVERAGE WIND SPEED     5.4


SKY COVER
  POSSIBLE SUNSHINE  MM
  AVERAGE SKY COVER 0.9


WEATHER CONDITIONS
 THE FOLLOWING WEATHER WAS RECORDED YESTERDAY.
  HEAVY RAIN
  RAIN
  LIGHT RAIN
  FOG


RELATIVE HUMIDITY (PERCENT)
 HIGHEST    93           700 AM
 LOWEST     84           100 AM
 AVERAGE    89

..........................................................


THE COLORADO SPRINGS CO CLIMATE NORMALS FOR TODAY
                         NORMAL    RECORD    YEAR
 MAXIMUM TEMPERATURE (F)   84        96      2002
 MINIMUM TEMPERATURE (F)   57        45      1913


SUNRISE AND SUNSET
JULY 31 2014..........SUNRISE   559 AM MDT   SUNSET   811 PM MDT
AUGUST  1 2014........SUNRISE   600 AM MDT   SUNSET   810 PM MDT


-  INDICATES NEGATIVE NUMBERS.
R  INDICATES RECORD WAS SET OR TIED.
MM INDICATES DATA IS MISSING.
T  INDICATES TRACE AMOUNT.




$$
