000
CDUS45 KPUB 291029
CLICOS


CLIMATE REPORT
NATIONAL WEATHER SERVICE PUEBLO
429 AM MDT SUN MAR 29 2015


...................................

...THE COLORADO SPRINGS CO CLIMATE SUMMARY FOR MARCH 28 2015...

CLIMATE NORMAL PERIOD 1981 TO 2010
CLIMATE RECORD PERIOD 1872 TO 2015


WEATHER ITEM   OBSERVED TIME   RECORD YEAR NORMAL DEPARTURE LAST
                VALUE   (LST)  VALUE       VALUE  FROM      YEAR
                                                  NORMAL
..................................................................
TEMPERATURE (F)
 YESTERDAY
  MAXIMUM         76    438 PM  80    1963  55     21       56
  MINIMUM         40    431 AM  -3    1899  29     11       29
  AVERAGE         58                        42     16       43

PRECIPITATION (IN)
  YESTERDAY        0.00          0.56 1985   0.04  -0.04     0.00
  MONTH TO DATE    0.81                      0.90  -0.09     0.42
  SINCE MAR 1      0.81                      0.90  -0.09     0.42
  SINCE JAN 1      3.13                      1.56   1.57     1.31

SNOWFALL (IN)
  YESTERDAY        0.0           7.2  1985   0.2   -0.2      0.0
  MONTH TO DATE    3.9                       7.3   -3.4      2.8
  SINCE MAR 1      3.9                       7.3   -3.4      2.8
  SINCE JUL 1     44.8                      31.3   13.5     26.9
  SNOW DEPTH       0

DEGREE DAYS
 HEATING
  YESTERDAY        7                        23    -16       22
  MONTH TO DATE  635                       737   -102      729
  SINCE MAR 1    635                       737   -102      729
  SINCE JUL 1   4856                      5300   -444     5216

 COOLING
  YESTERDAY        0                         0      0        0
  MONTH TO DATE    0                         0      0        0
  SINCE MAR 1      0                         0      0        0
  SINCE JAN 1      0                         0      0        0
..................................................................


WIND (MPH)
  HIGHEST WIND SPEED    24   HIGHEST WIND DIRECTION     W (290)
  HIGHEST GUST SPEED    30   HIGHEST GUST DIRECTION     W (290)
  AVERAGE WIND SPEED     9.2


SKY COVER
  POSSIBLE SUNSHINE  MM
  AVERAGE SKY COVER 0.1


WEATHER CONDITIONS
 THE FOLLOWING WEATHER WAS RECORDED YESTERDAY.
  NO SIGNIFICANT WEATHER WAS OBSERVED.


RELATIVE HUMIDITY (PERCENT)
 HIGHEST    49           500 AM
 LOWEST      8           500 PM
 AVERAGE    29

..........................................................


THE COLORADO SPRINGS CO CLIMATE NORMALS FOR TODAY
                         NORMAL    RECORD    YEAR
 MAXIMUM TEMPERATURE (F)   55        75      1967
 MINIMUM TEMPERATURE (F)   29         3      1975


SUNRISE AND SUNSET
MARCH 29 2015.........SUNRISE   649 AM MDT   SUNSET   719 PM MDT
MARCH 30 2015.........SUNRISE   647 AM MDT   SUNSET   720 PM MDT


-  INDICATES NEGATIVE NUMBERS.
R  INDICATES RECORD WAS SET OR TIED.
MM INDICATES DATA IS MISSING.
T  INDICATES TRACE AMOUNT.




$$
