000
CDUS45 KPUB 191029
CLICOS


CLIMATE REPORT
NATIONAL WEATHER SERVICE PUEBLO
429 AM MDT FRI SEP 19 2014


...................................

...THE COLORADO SPRINGS CO CLIMATE SUMMARY FOR SEPTEMBER 18 2014...

CLIMATE NORMAL PERIOD 1981 TO 2010
CLIMATE RECORD PERIOD 1872 TO 2014


WEATHER ITEM   OBSERVED TIME   RECORD YEAR NORMAL DEPARTURE LAST
                VALUE   (LST)  VALUE       VALUE  FROM      YEAR
                                                  NORMAL
..................................................................
TEMPERATURE (F)
 YESTERDAY
  MAXIMUM         86    236 PM  89    1962  74     12       81
                                      1954
  MINIMUM         54    552 AM  28    1971  46      8       55
  AVERAGE         70                        60     10       68

PRECIPITATION (IN)
  YESTERDAY        0.00          0.86 1965   0.04  -0.04      T
  MONTH TO DATE    0.10                      0.85  -0.75     4.00
  SINCE SEP 1      0.10                      0.85  -0.75     4.00
  SINCE JAN 1     13.15                     14.64  -1.49    17.66

SNOWFALL (IN)
  YESTERDAY        0.0           0.7  1971   0.0    0.0      0.0
  MONTH TO DATE    T                         0.0    0.0      0.0
  SINCE SEP 1      T                         0.0    0.0      0.0
  SINCE JUL 1      T                         0.0    0.0       T
  SNOW DEPTH       0

DEGREE DAYS
 HEATING
  YESTERDAY        0                         6     -6        0
  MONTH TO DATE   71                        63      8       15
  SINCE SEP 1     71                        63      8       15
  SINCE JUL 1    101                        94      7       25

 COOLING
  YESTERDAY        5                         1      4        3
  MONTH TO DATE   39                        31      8       86
  SINCE SEP 1     39                        31      8       86
  SINCE JAN 1    466                       449     17      688
..................................................................


WIND (MPH)
  HIGHEST WIND SPEED    22   HIGHEST WIND DIRECTION    SE (150)
  HIGHEST GUST SPEED    26   HIGHEST GUST DIRECTION    SE (150)
  AVERAGE WIND SPEED     9.6


SKY COVER
  POSSIBLE SUNSHINE  MM
  AVERAGE SKY COVER 0.1


WEATHER CONDITIONS
 THE FOLLOWING WEATHER WAS RECORDED YESTERDAY.
  NO SIGNIFICANT WEATHER WAS OBSERVED.


RELATIVE HUMIDITY (PERCENT)
 HIGHEST    51           100 AM
 LOWEST     13           100 PM
 AVERAGE    32

..........................................................


THE COLORADO SPRINGS CO CLIMATE NORMALS FOR TODAY
                         NORMAL    RECORD    YEAR
 MAXIMUM TEMPERATURE (F)   73        90      2010
 MINIMUM TEMPERATURE (F)   46        25      1971


SUNRISE AND SUNSET
SEPTEMBER 19 2014.....SUNRISE   644 AM MDT   SUNSET   701 PM MDT
SEPTEMBER 20 2014.....SUNRISE   645 AM MDT   SUNSET   659 PM MDT


-  INDICATES NEGATIVE NUMBERS.
R  INDICATES RECORD WAS SET OR TIED.
MM INDICATES DATA IS MISSING.
T  INDICATES TRACE AMOUNT.




$$
