000
CDUS45 KPUB 310020
CLICOS


CLIMATE REPORT
NATIONAL WEATHER SERVICE PUEBLO
619 PM MDT SAT AUG 30 2014


...................................

...THE COLORADO SPRINGS CO CLIMATE SUMMARY FOR AUGUST 30 2014...
VALID TODAY AS OF 0500 PM LOCAL TIME.

CLIMATE NORMAL PERIOD 1981 TO 2010
CLIMATE RECORD PERIOD 1872 TO 2014


WEATHER ITEM   OBSERVED TIME   RECORD YEAR NORMAL DEPARTURE LAST
                VALUE   (LST)  VALUE       VALUE  FROM      YEAR
                                                  NORMAL
..................................................................
TEMPERATURE (F)
 TODAY
  MAXIMUM         85    247 PM  94    1990  80      5       90
  MINIMUM         48    517 AM  40    1944  53     -5       68
  AVERAGE         67                        66      1       79

PRECIPITATION (IN)
  TODAY            T             1.03 1921   0.09  -0.09     0.00
  MONTH TO DATE    2.34                      3.25  -0.91     5.65
  SINCE JUN 1      8.26                      8.59  -0.33    10.86
  SINCE JAN 1     13.05                     13.70  -0.65    13.59

SNOWFALL (IN)
  TODAY            0.0           T    2001   0.0    0.0      0.0
  MONTH TO DATE    T                         0.0    0.0       T
  SINCE JUN 1      T                         0.0    0.0       T
  SINCE JUL 1      T                         0.0    0.0       T
  SNOW DEPTH       0

DEGREE DAYS
 HEATING
  TODAY            0                         1     -1        0
  MONTH TO DATE    7                        15     -8        5
  SINCE JUN 1     69                       104    -35       35
  SINCE JUL 1     30                        25      5       10

 COOLING
  TODAY            2                         3     -1       14
  MONTH TO DATE  111                       131    -20      181
  SINCE JUN 1    409                       405      4      569
  SINCE JAN 1    422                       415      7      591
..................................................................


WIND (MPH)
  HIGHEST WIND SPEED    22   HIGHEST WIND DIRECTION     N (360)
  HIGHEST GUST SPEED    27   HIGHEST GUST DIRECTION    NW (320)
  AVERAGE WIND SPEED     5.9


SKY COVER
  POSSIBLE SUNSHINE  MM
  AVERAGE SKY COVER 0.3


WEATHER CONDITIONS
 THE FOLLOWING WEATHER WAS RECORDED TODAY.
  LIGHT RAIN


RELATIVE HUMIDITY (PERCENT)
 HIGHEST    86           400 AM
 LOWEST     18           300 PM
 AVERAGE    52

..........................................................


THE COLORADO SPRINGS CO CLIMATE NORMALS FOR TOMORROW
                         NORMAL    RECORD    YEAR
 MAXIMUM TEMPERATURE (F)   80        93      1985
 MINIMUM TEMPERATURE (F)   53        38      1910


SUNRISE AND SUNSET
AUGUST 30 2014........SUNRISE   626 AM MDT   SUNSET   732 PM MDT
AUGUST 31 2014........SUNRISE   627 AM MDT   SUNSET   731 PM MDT


-  INDICATES NEGATIVE NUMBERS.
R  INDICATES RECORD WAS SET OR TIED.
MM INDICATES DATA IS MISSING.
T  INDICATES TRACE AMOUNT.




$$
