000
CDUS43 KLSX 270734
CLICOU


CLIMATE REPORT
NATIONAL WEATHER SERVICE ST LOUIS MO
232 AM CDT WED AUG 27 2014


...................................

...THE COLUMBIA ASOS CLIMATE SUMMARY FOR AUGUST 26 2014...

CLIMATE NORMAL PERIOD 1981 TO 2010
CLIMATE RECORD PERIOD 1890 TO 2014


WEATHER ITEM   OBSERVED TIME   RECORD YEAR NORMAL DEPARTURE LAST
                VALUE   (LST)  VALUE       VALUE  FROM      YEAR
                                                  NORMAL
..................................................................
TEMPERATURE (F)
 YESTERDAY
  MAXIMUM         96    328 PM 104    1936  86     10       95
  MINIMUM         73    511 AM  48    1910  64      9       69
  AVERAGE         85                        75     10       82

PRECIPITATION (IN)
  YESTERDAY        0.00          2.29 2006   0.14  -0.14     0.00
  MONTH TO DATE    2.78                      3.66  -0.88     1.88
  SINCE JUN 1      9.31                     12.50  -3.19     6.38
  SINCE JAN 1     24.13                     29.05  -4.92    33.09

SNOWFALL (IN)
  YESTERDAY        0.0           0.0  2013   0.0    0.0      0.0
  MONTH TO DATE    0.0                       0.0    0.0      0.0
  SINCE JUN 1      0.0                       0.0    0.0      0.0
  SINCE JUL 1      0.0                       0.0    0.0      0.0
  SNOW DEPTH       0

DEGREE DAYS
 HEATING
  YESTERDAY        0                         0      0        0
  MONTH TO DATE    0                         0      0        0
  SINCE JUN 1      0                        11    -11        6
  SINCE JUL 1      0                         0      0        0

 COOLING
  YESTERDAY       20                        10     10       17
  MONTH TO DATE  320                       301     19      248
  SINCE JUN 1    873                       931    -58      837
  SINCE JAN 1   1033                      1034     -1      971
..................................................................


WIND (MPH)
  HIGHEST WIND SPEED    14   HIGHEST WIND DIRECTION    NW (330)
  HIGHEST GUST SPEED    17   HIGHEST GUST DIRECTION    NW (320)
  AVERAGE WIND SPEED     5.7


SKY COVER
  AVERAGE SKY COVER 0.1


WEATHER CONDITIONS
 THE FOLLOWING WEATHER WAS RECORDED YESTERDAY.
  THUNDERSTORM


RELATIVE HUMIDITY (PERCENT)
 HIGHEST    87
 LOWEST     43
 AVERAGE    65

..........................................................


THE COLUMBIA ASOS CLIMATE NORMALS FOR TODAY
                         NORMAL    RECORD    YEAR
 MAXIMUM TEMPERATURE (F)   86       103      1983
                                             1936
 MINIMUM TEMPERATURE (F)   64        46      1910


SUNRISE AND SUNSET
AUGUST 27 2014........SUNRISE   633 AM CDT   SUNSET   747 PM CDT
AUGUST 28 2014........SUNRISE   634 AM CDT   SUNSET   745 PM CDT


-  INDICATES NEGATIVE NUMBERS.
R  INDICATES RECORD WAS SET OR TIED.
MM INDICATES DATA IS MISSING.
T  INDICATES TRACE AMOUNT.




$$
