000
CDUS43 KLSX 202231
CLICOU


CLIMATE REPORT
NATIONAL WEATHER SERVICE ST LOUIS MO
530 PM CDT MON OCT 20 2014


...................................

...THE COLUMBIA ASOS CLIMATE SUMMARY FOR OCTOBER 20 2014...
VALID TODAY AS OF 0500 PM LOCAL TIME.

CLIMATE NORMAL PERIOD 1981 TO 2010
CLIMATE RECORD PERIOD 1890 TO 2014


WEATHER ITEM   OBSERVED TIME   RECORD YEAR NORMAL DEPARTURE LAST
                VALUE   (LST)  VALUE       VALUE  FROM      YEAR
                                                  NORMAL
..................................................................
TEMPERATURE (F)
 TODAY
  MAXIMUM         74    241 PM  86    1979  66      8       71
                                      1963
  MINIMUM         49    510 AM  21    1895  44      5       41
  AVERAGE         62                        55      7       56

PRECIPITATION (IN)
  TODAY            0.00          1.56 1983   0.10  -0.10     0.00
  MONTH TO DATE    9.86                      2.24   7.62     1.12
  SINCE SEP 1     16.01                      6.11   9.90     3.54
  SINCE JAN 1     40.30                     35.86   4.44    36.63

SNOWFALL (IN)
  TODAY            0.0           T    1930   0.0    0.0      0.0
  MONTH TO DATE    0.0                       0.0    0.0      0.0
  SINCE SEP 1      0.0                       0.0    0.0      0.0
  SINCE JUL 1      0.0                       0.0    0.0      0.0
  SNOW DEPTH       0

DEGREE DAYS
 HEATING
  TODAY            3                        11     -8        9
  MONTH TO DATE  149                       162    -13      128
  SINCE SEP 1    196                       228    -32      144
  SINCE JUL 1    196                       230    -34      144

 COOLING
  TODAY            0                         0      0        0
  MONTH TO DATE    6                        15     -9       47
  SINCE SEP 1    144                       159    -15      254
  SINCE JAN 1   1254                      1242     12     1321
..................................................................


WIND (MPH)
  HIGHEST WIND SPEED    16   HIGHEST WIND DIRECTION    NW (320)
  HIGHEST GUST SPEED    19   HIGHEST GUST DIRECTION    NW (300)
  AVERAGE WIND SPEED     7.6


SKY COVER
  AVERAGE SKY COVER 0.1



RELATIVE HUMIDITY (PERCENT)
 HIGHEST   100           500 AM
 LOWEST     33           300 PM
 AVERAGE    67

..........................................................


THE COLUMBIA ASOS CLIMATE NORMALS FOR TOMORROW
                         NORMAL    RECORD    YEAR
 MAXIMUM TEMPERATURE (F)   66        87      1978
 MINIMUM TEMPERATURE (F)   44        25      1917
                                             1916


SUNRISE AND SUNSET
OCTOBER 20 2014.......SUNRISE   723 AM CDT   SUNSET   623 PM CDT
OCTOBER 21 2014.......SUNRISE   724 AM CDT   SUNSET   622 PM CDT


-  INDICATES NEGATIVE NUMBERS.
R  INDICATES RECORD WAS SET OR TIED.
MM INDICATES DATA IS MISSING.
T  INDICATES TRACE AMOUNT.




$$
