000
CDUS43 KLSX 050727
CLICOU


CLIMATE REPORT
NATIONAL WEATHER SERVICE ST LOUIS MO
226 AM CDT THU MAY 5 2016


...................................

...THE COLUMBIA ASOS CLIMATE SUMMARY FOR MAY 4 2016...

CLIMATE NORMAL PERIOD 1981 TO 2010
CLIMATE RECORD PERIOD 1890 TO 2016


WEATHER ITEM   OBSERVED TIME   RECORD YEAR NORMAL DEPARTURE LAST
                VALUE   (LST)  VALUE       VALUE  FROM      YEAR
                                                  NORMAL
..................................................................
TEMPERATURE (F)
 YESTERDAY
  MAXIMUM         69    338 PM  91    1952  71     -2       82
  MINIMUM         50   1159 PM  28    1907  50      0       62
  AVERAGE         60                        61     -1       72

PRECIPITATION (IN)
  YESTERDAY        0.00          2.58 2003   0.17  -0.17      T
  MONTH TO DATE    0.03                      0.67  -0.64      T
  SINCE MAR 1      4.55                      8.07  -3.52     4.83
  SINCE JAN 1      6.20                     12.24  -6.04     7.18

SNOWFALL (IN)
  YESTERDAY        0.0           0.0  2015   0.0    0.0      0.0
  MONTH TO DATE    0.0                       0.0    0.0      0.0
  SINCE MAR 1      T                         1.9   -1.9      1.6
  SINCE JUL 1      9.0                      18.0   -9.0     12.0
  SNOW DEPTH       0

DEGREE DAYS
 HEATING
  YESTERDAY        5                         5      0        0
  MONTH TO DATE   36                        23     13        9
  SINCE MAR 1    683                       980   -297      813
  SINCE JUL 1   3860                      4926  -1066     4868

 COOLING
  YESTERDAY        0                         1     -1        7
  MONTH TO DATE    0                         4     -4       12
  SINCE MAR 1     32                        29      3       27
  SINCE JAN 1     32                        29      3       27
..................................................................


WIND (MPH)
  HIGHEST WIND SPEED    25   HIGHEST WIND DIRECTION     N (360)
  HIGHEST GUST SPEED    32   HIGHEST GUST DIRECTION     N (360)
  AVERAGE WIND SPEED    14.2


SKY COVER
  AVERAGE SKY COVER 0.2


WEATHER CONDITIONS
 THE FOLLOWING WEATHER WAS RECORDED YESTERDAY.
  NO SIGNIFICANT WEATHER WAS OBSERVED.


RELATIVE HUMIDITY (PERCENT)
 HIGHEST    72
 LOWEST     29
 AVERAGE    51

..........................................................


THE COLUMBIA ASOS CLIMATE NORMALS FOR TODAY
                         NORMAL    RECORD    YEAR
 MAXIMUM TEMPERATURE (F)   72        93      1952
                                             1909
 MINIMUM TEMPERATURE (F)   50        35      1944
                                             1917


SUNRISE AND SUNSET
MAY  5 2016...........SUNRISE   606 AM CDT   SUNSET   806 PM CDT
MAY  6 2016...........SUNRISE   605 AM CDT   SUNSET   807 PM CDT


-  INDICATES NEGATIVE NUMBERS.
R  INDICATES RECORD WAS SET OR TIED.
MM INDICATES DATA IS MISSING.
T  INDICATES TRACE AMOUNT.




$$
