000
CDUS45 KRIW 290732
CLICPR


CLIMATE REPORT
NATIONAL WEATHER SERVICE RIVERTON WY
132 AM MDT MON AUG 29 2016


...................................

...THE CASPER WY CLIMATE SUMMARY FOR AUGUST 28 2016...

CLIMATE NORMAL PERIOD 1981 TO 2010
CLIMATE RECORD PERIOD 1939 TO 2016


WEATHER ITEM   OBSERVED TIME   RECORD YEAR NORMAL DEPARTURE LAST
                VALUE   (LST)  VALUE       VALUE  FROM      YEAR
                                                  NORMAL
..................................................................
TEMPERATURE (F)
 YESTERDAY
  MAXIMUM         87    421 PM  95    2012  83      4       85
                                      1995
  MINIMUM         53   1154 PM  34    2004  49      4       51
  AVERAGE         70                        66      4       68

PRECIPITATION (IN)
  YESTERDAY        0.00          0.23 1964   0.02  -0.02     0.00
  MONTH TO DATE    1.30                      0.78   0.52     0.83
  SINCE JUN 1      2.71                      3.80  -1.09     2.90
  SINCE JAN 1     12.17                      9.01   3.16    10.40

SNOWFALL (IN)
  YESTERDAY        0.0                       0.0    0.0      0.0
  MONTH TO DATE    0.0                       0.0    0.0      0.0
  SINCE JUN 1      0.0                       0.1   -0.1      0.0
  SINCE JUL 1      0.0                       0.0    0.0      0.0
  SNOW DEPTH       0

DEGREE DAYS
 HEATING
  YESTERDAY        0                         2     -2        0
  MONTH TO DATE   55                        22     33       44
  SINCE JUN 1     97                       174    -77       86
  SINCE JUL 1     60                        38     22       60

 COOLING
  YESTERDAY        5                         3      2        3
  MONTH TO DATE  108                       144    -36      125
  SINCE JUN 1    417                       385     32      331
  SINCE JAN 1    417                       389     28      331
..................................................................


WIND (MPH)
  HIGHEST WIND SPEED    23   HIGHEST WIND DIRECTION    SW (210)
  HIGHEST GUST SPEED    27   HIGHEST GUST DIRECTION    SW (210)
  AVERAGE WIND SPEED     9.3


SKY COVER
  POSSIBLE SUNSHINE  MM
  AVERAGE SKY COVER 0.0


WEATHER CONDITIONS
 THE FOLLOWING WEATHER WAS RECORDED YESTERDAY.
  NO SIGNIFICANT WEATHER WAS OBSERVED.


RELATIVE HUMIDITY (PERCENT)
 HIGHEST    61          1000 PM
 LOWEST     10           400 PM
 AVERAGE    36

..........................................................


THE CASPER WY CLIMATE NORMALS FOR TODAY
                         NORMAL    RECORD    YEAR
 MAXIMUM TEMPERATURE (F)   83        97      2012
 MINIMUM TEMPERATURE (F)   48        39      2004


SUNRISE AND SUNSET
AUGUST 29 2016........SUNRISE   628 AM MDT   SUNSET   745 PM MDT
AUGUST 30 2016........SUNRISE   629 AM MDT   SUNSET   743 PM MDT


-  INDICATES NEGATIVE NUMBERS.
R  INDICATES RECORD WAS SET OR TIED.
MM INDICATES DATA IS MISSING.
T  INDICATES TRACE AMOUNT.




$$
