000
CDUS45 KRIW 290748
CLICPR


CLIMATE REPORT
NATIONAL WEATHER SERVICE RIVERTON WY
133 AM MDT SAT APR 29 2017


...................................

...THE CASPER WY CLIMATE SUMMARY FOR APRIL 28 2017...

CLIMATE NORMAL PERIOD 1981 TO 2010
CLIMATE RECORD PERIOD 1939 TO 2017


WEATHER ITEM   OBSERVED TIME   RECORD YEAR NORMAL DEPARTURE LAST
                VALUE   (LST)  VALUE       VALUE  FROM      YEAR
                                                  NORMAL
..................................................................
TEMPERATURE (F)
 YESTERDAY
  MAXIMUM         33    213 PM  80    2007  61    -28       36
                                      2000
                                      1992
  MINIMUM         29   1147 PM  13    1984  32     -3       30
  AVERAGE         31                        46    -15       33

PRECIPITATION (IN)
  YESTERDAY        0.20          0.73 1941   0.06   0.14      T
  MONTH TO DATE    2.21                      1.18   1.03     3.23
  SINCE MAR 1      4.00                      2.00   2.00     4.59
  SINCE JAN 1      5.35                      3.08   2.27     6.05

SNOWFALL (IN)
  YESTERDAY        2.4                       0.3    2.1       T
  MONTH TO DATE    5.7                      11.0   -5.3     13.3
  SINCE MAR 1     13.5                      21.9   -8.4     26.7
  SINCE JUL 1     67.0                      71.3   -4.3     85.4
  SNOW DEPTH       T

DEGREE DAYS
 HEATING
  YESTERDAY       34                        19     15       32
  MONTH TO DATE  599                       633    -34      596
  SINCE MAR 1   1311                      1558   -247     1450
  SINCE JUL 1   6501                      7006   -505     6385

 COOLING
  YESTERDAY        0                         0      0        0
  MONTH TO DATE    0                         0      0        0
  SINCE MAR 1      0                         0      0        0
  SINCE JAN 1      0                         0      0        0
..................................................................


WIND (MPH)
  HIGHEST WIND SPEED    33   HIGHEST WIND DIRECTION     E (80)
  HIGHEST GUST SPEED    41   HIGHEST GUST DIRECTION     E (80)
  AVERAGE WIND SPEED    16.5


SKY COVER
  POSSIBLE SUNSHINE  MM
  AVERAGE SKY COVER 1.0


WEATHER CONDITIONS
 THE FOLLOWING WEATHER WAS RECORDED YESTERDAY.
  LIGHT SNOW
  FOG


RELATIVE HUMIDITY (PERCENT)
 HIGHEST   100           300 AM
 LOWEST     82           100 PM
 AVERAGE    91

..........................................................


THE CASPER WY CLIMATE NORMALS FOR TODAY
                         NORMAL    RECORD    YEAR
 MAXIMUM TEMPERATURE (F)   61        83      1992
 MINIMUM TEMPERATURE (F)   32        16      1990


SUNRISE AND SUNSET
APRIL 29 2017.........SUNRISE   602 AM MDT   SUNSET   805 PM MDT
APRIL 30 2017.........SUNRISE   601 AM MDT   SUNSET   806 PM MDT


-  INDICATES NEGATIVE NUMBERS.
R  INDICATES RECORD WAS SET OR TIED.
MM INDICATES DATA IS MISSING.
T  INDICATES TRACE AMOUNT.




$$
