000
CDUS45 KRIW 270736
CLICPR


CLIMATE REPORT
NATIONAL WEATHER SERVICE RIVERTON WY
126 AM MDT WED JUL 27 2016


...................................

...THE CASPER WY CLIMATE SUMMARY FOR JULY 26 2016...

CLIMATE NORMAL PERIOD 1981 TO 2010
CLIMATE RECORD PERIOD 1939 TO 2016


WEATHER ITEM   OBSERVED TIME   RECORD YEAR NORMAL DEPARTURE LAST
                VALUE   (LST)  VALUE       VALUE  FROM      YEAR
                                                  NORMAL
..................................................................
TEMPERATURE (F)
 YESTERDAY
  MAXIMUM         93    303 PM  98    2010  89      4       94
                                      2008
  MINIMUM         54    224 AM  40    1971  54      0       52
  AVERAGE         74                        72      2       73

PRECIPITATION (IN)
  YESTERDAY        0.07          0.68 1963   0.05   0.02     0.00
  MONTH TO DATE    0.15                      1.19  -1.04     0.55
  SINCE JUN 1      1.32                      2.80  -1.48     2.05
  SINCE JAN 1     10.78                      8.01   2.77     9.55

SNOWFALL (IN)
  YESTERDAY        0.0                       0.0    0.0      0.0
  MONTH TO DATE    0.0                       0.0    0.0      0.0
  SINCE JUN 1      0.0                       0.1   -0.1      0.0
  SINCE JUL 1      0.0                       0.0    0.0      0.0
  SNOW DEPTH       0

DEGREE DAYS
 HEATING
  YESTERDAY        0                         0      0        0
  MONTH TO DATE    5                        11     -6        7
  SINCE JUN 1     42                       147   -105       33
  SINCE JUL 1      5                        11     -6        7

 COOLING
  YESTERDAY        9                         7      2        8
  MONTH TO DATE  166                       155     11      119
  SINCE JUN 1    269                       208     61      195
  SINCE JAN 1    269                       212     57      195
..................................................................


WIND (MPH)
  HIGHEST WIND SPEED    22   HIGHEST WIND DIRECTION     S (190)
  HIGHEST GUST SPEED    27   HIGHEST GUST DIRECTION    SW (210)
  AVERAGE WIND SPEED     7.1


SKY COVER
  POSSIBLE SUNSHINE  MM
  AVERAGE SKY COVER 0.1


WEATHER CONDITIONS
 THE FOLLOWING WEATHER WAS RECORDED YESTERDAY.
  THUNDERSTORM
  LIGHT RAIN


RELATIVE HUMIDITY (PERCENT)
 HIGHEST    62           200 AM
 LOWEST     11           400 PM
 AVERAGE    37

..........................................................


THE CASPER WY CLIMATE NORMALS FOR TODAY
                         NORMAL    RECORD    YEAR
 MAXIMUM TEMPERATURE (F)   89        99      2008
 MINIMUM TEMPERATURE (F)   54        45      2005


SUNRISE AND SUNSET
JULY 27 2016..........SUNRISE   552 AM MDT   SUNSET   832 PM MDT
JULY 28 2016..........SUNRISE   553 AM MDT   SUNSET   831 PM MDT


-  INDICATES NEGATIVE NUMBERS.
R  INDICATES RECORD WAS SET OR TIED.
MM INDICATES DATA IS MISSING.
T  INDICATES TRACE AMOUNT.




$$
