000
CDUS45 KRIW 250737
CLICPR


CLIMATE REPORT
NATIONAL WEATHER SERVICE RIVERTON WY
1236 AM MST SUN JAN 25 2015


...................................

...THE CASPER WY CLIMATE SUMMARY FOR JANUARY 24 2015...

CLIMATE NORMAL PERIOD 1981 TO 2010
CLIMATE RECORD PERIOD 1939 TO 2015


WEATHER ITEM   OBSERVED TIME   RECORD YEAR NORMAL DEPARTURE LAST
                VALUE   (LST)  VALUE       VALUE  FROM      YEAR
                                                  NORMAL
..................................................................
TEMPERATURE (F)
 YESTERDAY
  MAXIMUM         39    442 PM  56    2005  35      4       38
  MINIMUM         22   1015 PM -40    1949  15      7       23
  AVERAGE         31                        25      6       31

PRECIPITATION (IN)
  YESTERDAY        0.00          0.31 2009   0.01  -0.01     0.00
  MONTH TO DATE    0.35                      0.39  -0.04     0.65
  SINCE DEC 1      1.60                      0.88   0.72     1.85
  SINCE JAN 1      0.35                      0.39  -0.04     0.65

SNOWFALL (IN)
  YESTERDAY        0.0                       0.3   -0.3      0.0
  MONTH TO DATE    6.1                       7.1   -1.0     11.6
  SINCE DEC 1     23.9                      18.1    5.8     27.3
  SINCE JUL 1     38.7                      37.6    1.1     52.1
  SNOW DEPTH       0

DEGREE DAYS
 HEATING
  YESTERDAY       34                        40     -6       34
  MONTH TO DATE 1001                       965     36      955
  SINCE DEC 1   2125                      2240   -115     2331
  SINCE JUL 1   3900                      4094   -194     4175

 COOLING
  YESTERDAY        0                         0      0        0
  MONTH TO DATE    0                         0      0        0
  SINCE DEC 1      0                         0      0        0
  SINCE JAN 1      0                         0      0        0
..................................................................


WIND (MPH)
  HIGHEST WIND SPEED    33   HIGHEST WIND DIRECTION    SW (220)
  HIGHEST GUST SPEED    43   HIGHEST GUST DIRECTION    SW (220)
  AVERAGE WIND SPEED    17.7


SKY COVER
  POSSIBLE SUNSHINE  MM
  AVERAGE SKY COVER 0.4


WEATHER CONDITIONS
 THE FOLLOWING WEATHER WAS RECORDED YESTERDAY.
  NO SIGNIFICANT WEATHER WAS OBSERVED.


RELATIVE HUMIDITY (PERCENT)
 HIGHEST    92           700 PM
 LOWEST     51           600 AM
 AVERAGE    72

..........................................................


THE CASPER WY CLIMATE NORMALS FOR TODAY
                         NORMAL    RECORD    YEAR
 MAXIMUM TEMPERATURE (F)   35        51      2003
                                             1994
 MINIMUM TEMPERATURE (F)   14       -25      1949


SUNRISE AND SUNSET
JANUARY 25 2015.......SUNRISE   727 AM MST   SUNSET   509 PM MST
JANUARY 26 2015.......SUNRISE   727 AM MST   SUNSET   511 PM MST


-  INDICATES NEGATIVE NUMBERS.
R  INDICATES RECORD WAS SET OR TIED.
MM INDICATES DATA IS MISSING.
T  INDICATES TRACE AMOUNT.




$$
