000
CDUS46 KLOX 270856
CLICQT


CLIMATE REPORT
NATIONAL WEATHER SERVICE LOS ANGELES/OXNARD CA
156 AM PDT WED MAY 27 2015


...................................

...THE DOWNTOWN LOS ANGELES (USC) CA CLIMATE SUMMARY FOR MAY 26 2015...

CLIMATE NORMAL PERIOD 1981 TO 2010
CLIMATE RECORD PERIOD 1877 TO 2015


WEATHER ITEM   OBSERVED TIME   RECORD YEAR NORMAL DEPARTURE LAST
                VALUE   (LST)  VALUE       VALUE  FROM      YEAR
                                                  NORMAL
..................................................................
TEMPERATURE (F)
 YESTERDAY
  MAXIMUM         69    127 PM  96    1896  75     -6       79
  MINIMUM         59   1022 PM  46    1917  58      1       61
  AVERAGE         64                        66     -2       70

PRECIPITATION (IN)
  YESTERDAY        0.00          0.21 1906   0.01  -0.01     0.00
  MONTH TO DATE    0.93                      0.24   0.69     0.00
  SINCE OCT 1      8.46                     14.53  -6.07     5.99
  SINCE JAN 1      3.85                     10.50  -6.65     5.11

SNOWFALL (IN)
  YESTERDAY        0.0
  MONTH TO DATE    0.0
  SINCE MAR 1      0.0
  SINCE JUL 1      0.0

DEGREE DAYS
 HEATING
  YESTERDAY        1                         1      0        0
  MONTH TO DATE   41                        39      2        9
  SINCE MAR 1    107                       297   -190      124
  SINCE JUL 1    470                      1072   -602      601

 COOLING
  YESTERDAY        0                         2     -2        5
  MONTH TO DATE   15                        52    -37      156
  SINCE MAR 1    223                       116    107      242
  SINCE JAN 1    280                       139    141      265
..................................................................


WIND (MPH)
  HIGHEST WIND SPEED     9   HIGHEST WIND DIRECTION     W (280)
  HIGHEST GUST SPEED    14   HIGHEST GUST DIRECTION     W (280)
  AVERAGE WIND SPEED     1.4


SKY COVER
  POSSIBLE SUNSHINE  MM
  AVERAGE SKY COVER 0.8


WEATHER CONDITIONS
 THE FOLLOWING WEATHER WAS RECORDED YESTERDAY.
  NO SIGNIFICANT WEATHER WAS OBSERVED.


RELATIVE HUMIDITY (PERCENT)
 HIGHEST    80           900 PM
 LOWEST     63           100 PM
 AVERAGE    72

..........................................................


THE DOWNTOWN LOS ANGELES (USC) CA CLIMATE NORMALS FOR TODAY
                         NORMAL    RECORD    YEAR
 MAXIMUM TEMPERATURE (F)   75        97      1880
 MINIMUM TEMPERATURE (F)   58        47      1879


SUNRISE AND SUNSET
MAY 27 2015...........SUNRISE   545 AM PDT   SUNSET   756 PM PDT
MAY 28 2015...........SUNRISE   544 AM PDT   SUNSET   757 PM PDT


-  INDICATES NEGATIVE NUMBERS.
R  INDICATES RECORD WAS SET OR TIED.
MM INDICATES DATA IS MISSING.
T  INDICATES TRACE AMOUNT.




$$
