000
CDUS46 KLOX 241215
CLICQT


CLIMATE REPORT
NATIONAL WEATHER SERVICE LOS ANGELES/OXNARD CA
515 AM PDT FRI OCT 24 2014


...................................

...THE DOWNTOWN LOS ANGELES (USC) CA CLIMATE SUMMARY FOR OCTOBER 23 2014...

CLIMATE NORMAL PERIOD 1981 TO 2010
CLIMATE RECORD PERIOD 1877 TO 2014


WEATHER ITEM   OBSERVED TIME   RECORD YEAR NORMAL DEPARTURE LAST
                VALUE   (LST)  VALUE       VALUE  FROM      YEAR
                                                  NORMAL
..................................................................
TEMPERATURE (F)
 YESTERDAY
  MAXIMUM         85    110 PM  98    1965  78      7       69
  MINIMUM         60    454 AM  41    1892  57      3       59
  AVERAGE         73                        68      5       64

PRECIPITATION (IN)
  YESTERDAY        0.00          1.87 1889   0.03  -0.03     0.00
  MONTH TO DATE    0.00                      0.44  -0.44     0.04
  SINCE JUL 1      0.05                      0.73  -0.68     0.13
  SINCE JAN 1      5.16                     11.34  -6.18     2.76

SNOWFALL (IN)
  YESTERDAY        0.0
  MONTH TO DATE    0.0
  SINCE SEP 1      0.0
  SINCE JUL 1      0.0

DEGREE DAYS
 HEATING
  YESTERDAY        0                         1     -1        1
  MONTH TO DATE    0                         6     -6       11
  SINCE SEP 1      0                         8     -8       11
  SINCE JUL 1      0                         8     -8       11

 COOLING
  YESTERDAY        8                         3      5        0
  MONTH TO DATE  209                       107    102       93
  SINCE SEP 1    562                       351    211      355
  SINCE JAN 1   1639                      1185    454     1160
..................................................................


WIND (MPH)
  HIGHEST WIND SPEED     7   HIGHEST WIND DIRECTION     W (270)
  HIGHEST GUST SPEED    10   HIGHEST GUST DIRECTION     W (270)
  AVERAGE WIND SPEED     0.5


SKY COVER
  POSSIBLE SUNSHINE  MM
  AVERAGE SKY COVER 0.0


WEATHER CONDITIONS
 THE FOLLOWING WEATHER WAS RECORDED YESTERDAY.
  HAZE


RELATIVE HUMIDITY (PERCENT)
 HIGHEST    90           200 AM
 LOWEST     34           200 PM
 AVERAGE    62

..........................................................


THE DOWNTOWN LOS ANGELES (USC) CA CLIMATE NORMALS FOR TODAY
                         NORMAL    RECORD    YEAR
 MAXIMUM TEMPERATURE (F)   78        99      1909
 MINIMUM TEMPERATURE (F)   57        43      1886


SUNRISE AND SUNSET
OCTOBER 24 2014.......SUNRISE   706 AM PDT   SUNSET   608 PM PDT
OCTOBER 25 2014.......SUNRISE   707 AM PDT   SUNSET   607 PM PDT


-  INDICATES NEGATIVE NUMBERS.
R  INDICATES RECORD WAS SET OR TIED.
MM INDICATES DATA IS MISSING.
T  INDICATES TRACE AMOUNT.




$$
