000
CDUS46 KLOX 010901
CLICQT


CLIMATE REPORT
NATIONAL WEATHER SERVICE LOS ANGELES/OXNARD CA
201 AM PDT WED JUL 1 2015


...................................

...THE DOWNTOWN LOS ANGELES (USC) CA CLIMATE SUMMARY FOR JUNE 30 2015...

CLIMATE NORMAL PERIOD 1981 TO 2010
CLIMATE RECORD PERIOD 1877 TO 2015


WEATHER ITEM   OBSERVED TIME   RECORD YEAR NORMAL DEPARTURE LAST
                VALUE   (LST)  VALUE       VALUE  FROM      YEAR
                                                  NORMAL
..................................................................
TEMPERATURE (F)
 YESTERDAY
  MAXIMUM         89   1104 AM 100    1985  81      8       77
  MINIMUM         67    512 AM  49    1894  62      5       64
  AVERAGE         78                        72      6       71

PRECIPITATION (IN)
  YESTERDAY        T             0.01 1918   0.00   0.00     0.00
  MONTH TO DATE    0.01                      0.09  -0.08     0.00
  SINCE OCT 1      8.47                     14.64  -6.17     5.99
  SINCE JAN 1      3.86                     10.61  -6.75     5.11

SNOWFALL (IN)
  YESTERDAY        0.0
  MONTH TO DATE    0.0
  SINCE JUN 1      0.0
  SINCE JUL 1      0.0

DEGREE DAYS
 HEATING
  YESTERDAY        0                         0      0        0
  MONTH TO DATE    0                         6     -6        0
  SINCE JUN 1      0                         8     -8        0
  SINCE JUL 1    470                      1084   -614      601

 COOLING
  YESTERDAY       13                         7      6        6
  MONTH TO DATE  175                       134     41      128
  SINCE JUN 1    175                       134     41      128
  SINCE JAN 1    463                       288    175      422
..................................................................


WIND (MPH)
  HIGHEST WIND SPEED    12   HIGHEST WIND DIRECTION    SE (140)
  HIGHEST GUST SPEED    20   HIGHEST GUST DIRECTION     S (170)
  AVERAGE WIND SPEED     0.8


SKY COVER
  POSSIBLE SUNSHINE  MM
  AVERAGE SKY COVER 0.0


WEATHER CONDITIONS
 THE FOLLOWING WEATHER WAS RECORDED YESTERDAY.
  LIGHT RAIN
  HAZE


RELATIVE HUMIDITY (PERCENT)
 HIGHEST    84          1000 PM
 LOWEST     24           700 PM
 AVERAGE    54

..........................................................


THE DOWNTOWN LOS ANGELES (USC) CA CLIMATE NORMALS FOR TODAY
                         NORMAL    RECORD    YEAR
 MAXIMUM TEMPERATURE (F)   82       107      1985
 MINIMUM TEMPERATURE (F)   63        52      1886


SUNRISE AND SUNSET
JULY  1 2015..........SUNRISE   545 AM PDT   SUNSET   808 PM PDT
JULY  2 2015..........SUNRISE   546 AM PDT   SUNSET   808 PM PDT


-  INDICATES NEGATIVE NUMBERS.
R  INDICATES RECORD WAS SET OR TIED.
MM INDICATES DATA IS MISSING.
T  INDICATES TRACE AMOUNT.




$$
