000
CDUS42 KILM 062149
CLICRE


CLIMATE REPORT
NATIONAL WEATHER SERVICE WILMINGTON NC
449 PM EST FRI MAR 6 2015


...................................

...THE NORTH MYRTLE BEACH SC CLIMATE SUMMARY FOR MARCH 6 2015...
VALID TODAY AS OF 0400 PM LOCAL TIME.

CLIMATE NORMAL PERIOD 1981 TO 2010
CLIMATE RECORD PERIOD 1949 TO 2015


WEATHER ITEM   OBSERVED TIME   RECORD YEAR NORMAL DEPARTURE LAST
                VALUE   (LST)  VALUE       VALUE  FROM      YEAR
                                                  NORMAL
..................................................................
TEMPERATURE (F)
 TODAY
  MAXIMUM         46    359 PM  77    1955  62    -16       44
  MINIMUM         35    921 AM  25    1954  42     -7       36
  AVERAGE         41                        52    -11       40

PRECIPITATION (IN)
  TODAY            T                         0.13  -0.13     1.14
  MONTH TO DATE    0.39                      0.72  -0.33     1.30
  SINCE MAR 1      0.39                      0.72  -0.33     1.30
  SINCE JAN 1      7.58                      7.83  -0.25     5.42

SNOWFALL (IN)
  TODAY           MM
  MONTH TO DATE   MM
  SINCE MAR 1     MM
  SINCE JUL 1     MM
  SNOW DEPTH      MM

DEGREE DAYS
 HEATING
  TODAY           24                        13     11       25
  MONTH TO DATE   91                        82      9      130
  SINCE MAR 1     91                        82      9      130
  SINCE JUL 1   2146                      2026    120     2154

 COOLING
  TODAY            0                         0      0        0
  MONTH TO DATE    0                         0      0        0
  SINCE MAR 1      0                         0      0        0
  SINCE JAN 1      1                         0      1        0
..................................................................


WIND (MPH)
  HIGHEST WIND SPEED    22   HIGHEST WIND DIRECTION    NE (30)
  HIGHEST GUST SPEED    28   HIGHEST GUST DIRECTION     N (360)
  AVERAGE WIND SPEED    11.5


SKY COVER
  POSSIBLE SUNSHINE  MM
  AVERAGE SKY COVER 0.9


WEATHER CONDITIONS
 THE FOLLOWING WEATHER WAS RECORDED TODAY.
  NO SIGNIFICANT WEATHER WAS OBSERVED.


RELATIVE HUMIDITY (PERCENT)
 HIGHEST    85           100 AM
 LOWEST     41           100 PM
 AVERAGE    63

..........................................................


THE NORTH MYRTLE BEACH SC CLIMATE NORMALS FOR TOMORROW
                         NORMAL    RECORD    YEAR
 MAXIMUM TEMPERATURE (F)   62        77      1992
 MINIMUM TEMPERATURE (F)   42        22      1954


SUNRISE AND SUNSET
MARCH  6 2015.........SUNRISE   637 AM EST   SUNSET   615 PM EST
MARCH  7 2015.........SUNRISE   636 AM EST   SUNSET   616 PM EST


-  INDICATES NEGATIVE NUMBERS.
R  INDICATES RECORD WAS SET OR TIED.
MM INDICATES DATA IS MISSING.
T  INDICATES TRACE AMOUNT.




$$
