287
CDUS42 KILM 210940
CLICRE


CLIMATE REPORT
NATIONAL WEATHER SERVICE WILMINGTON NC
440 AM EST SUN JAN 21 2018


...................................

...THE N.MYRTLE BEACH SOUTH CAROLINA CLIMATE SUMMARY FOR JANUARY 20 2018...

CLIMATE NORMAL PERIOD 1981 TO 2010
CLIMATE RECORD PERIOD 1949 TO 2018


WEATHER ITEM   OBSERVED TIME   RECORD YEAR NORMAL DEPARTURE LAST
                VALUE   (LST)  VALUE       VALUE  FROM      YEAR
                                                  NORMAL
..................................................................
TEMPERATURE (F)
 YESTERDAY
  MAXIMUM         55    150 PM  73    1952  55      0       68
  MINIMUM         30    626 AM  13    1994  36     -6       53
  AVERAGE         43                        46     -3       61

PRECIPITATION (IN)
  YESTERDAY        0.00          0.65 2000   0.12  -0.12     0.00
  MONTH TO DATE    1.92                      2.21  -0.29     0.69
  SINCE DEC 1      5.36                      5.67  -0.31     3.31
  SINCE JAN 1      1.92                      2.21  -0.29     0.69

SNOWFALL (IN)
  YESTERDAY       MM
  MONTH TO DATE   MM
  SINCE DEC 1     MM
  SINCE JUL 1     MM
  SNOW DEPTH      MM

DEGREE DAYS
 HEATING
  YESTERDAY       22                        20      2        4
  MONTH TO DATE  518                       390    128      250
  SINCE DEC 1    999                       897    102      686
  SINCE JUL 1   1340                      1258     82      989

 COOLING
  YESTERDAY        0                         0      0        0
  MONTH TO DATE    0                         0      0        0
  SINCE DEC 1      0                         3     -3        0
  SINCE JAN 1      0                         0      0        0
..................................................................


WIND (MPH)
  HIGHEST WIND SPEED    20   HIGHEST WIND DIRECTION    SW (220)
  HIGHEST GUST SPEED    23   HIGHEST GUST DIRECTION    SW (220)
  AVERAGE WIND SPEED     6.5


SKY COVER
  POSSIBLE SUNSHINE  MM
  AVERAGE SKY COVER 0.0


WEATHER CONDITIONS
 THE FOLLOWING WEATHER WAS RECORDED YESTERDAY.
  NO SIGNIFICANT WEATHER WAS OBSERVED.


RELATIVE HUMIDITY (PERCENT)
 HIGHEST    85           600 AM
 LOWEST     41           100 PM
 AVERAGE    63

..........................................................


THE N.MYRTLE BEACH SOUTH CAROLINA CLIMATE NORMALS FOR TODAY
                         NORMAL    RECORD    YEAR
 MAXIMUM TEMPERATURE (F)   55        77      1954
 MINIMUM TEMPERATURE (F)   36        20      2008


SUNRISE AND SUNSET
JANUARY 21 2018.......SUNRISE   718 AM EST   SUNSET   535 PM EST
JANUARY 22 2018.......SUNRISE   717 AM EST   SUNSET   536 PM EST


-  INDICATES NEGATIVE NUMBERS.
R  INDICATES RECORD WAS SET OR TIED.
MM INDICATES DATA IS MISSING.
T  INDICATES TRACE AMOUNT.




$$
