000
CDUS42 KILM 232050
CLICRE


CLIMATE REPORT
NATIONAL WEATHER SERVICE WILMINGTON NC
449 PM EDT FRI JUN 23 2017


...................................

...THE NORTH MYRTLE BEACH SC CLIMATE SUMMARY FOR JUNE 23 2017...
VALID TODAY AS OF 0400 PM LOCAL TIME.

CLIMATE NORMAL PERIOD 1981 TO 2010
CLIMATE RECORD PERIOD 1949 TO 2017


WEATHER ITEM   OBSERVED TIME   RECORD YEAR NORMAL DEPARTURE LAST
                VALUE   (LST)  VALUE       VALUE  FROM      YEAR
                                                  NORMAL
..................................................................
TEMPERATURE (F)
 TODAY
  MAXIMUM         86    223 PM  97    1991  86      0       90
  MINIMUM         79    642 AM  60    1992  71      8       78
  AVERAGE         83                        79      4       84

PRECIPITATION (IN)
  TODAY            0.00                      0.15  -0.15     0.00
  MONTH TO DATE    2.84                      3.51  -0.67     1.09
  SINCE JUN 1      2.84                      3.51  -0.67     1.09
  SINCE JAN 1     16.05                     20.91  -4.86    16.83

DEGREE DAYS
 HEATING
  TODAY            0                         0      0        0
  MONTH TO DATE    3                         0      3        0
  SINCE JUN 1      3                         0      3        0
  SINCE JUL 1   1809                      2447   -638     1781

 COOLING
  TODAY           18                        14      4       19
  MONTH TO DATE  266                       258      8      336
  SINCE JUN 1    266                       258      8      336
  SINCE JAN 1    629                       470    159      632
..................................................................


WIND (MPH)
  HIGHEST WIND SPEED    24   HIGHEST WIND DIRECTION    SW (210)
  HIGHEST GUST SPEED    29   HIGHEST GUST DIRECTION    SW (210)
  AVERAGE WIND SPEED    13.0


SKY COVER
  POSSIBLE SUNSHINE  MM
  AVERAGE SKY COVER 0.5


WEATHER CONDITIONS
 THE FOLLOWING WEATHER WAS RECORDED TODAY.
  NO SIGNIFICANT WEATHER WAS OBSERVED.


RELATIVE HUMIDITY (PERCENT)
 HIGHEST   100           100 AM
 LOWEST     74          1000 AM
 AVERAGE    87

..........................................................


THE NORTH MYRTLE BEACH SC CLIMATE NORMALS FOR TOMORROW
                         NORMAL    RECORD    YEAR
 MAXIMUM TEMPERATURE (F)   86        99      1950
 MINIMUM TEMPERATURE (F)   71        62      1992


SUNRISE AND SUNSET
JUNE 23 2017..........SUNRISE   605 AM EDT   SUNSET   829 PM EDT
JUNE 24 2017..........SUNRISE   605 AM EDT   SUNSET   829 PM EDT


-  INDICATES NEGATIVE NUMBERS.
R  INDICATES RECORD WAS SET OR TIED.
MM INDICATES DATA IS MISSING.
T  INDICATES TRACE AMOUNT.




$$
