000
CDUS42 KILM 190955
CLICRE


CLIMATE REPORT
NATIONAL WEATHER SERVICE WILMINGTON NC
454 AM EST SUN FEB 19 2017


...................................

...THE NORTH MYRTLE BEACH SC CLIMATE SUMMARY FOR FEBRUARY 18 2017...

CLIMATE NORMAL PERIOD 1981 TO 2010
CLIMATE RECORD PERIOD 1949 TO 2017


WEATHER ITEM   OBSERVED TIME   RECORD YEAR NORMAL DEPARTURE LAST
                VALUE   (LST)  VALUE       VALUE  FROM      YEAR
                                                  NORMAL
..................................................................
TEMPERATURE (F)
 YESTERDAY
  MAXIMUM         66    201 PM  81    1956  58      8       56
  MINIMUM         41    530 AM  23    2013  39      2       38
                                      1950
  AVERAGE         54                        48      6       47

PRECIPITATION (IN)
  YESTERDAY        T                         0.14  -0.14     0.00
  MONTH TO DATE    1.31                      2.15  -0.84     5.41
  SINCE DEC 1      5.96                      9.30  -3.34    10.43
  SINCE JAN 1      3.34                      5.84  -2.50     7.31

SNOWFALL (IN)
  YESTERDAY       MM
  MONTH TO DATE   MM
  SINCE DEC 1     MM
  SINCE JUL 1     MM
  SNOW DEPTH      MM

DEGREE DAYS
 HEATING
  YESTERDAY       11                        17     -6       18
  MONTH TO DATE  224                       323    -99      341
  SINCE DEC 1   1050                      1430   -380     1146
  SINCE JUL 1   1353                      1791   -438     1343

 COOLING
  YESTERDAY        0                         0      0        0
  MONTH TO DATE    0                         0      0        0
  SINCE DEC 1      0                         3     -3       51
  SINCE JAN 1      0                         0      0        0
..................................................................


WIND (MPH)
  HIGHEST WIND SPEED    18   HIGHEST WIND DIRECTION    SW (210)
  HIGHEST GUST SPEED    24   HIGHEST GUST DIRECTION    SW (210)
  AVERAGE WIND SPEED     6.3


SKY COVER
  POSSIBLE SUNSHINE  MM
  AVERAGE SKY COVER 0.1


WEATHER CONDITIONS
 THE FOLLOWING WEATHER WAS RECORDED YESTERDAY.
  LIGHT RAIN


RELATIVE HUMIDITY (PERCENT)
 HIGHEST   100           500 AM
 LOWEST     52          1200 PM
 AVERAGE    76

..........................................................


THE NORTH MYRTLE BEACH SC CLIMATE NORMALS FOR TODAY
                         NORMAL    RECORD    YEAR
 MAXIMUM TEMPERATURE (F)   58        73      2011
 MINIMUM TEMPERATURE (F)   39        19      2015


SUNRISE AND SUNSET
FEBRUARY 19 2017......SUNRISE   655 AM EST   SUNSET   603 PM EST
FEBRUARY 20 2017......SUNRISE   654 AM EST   SUNSET   604 PM EST


-  INDICATES NEGATIVE NUMBERS.
R  INDICATES RECORD WAS SET OR TIED.
MM INDICATES DATA IS MISSING.
T  INDICATES TRACE AMOUNT.




$$
