000
CDUS44 KCRP 290647
CLICRP

CLIMATE REPORT
NATIONAL WEATHER SERVICE CORPUS CHRISTI TX
145 AM CDT SAT AUG 29 2015


...................................

...THE CORPUS CHRISTI CLIMATE SUMMARY FOR AUGUST 28 2015...

CLIMATE NORMAL PERIOD 1981 TO 2010
CLIMATE RECORD PERIOD 1887 TO 2015


WEATHER ITEM   OBSERVED TIME   RECORD YEAR NORMAL DEPARTURE LAST
                VALUE   (LST)  VALUE       VALUE  FROM      YEAR
                                                  NORMAL
..................................................................
TEMPERATURE (F)
 YESTERDAY
  MAXIMUM         92    303 PM 107    2011  94     -2       94
  MINIMUM         68R   632 AM  70    2010  75     -7       80
                                      1970
                                      1968
  AVERAGE         80                        84     -4       87

PRECIPITATION (IN)
  YESTERDAY        0.00          5.05 1953   0.14  -0.14     0.04
  MONTH TO DATE    2.34                      2.46  -0.12     1.08
  SINCE JUN 1      5.16                      8.61  -3.45     3.23
  SINCE JAN 1     35.42                     18.88  16.54    10.33

SNOWFALL (IN)
  YESTERDAY        0.0
  MONTH TO DATE    0.0
  SINCE JUN 1      0.0
  SINCE JUL 1      0.0
  SNOW DEPTH       0

DEGREE DAYS
 HEATING
  YESTERDAY        0                         0      0        0
  MONTH TO DATE    0                         0      0        0
  SINCE JUN 1      0                         0      0        0
  SINCE JUL 1      0                         0      0        0

 COOLING
  YESTERDAY       15                        19     -4       22
  MONTH TO DATE  592                       556     36      616
  SINCE JUN 1   1776                      1665    111     1843
  SINCE JAN 1   2606                      2506    100     2649
..................................................................


WIND (MPH)
  HIGHEST WIND SPEED    18   HIGHEST WIND DIRECTION    SE (140)
  HIGHEST GUST SPEED    23   HIGHEST GUST DIRECTION    SE (140)
  AVERAGE WIND SPEED     7.7


SKY COVER
  POSSIBLE SUNSHINE  MM
  AVERAGE SKY COVER 0.3


WEATHER CONDITIONS
 THE FOLLOWING WEATHER WAS RECORDED YESTERDAY.
  NO SIGNIFICANT WEATHER WAS OBSERVED.


RELATIVE HUMIDITY (PERCENT)
 HIGHEST    84           700 AM
 LOWEST     36          1200 PM
 AVERAGE    60

..........................................................


THE CORPUS CHRISTI CLIMATE NORMALS FOR TODAY
                         NORMAL    RECORD    YEAR
 MAXIMUM TEMPERATURE (F)   93       107      2012
 MINIMUM TEMPERATURE (F)   75        69      1992
                                             1958


SUNRISE AND SUNSET
AUGUST 29 2015........SUNRISE   707 AM CDT   SUNSET   754 PM CDT
AUGUST 30 2015........SUNRISE   708 AM CDT   SUNSET   753 PM CDT


-  INDICATES NEGATIVE NUMBERS.
R  INDICATES RECORD WAS SET OR TIED.
MM INDICATES DATA IS MISSING.
T  INDICATES TRACE AMOUNT.

$$

GW
