000
CDUS44 KCRP 060945
CLICRP

CLIMATE REPORT
NATIONAL WEATHER SERVICE CORPUS CHRISTI TX
343 AM CST TUE DEC 6 2016


...................................

...THE CORPUS CHRISTI CLIMATE SUMMARY FOR DECEMBER 5 2016...

CLIMATE NORMAL PERIOD 1981 TO 2010
CLIMATE RECORD PERIOD 1887 TO 2016


WEATHER ITEM   OBSERVED TIME   RECORD YEAR NORMAL DEPARTURE LAST
                VALUE   (LST)  VALUE       VALUE  FROM      YEAR
                                                  NORMAL
..................................................................
TEMPERATURE (F)
 YESTERDAY
  MAXIMUM         60    457 PM  91    1977  70    -10       68
  MINIMUM         50   1159 PM  32    2009  50      0       48
  AVERAGE         55                        60     -5       58

PRECIPITATION (IN)
  YESTERDAY        0.11          0.88 1971   0.05   0.06     0.00
  MONTH TO DATE    1.96                      0.25   1.71     0.01
  SINCE DEC 1      1.96                      0.25   1.71     0.01
  SINCE JAN 1     32.49                     30.18   2.31    44.14

SNOWFALL (IN)
  YESTERDAY        0.0
  MONTH TO DATE    0.0
  SINCE DEC 1      0.0
  SINCE JUL 1      0.0
  SNOW DEPTH       0

DEGREE DAYS
 HEATING
  YESTERDAY       10                         7      3        7
  MONTH TO DATE   18                        31    -13       54
  SINCE DEC 1     18                        31    -13       54
  SINCE JUL 1     36                       132    -96      128

 COOLING
  YESTERDAY        0                         2     -2        0
  MONTH TO DATE    8                        10     -2        0
  SINCE DEC 1      8                        10     -2        0
  SINCE JAN 1   4190                      3485    705     3672
..................................................................


WIND (MPH)
  HIGHEST WIND SPEED    21   HIGHEST WIND DIRECTION     N (340)
  HIGHEST GUST SPEED    25   HIGHEST GUST DIRECTION    NW (320)
  AVERAGE WIND SPEED    10.6


SKY COVER
  POSSIBLE SUNSHINE  MM
  AVERAGE SKY COVER 0.7


WEATHER CONDITIONS
 THE FOLLOWING WEATHER WAS RECORDED YESTERDAY.
  THUNDERSTORM
  LIGHT RAIN
  FOG


RELATIVE HUMIDITY (PERCENT)
 HIGHEST   100           100 AM
 LOWEST     78           400 PM
 AVERAGE    89

..........................................................


THE CORPUS CHRISTI CLIMATE NORMALS FOR TODAY
                         NORMAL    RECORD    YEAR
 MAXIMUM TEMPERATURE (F)   70        87      1951
 MINIMUM TEMPERATURE (F)   50        26      1950


SUNRISE AND SUNSET
DECEMBER  6 2016......SUNRISE   708 AM CST   SUNSET   535 PM CST
DECEMBER  7 2016......SUNRISE   708 AM CST   SUNSET   535 PM CST


-  INDICATES NEGATIVE NUMBERS.
R  INDICATES RECORD WAS SET OR TIED.
MM INDICATES DATA IS MISSING.
T  INDICATES TRACE AMOUNT.

$$

GW
