000
CDUS44 KCRP 260714
CLICRP

CLIMATE REPORT
NATIONAL WEATHER SERVICE CORPUS CHRISTI TX
214 AM CDT MON JUN 26 2017


...THE CORPUS CHRISTI CLIMATE SUMMARY FOR JUNE 25 2017...

CLIMATE NORMAL PERIOD 1981 TO 2010
CLIMATE RECORD PERIOD 1887 TO 2017


WEATHER ITEM   OBSERVED TIME   RECORD YEAR NORMAL DEPARTURE LAST
                VALUE   (LST)  VALUE       VALUE  FROM      YEAR
                                                  NORMAL
..................................................................
TEMPERATURE (F)
 YESTERDAY
  MAXIMUM         93    116 PM 105    2012  92      1       89
  MINIMUM         78   1002 AM  66    1974  75      3       80
  AVERAGE         86                        83      3       85

PRECIPITATION (IN)
  YESTERDAY        0.40          1.92 2001   0.12   0.28      T
  MONTH TO DATE    1.87                      2.77  -0.90     2.88
  SINCE JUN 1      1.87                      2.77  -0.90     2.88
  SINCE JAN 1     15.14                     13.04   2.10    21.10

SNOWFALL (IN)
  YESTERDAY        0.0
  MONTH TO DATE    0.0
  SINCE JUN 1      0.0
  SINCE JUL 1      0.0
  SNOW DEPTH       0

DEGREE DAYS
 HEATING
  YESTERDAY        0                         0      0        0
  MONTH TO DATE    0                         0      0        0
  SINCE JUN 1      0                         0      0        0
  SINCE JUL 1    368                       898   -530      640

 COOLING
  YESTERDAY       21                        18      3       20
  MONTH TO DATE  475                       430     45      456
  SINCE JUN 1    475                       430     45      456
  SINCE JAN 1   1665                      1271    394     1492
..................................................................


WIND (MPH)
  HIGHEST WIND SPEED    25   HIGHEST WIND DIRECTION     E (70)
  HIGHEST GUST SPEED    30   HIGHEST GUST DIRECTION     E (70)
  AVERAGE WIND SPEED     9.3


SKY COVER
  POSSIBLE SUNSHINE  MM
  AVERAGE SKY COVER 0.7


WEATHER CONDITIONS
 THE FOLLOWING WEATHER WAS RECORDED YESTERDAY.
  THUNDERSTORM
  HEAVY RAIN
  RAIN
  LIGHT RAIN
  FOG


RELATIVE HUMIDITY (PERCENT)
 HIGHEST    85          1200 AM
 LOWEST     56           100 PM
 AVERAGE    71

..........................................................


THE CORPUS CHRISTI CLIMATE NORMALS FOR TODAY
                         NORMAL    RECORD    YEAR
 MAXIMUM TEMPERATURE (F)   92       106      2012
 MINIMUM TEMPERATURE (F)   75        61      1974


SUNRISE AND SUNSET
JUNE 26 2017..........SUNRISE   636 AM CDT   SUNSET   830 PM CDT
JUNE 27 2017..........SUNRISE   636 AM CDT   SUNSET   830 PM CDT


-  INDICATES NEGATIVE NUMBERS.
R  INDICATES RECORD WAS SET OR TIED.
MM INDICATES DATA IS MISSING.
T  INDICATES TRACE AMOUNT.

$$

TMT
