000
CDUS44 KCRP 302352
CLICRP

CLIMATE REPORT
NATIONAL WEATHER SERVICE CORPUS CHRISTI TX
652 PM CDT THU OCT 30 2014

...................................

...THE CORPUS CHRISTI CLIMATE SUMMARY FOR OCTOBER 30 2014...
VALID TODAY AS OF 652 PM LOCAL TIME.

CLIMATE NORMAL PERIOD 1981 TO 2010
CLIMATE RECORD PERIOD 1887 TO 2014


WEATHER ITEM   OBSERVED TIME   RECORD YEAR NORMAL DEPARTURE LAST
                VALUE   (LST)  VALUE       VALUE  FROM      YEAR
                                                  NORMAL
..................................................................
TEMPERATURE (F)
 TODAY
  MAXIMUM         86    140 PM  91    2004  81      5       89
  MINIMUM         69    558 AM  41    1993  61      8       78
                                      1925
                                      1917
  AVERAGE         78                        71      7       84

PRECIPITATION (IN)
  TODAY            0.00          1.82 1906   0.10  -0.10      T
  MONTH TO DATE    2.94                      3.54  -0.60     2.45
  SINCE SEP 1      8.95                      8.52   0.43     8.76
  SINCE JAN 1     22.79                     27.86  -5.07    19.77

SNOWFALL (IN)
  TODAY            0.0
  MONTH TO DATE    0.0
  SINCE SEP 1      0.0
  SINCE JUL 1      0.0
  SNOW DEPTH       0

DEGREE DAYS
 HEATING
  TODAY            0                         1     -1        0
  MONTH TO DATE    0                         7     -7        0
  SINCE SEP 1      0                         7     -7        0
  SINCE JUL 1      0                         7     -7        0

 COOLING
  TODAY           13                         7      6       19
  MONTH TO DATE  367                       303     64      369
  SINCE SEP 1    871                       785     86      951
  SINCE JAN 1   3574                      3346    228     3964
..................................................................


WIND (MPH)
  HIGHEST WIND SPEED    16   HIGHEST WIND DIRECTION     E (100)
  HIGHEST GUST SPEED    20   HIGHEST GUST DIRECTION     E (80)


SKY COVER
  POSSIBLE SUNSHINE  MM
  AVERAGE SKY COVER 0.6


WEATHER CONDITIONS
 THE FOLLOWING WEATHER WAS RECORDED TODAY.
  FOG


RELATIVE HUMIDITY (PERCENT)
 HIGHEST    97           600 AM
 LOWEST     55           100 PM
 AVERAGE    76

..........................................................


THE CORPUS CHRISTI CLIMATE NORMALS FOR TOMORROW
                         NORMAL    RECORD    YEAR
 MAXIMUM TEMPERATURE (F)   81        95      1947
 MINIMUM TEMPERATURE (F)   61        28      1993


SUNRISE AND SUNSET
OCTOBER 30 2014.......SUNRISE   740 AM CDT   SUNSET   647 PM CDT
OCTOBER 31 2014.......SUNRISE   740 AM CDT   SUNSET   647 PM CDT


-  INDICATES NEGATIVE NUMBERS.
R  INDICATES RECORD WAS SET OR TIED.
MM INDICATES DATA IS MISSING.
T  INDICATES TRACE AMOUNT.




$$
