000
CDUS44 KCRP 172141
CLICRP

CLIMATE REPORT
NATIONAL WEATHER SERVICE CORPUS CHRISTI TX
441 PM CDT THU AUG 17 2017


...................................

...THE CORPUS CHRISTI CLIMATE SUMMARY FOR AUGUST 17 2017...
VALID AS OF 0400 PM LOCAL TIME.

CLIMATE NORMAL PERIOD 1981 TO 2010
CLIMATE RECORD PERIOD 1887 TO 2017


WEATHER ITEM   OBSERVED TIME   RECORD YEAR NORMAL DEPARTURE LAST
                VALUE   (LST)  VALUE       VALUE  FROM      YEAR
                                                  NORMAL
..................................................................
TEMPERATURE (F)
 TODAY
  MAXIMUM         96    246 PM 101    2012  95      1       87
  MINIMUM         78    637 AM  68    2004  75      3       75
  AVERAGE         87                        85      2       81

PRECIPITATION (IN)
  TODAY            0.00          3.57 2008   0.10  -0.10     1.33
  MONTH TO DATE    0.82                      1.19  -0.37     1.95
  SINCE JUN 1      4.02                      7.34  -3.32     4.90
  SINCE JAN 1     17.29                     17.61  -0.32    23.12

SNOWFALL (IN)
  TODAY            0.0
  MONTH TO DATE    0.0
  SINCE JUN 1      0.0
  SINCE JUL 1      0.0
  SNOW DEPTH       0

DEGREE DAYS
 HEATING
  TODAY            0                         0      0        0
  MONTH TO DATE    0                         0      0        0
  SINCE JUN 1      0                         0      0        0
  SINCE JUL 1      0                         0      0        0

 COOLING
  TODAY           22                        20      2       16
  MONTH TO DATE  366                       340     26      365
  SINCE JUN 1   1543                      1449     94     1594
  SINCE JAN 1   2733                      2290    443     2630
..................................................................


WIND (MPH)
  HIGHEST WIND SPEED    22   HIGHEST WIND DIRECTION    SE (140)
  HIGHEST GUST SPEED    32   HIGHEST GUST DIRECTION    SE (140)


SKY COVER
  POSSIBLE SUNSHINE  MM
  AVERAGE SKY COVER 0.4


WEATHER CONDITIONS
 THE FOLLOWING WEATHER WAS RECORDED TODAY.
  NO SIGNIFICANT WEATHER WAS OBSERVED.


RELATIVE HUMIDITY (PERCENT)
 HIGHEST   100           600 AM
 LOWEST     49          1200 PM
 AVERAGE    75

..........................................................


THE CORPUS CHRISTI CLIMATE NORMALS FOR TOMORROW
                         NORMAL    RECORD    YEAR
 MAXIMUM TEMPERATURE (F)   95       102      1950
 MINIMUM TEMPERATURE (F)   75        65      1992


SUNRISE AND SUNSET
AUGUST 17 2017........SUNRISE   702 AM CDT   SUNSET   806 PM CDT
AUGUST 18 2017........SUNRISE   702 AM CDT   SUNSET   805 PM CDT


-  INDICATES NEGATIVE NUMBERS.
R  INDICATES RECORD WAS SET OR TIED.
MM INDICATES DATA IS MISSING.
T  INDICATES TRACE AMOUNT.




$$
