000
CDUS44 KCRP 250036
CLICRP

CLIMATE REPORT
NATIONAL WEATHER SERVICE CORPUS CHRISTI TX
733 PM CDT WED AUG 24 2016

...................................

...THE CORPUS CHRISTI CLIMATE SUMMARY FOR AUGUST 24 2016...
VALID TODAY AS OF 700 PM LOCAL TIME.

CLIMATE NORMAL PERIOD 1981 TO 2010
CLIMATE RECORD PERIOD 1887 TO 2016


WEATHER ITEM   OBSERVED TIME   RECORD YEAR NORMAL DEPARTURE LAST
                VALUE   (LST)  VALUE       VALUE  FROM      YEAR
                                                  NORMAL
..................................................................
TEMPERATURE (F)
 TODAY
  MAXIMUM         96    148 PM 101    2010  94      2       97
  MINIMUM         76    544 AM  65    1891  75      1       76
  AVERAGE         86                        85      1       87

PRECIPITATION (IN)
  TODAY            0.00          2.55 1996   0.12  -0.12     0.00
  MONTH TO DATE    2.62                      1.94   0.68     2.34
  SINCE JUN 1      5.57                      8.09  -2.52     5.16
  SINCE JAN 1     23.79                     18.36   5.43    35.42

SNOWFALL (IN)
  TODAY            0.0
  MONTH TO DATE    0.0
  SINCE JUN 1      0.0
  SINCE JUL 1      0.0
  SNOW DEPTH       0

DEGREE DAYS
 HEATING
  TODAY            0                         0      0        0
  MONTH TO DATE    0                         0      0        0
  SINCE JUN 1      0                         0      0        0
  SINCE JUL 1      0                         0      0        0

 COOLING
  TODAY           21                        20      1       22
  MONTH TO DATE  515                       480     35      520
  SINCE JUN 1   1744                      1589    155     1704
  SINCE JAN 1   2780                      2430    350     2534
..................................................................


WIND (MPH)
  HIGHEST WIND SPEED    23   HIGHEST WIND DIRECTION    SE (140)
  HIGHEST GUST SPEED    29   HIGHEST GUST DIRECTION    SE (150)


SKY COVER
  POSSIBLE SUNSHINE  MM
  AVERAGE SKY COVER 0.2


WEATHER CONDITIONS
 THE FOLLOWING WEATHER WAS RECORDED TODAY.
  FOG
  HAZE


RELATIVE HUMIDITY (PERCENT)
 HIGHEST    97           400 AM
 LOWEST     43          1200 PM
 AVERAGE    70

..........................................................


THE CORPUS CHRISTI CLIMATE NORMALS FOR TOMORROW
                         NORMAL    RECORD    YEAR
 MAXIMUM TEMPERATURE (F)   94        99      2012
                                             2010
                                             2009
 MINIMUM TEMPERATURE (F)   75        68      1961


SUNRISE AND SUNSET
AUGUST 24 2016........SUNRISE   705 AM CDT   SUNSET   759 PM CDT
AUGUST 25 2016........SUNRISE   706 AM CDT   SUNSET   758 PM CDT


-  INDICATES NEGATIVE NUMBERS.
R  INDICATES RECORD WAS SET OR TIED.
MM INDICATES DATA IS MISSING.
T  INDICATES TRACE AMOUNT.




$$
