000
CDUS44 KCRP 181031
CLICRP

CLIMATE REPORT
NATIONAL WEATHER SERVICE CORPUS CHRISTI TX
427 AM CST MON DEC 18 2017


...................................

...THE CORPUS CHRISTI CLIMATE SUMMARY FOR DECEMBER 17 2017...

CLIMATE NORMAL PERIOD 1981 TO 2010
CLIMATE RECORD PERIOD 1887 TO 2017


WEATHER ITEM   OBSERVED TIME   RECORD YEAR NORMAL DEPARTURE LAST
                VALUE   (LST)  VALUE       VALUE  FROM      YEAR
                                                  NORMAL
..................................................................
TEMPERATURE (F)
 YESTERDAY
  MAXIMUM         57    219 PM  88    2016  68    -11       88
  MINIMUM         48    715 AM  28    1932  48      0       63
  AVERAGE         53                        58     -5       76

PRECIPITATION (IN)
  YESTERDAY        T             2.10 1994   0.06  -0.06     0.00
  MONTH TO DATE    4.11                      0.94   3.17     2.05
  SINCE DEC 1      4.11                      0.94   3.17     2.05
  SINCE JAN 1     30.63                     30.87  -0.24    32.58

SNOWFALL (IN)
  YESTERDAY        0.0
  MONTH TO DATE    1.0
  SINCE DEC 1      1.0
  SINCE JUL 1      1.0
  SNOW DEPTH       0

DEGREE DAYS
 HEATING
  YESTERDAY       12                         9      3        0
  MONTH TO DATE  168                       123     45       78
  SINCE DEC 1    168                       123     45       78
  SINCE JUL 1    232                       224      8       96

 COOLING
  YESTERDAY        0                         2     -2       11
  MONTH TO DATE   24                        34    -10       30
  SINCE DEC 1     24                        34    -10       30
  SINCE JAN 1   4011                      3509    502     4212
..................................................................


WIND (MPH)
  HIGHEST WIND SPEED    12   HIGHEST WIND DIRECTION     N (20)
  HIGHEST GUST SPEED    13   HIGHEST GUST DIRECTION    NE (30)
  AVERAGE WIND SPEED     5.1


SKY COVER
  POSSIBLE SUNSHINE  MM
  AVERAGE SKY COVER 1.0


WEATHER CONDITIONS
 THE FOLLOWING WEATHER WAS RECORDED YESTERDAY.
  LIGHT RAIN
  FOG


RELATIVE HUMIDITY (PERCENT)
 HIGHEST   100           500 AM
 LOWEST     86           300 PM
 AVERAGE    93

..........................................................


THE CORPUS CHRISTI CLIMATE NORMALS FOR TODAY
                         NORMAL    RECORD    YEAR
 MAXIMUM TEMPERATURE (F)   68        87      2012
 MINIMUM TEMPERATURE (F)   48        29      1979


SUNRISE AND SUNSET
DECEMBER 18 2017......SUNRISE   715 AM CST   SUNSET   538 PM CST
DECEMBER 19 2017......SUNRISE   716 AM CST   SUNSET   539 PM CST


-  INDICATES NEGATIVE NUMBERS.
R  INDICATES RECORD WAS SET OR TIED.
MM INDICATES DATA IS MISSING.
T  INDICATES TRACE AMOUNT.




$$
