000
CDUS41 KRLX 312116
CLICRW


CLIMATE REPORT
NATIONAL WEATHER SERVICE CHARLESTON WV
516 PM EDT WED AUG 31 2016


...................................

...THE CHARLESTON WV CLIMATE SUMMARY FOR AUGUST 31 2016...
VALID TODAY AS OF 0500 PM LOCAL TIME.

CLIMATE NORMAL PERIOD 1981 TO 2010
CLIMATE RECORD PERIOD 1901 TO 2016


WEATHER ITEM   OBSERVED TIME   RECORD YEAR NORMAL DEPARTURE LAST
                VALUE   (LST)  VALUE       VALUE  FROM      YEAR
                                                  NORMAL
..................................................................
TEMPERATURE (F)
 TODAY
  MAXIMUM         92    341 PM 100    1932  83      9       89
  MINIMUM         63    413 AM  45    1976  62      1       66
  AVERAGE         78                        72      6       78

PRECIPITATION (IN)
  TODAY            0.00          1.57 1911   0.11  -0.11     0.00
  MONTH TO DATE    3.12                      3.74  -0.62     3.40
  SINCE JUN 1     12.59                     12.97  -0.38    17.19
  SINCE JAN 1     29.45                     31.11  -1.66    36.39

DEGREE DAYS
 HEATING
  TODAY            0                         0      0        0
  MONTH TO DATE    0                         0      0        0
  SINCE JUN 1      3                        15    -12        8
  SINCE JUL 1      0                         2     -2        0

 COOLING
  TODAY           13                         8      5       13
  MONTH TO DATE  420                       292    128      266
  SINCE JUN 1   1051                       836    215      882
  SINCE JAN 1   1181                       946    235     1071
..................................................................


WIND (MPH)
  HIGHEST WIND SPEED    10   HIGHEST WIND DIRECTION    NW (310)
  HIGHEST GUST SPEED    15   HIGHEST GUST DIRECTION     W (280)
  AVERAGE WIND SPEED     1.8


SKY COVER
  POSSIBLE SUNSHINE  MM
  AVERAGE SKY COVER 0.4


WEATHER CONDITIONS
 THE FOLLOWING WEATHER WAS RECORDED TODAY.
  FOG
  FOG W/VISIBILITY <= 1/4 MILE
  HAZE


RELATIVE HUMIDITY (PERCENT)
 HIGHEST   100           400 AM
 LOWEST     36           200 PM
 AVERAGE    68

..........................................................


THE CHARLESTON WV CLIMATE NORMALS FOR TOMORROW
                         NORMAL    RECORD    YEAR
 MAXIMUM TEMPERATURE (F)   83       104      1932
 MINIMUM TEMPERATURE (F)   62        47      1946


SUNRISE AND SUNSET
AUGUST 31 2016........SUNRISE   655 AM EDT   SUNSET   757 PM EDT
SEPTEMBER  1 2016.....SUNRISE   656 AM EDT   SUNSET   755 PM EDT


-  INDICATES NEGATIVE NUMBERS.
R  INDICATES RECORD WAS SET OR TIED.
MM INDICATES DATA IS MISSING.
T  INDICATES TRACE AMOUNT.




$$
