000
CDUS41 KRLX 010730
CLICRW


CLIMATE REPORT
NATIONAL WEATHER SERVICE CHARLESTON WV
329 AM EDT MON SEP 1 2014


...................................

...THE CHARLESTON WV CLIMATE SUMMARY FOR AUGUST 31 2014...

CLIMATE NORMAL PERIOD 1981 TO 2010
CLIMATE RECORD PERIOD 1901 TO 2014


WEATHER ITEM   OBSERVED TIME   RECORD YEAR NORMAL DEPARTURE LAST
                VALUE   (LST)  VALUE       VALUE  FROM      YEAR
                                                  NORMAL
..................................................................
TEMPERATURE (F)
 YESTERDAY
  MAXIMUM         80   1051 AM 100    1932  83     -3       83
  MINIMUM         70    654 AM  45    1976  62      8       67
  AVERAGE         75                        72      3       75

PRECIPITATION (IN)
  YESTERDAY        0.66          1.57 1911   0.11   0.55      T
  MONTH TO DATE    4.05                      3.74   0.31     4.12
  SINCE JAN 1     32.15                     31.11   1.04    34.04

SNOWFALL (IN)
  YESTERDAY        0.0
  MONTH TO DATE    0.0
  SINCE SEP 1     51.7
  SNOW DEPTH       0

DEGREE DAYS
 HEATING
  YESTERDAY        0                         0      0        0
  MONTH TO DATE    0                         0      0        3
  SINCE JUN 1      0                        15    -15        3
  SINCE JUL 1      0                         2     -2        3

 COOLING
  YESTERDAY       10                         8      2       10
  MONTH TO DATE  264                       292    -28      261
  SINCE JUN 1    786                       836    -50      819
  SINCE JAN 1    907                       946    -39      966
..................................................................


WIND (MPH)
  HIGHEST WIND SPEED    21   HIGHEST WIND DIRECTION    SW (220)
  HIGHEST GUST SPEED    27   HIGHEST GUST DIRECTION    SW (230)
  AVERAGE WIND SPEED     4.8


SKY COVER
  POSSIBLE SUNSHINE  MM
  AVERAGE SKY COVER 0.9


WEATHER CONDITIONS
 THE FOLLOWING WEATHER WAS RECORDED YESTERDAY.
  THUNDERSTORM
  HEAVY RAIN
  RAIN
  LIGHT RAIN
  FOG
  FOG W/VISIBILITY <= 1/4 MILE


RELATIVE HUMIDITY (PERCENT)
 HIGHEST   100           600 AM
 LOWEST     74          1200 AM
 AVERAGE    87

..........................................................


THE CHARLESTON WV CLIMATE NORMALS FOR TODAY
                         NORMAL    RECORD    YEAR
 MAXIMUM TEMPERATURE (F)   83       104      1932
 MINIMUM TEMPERATURE (F)   62        47      1946


SUNRISE AND SUNSET
SEPTEMBER  1 2014.....SUNRISE   656 AM EDT   SUNSET   756 PM EDT
SEPTEMBER  2 2014.....SUNRISE   657 AM EDT   SUNSET   755 PM EDT


-  INDICATES NEGATIVE NUMBERS.
R  INDICATES RECORD WAS SET OR TIED.
MM INDICATES DATA IS MISSING.
T  INDICATES TRACE AMOUNT.




$$
