853
CDUS41 KRLX 140829
CLICRW


CLIMATE REPORT
NATIONAL WEATHER SERVICE CHARLESTON WV
327 AM EST SUN FEB 14 2016


...................................

...THE CHARLESTON WV CLIMATE SUMMARY FOR FEBRUARY 13 2016...

CLIMATE NORMAL PERIOD 1981 TO 2010
CLIMATE RECORD PERIOD 1901 TO 2016


WEATHER ITEM   OBSERVED TIME   RECORD YEAR NORMAL DEPARTURE LAST
                VALUE   (LST)  VALUE       VALUE  FROM      YEAR
                                                  NORMAL
..................................................................
TEMPERATURE (F)
 YESTERDAY
  MAXIMUM         21   1257 AM  72    1990  46    -25       27
                                      1938
  MINIMUM          8   1159 PM   3    1955  28    -20        8
  AVERAGE         15                        37    -22       18

PRECIPITATION (IN)
  YESTERDAY        T             1.20 1989   0.11  -0.11     0.00
  MONTH TO DATE    0.97                      1.42  -0.45     0.71
  SINCE JAN 1      3.51                      4.42  -0.91     2.94

SNOWFALL (IN)
  YESTERDAY        T
  MONTH TO DATE    2.7
  SINCE SEP 1     24.4
  SNOW DEPTH       T

DEGREE DAYS
 HEATING
  YESTERDAY       50                        28     22       47
  MONTH TO DATE  395                       375     20      417
  SINCE DEC 1   1916                      2179   -263     2184
  SINCE JUL 1   2568                      3063   -495     3227

 COOLING
  YESTERDAY        0                         0      0        0
  MONTH TO DATE    0                         0      0        0
  SINCE DEC 1      0                         1     -1        0
  SINCE JAN 1      0                         0      0        0
..................................................................


WIND (MPH)
  HIGHEST WIND SPEED    31   HIGHEST WIND DIRECTION    NW (320)
  HIGHEST GUST SPEED    41   HIGHEST GUST DIRECTION    NW (320)
  AVERAGE WIND SPEED    11.0


SKY COVER
  POSSIBLE SUNSHINE  MM
  AVERAGE SKY COVER 0.5


WEATHER CONDITIONS
 THE FOLLOWING WEATHER WAS RECORDED YESTERDAY.
  LIGHT SNOW
  HAZE


RELATIVE HUMIDITY (PERCENT)
 HIGHEST    77          1200 AM
 LOWEST     35           200 PM
 AVERAGE    56

..........................................................


THE CHARLESTON WV CLIMATE NORMALS FOR TODAY
                         NORMAL    RECORD    YEAR
 MAXIMUM TEMPERATURE (F)   46        77      1950
 MINIMUM TEMPERATURE (F)   29        -2      1905


SUNRISE AND SUNSET
FEBRUARY 14 2016......SUNRISE   719 AM EST   SUNSET   603 PM EST
FEBRUARY 15 2016......SUNRISE   717 AM EST   SUNSET   604 PM EST


-  INDICATES NEGATIVE NUMBERS.
R  INDICATES RECORD WAS SET OR TIED.
MM INDICATES DATA IS MISSING.
T  INDICATES TRACE AMOUNT.




$$
