000
CDUS41 KRLX 012116
CLICRW


CLIMATE REPORT
NATIONAL WEATHER SERVICE CHARLESTON WV
516 PM EDT MON JUN 1 2015


...................................

...THE CHARLESTON WV CLIMATE SUMMARY FOR JUNE 1 2015...
VALID TODAY AS OF 0500 PM LOCAL TIME.

CLIMATE NORMAL PERIOD 1981 TO 2010
CLIMATE RECORD PERIOD 1901 TO 2015


WEATHER ITEM   OBSERVED TIME   RECORD YEAR NORMAL DEPARTURE LAST
                VALUE   (LST)  VALUE       VALUE  FROM      YEAR
                                                  NORMAL
..................................................................
TEMPERATURE (F)
 TODAY
  MAXIMUM         72    151 PM  98    1929  78     -6       85
  MINIMUM         60    753 AM  39    1966  58      2       55
  AVERAGE         66                        68     -2       70

PRECIPITATION (IN)
  TODAY            0.06          1.53 1941   0.16  -0.10      T
  MONTH TO DATE    0.06                      0.16  -0.10      T
  SINCE JUN 1      0.06                      0.16  -0.10      T
  SINCE JAN 1     19.26                     18.30   0.96    16.12

DEGREE DAYS
 HEATING
  TODAY            0                         1     -1        0
  MONTH TO DATE    0                         1     -1        0
  SINCE JUN 1      0                         1     -1        0
  SINCE JUL 1   4835                      4466    369     4773

 COOLING
  TODAY            1                         4     -3        5
  MONTH TO DATE    1                         4     -3        5
  SINCE JUN 1      1                         4     -3        5
  SINCE JAN 1    190                       114     76      126
..................................................................


WIND (MPH)
  HIGHEST WIND SPEED    10   HIGHEST WIND DIRECTION     N (350)
  HIGHEST GUST SPEED    14   HIGHEST GUST DIRECTION     N (350)
  AVERAGE WIND SPEED     4.8


SKY COVER
  POSSIBLE SUNSHINE  MM
  AVERAGE SKY COVER 1.0


WEATHER CONDITIONS
 THE FOLLOWING WEATHER WAS RECORDED TODAY.
  LIGHT RAIN
  FOG


RELATIVE HUMIDITY (PERCENT)
 HIGHEST    90          1200 AM
 LOWEST     70           200 PM
 AVERAGE    80

..........................................................


THE CHARLESTON WV CLIMATE NORMALS FOR TOMORROW
                         NORMAL    RECORD    YEAR
 MAXIMUM TEMPERATURE (F)   79        96      1925
 MINIMUM TEMPERATURE (F)   58        35      1966


SUNRISE AND SUNSET
JUNE  1 2015..........SUNRISE   605 AM EDT   SUNSET   844 PM EDT
JUNE  2 2015..........SUNRISE   604 AM EDT   SUNSET   845 PM EDT


-  INDICATES NEGATIVE NUMBERS.
R  INDICATES RECORD WAS SET OR TIED.
MM INDICATES DATA IS MISSING.
T  INDICATES TRACE AMOUNT.




$$
