000
CDUS41 KRLX 180718
CLICRW


CLIMATE REPORT
NATIONAL WEATHER SERVICE CHARLESTON WV
318 AM EDT FRI AUG 18 2017


...................................

...THE CHARLESTON WV CLIMATE SUMMARY FOR AUGUST 17 2017...

CLIMATE NORMAL PERIOD 1981 TO 2010
CLIMATE RECORD PERIOD 1901 TO 2017


WEATHER ITEM   OBSERVED TIME   RECORD YEAR NORMAL DEPARTURE LAST
                VALUE   (LST)  VALUE       VALUE  FROM      YEAR
                                                  NORMAL
..................................................................
TEMPERATURE (F)
 YESTERDAY
  MAXIMUM         90    150 PM 101    1988  84      6       86
  MINIMUM         68    544 AM  48    1979  65      3       69
  AVERAGE         79                        75      4       78

PRECIPITATION (IN)
  YESTERDAY        0.00          2.21 1994   0.12  -0.12     0.84
  MONTH TO DATE    3.15                      2.18   0.97     2.50
  SINCE JAN 1     35.16                     29.55   5.61    28.83

SNOWFALL (IN)
  YESTERDAY        0.0
  MONTH TO DATE    0.0
  SINCE SEP 1      7.5
  SNOW DEPTH       0

DEGREE DAYS
 HEATING
  YESTERDAY        0                         0      0        0
  MONTH TO DATE    0                         0      0        0
  SINCE JUN 1      5                        13     -8        3
  SINCE JUL 1      0                         0      0        0

 COOLING
  YESTERDAY       14                        10      4       13
  MONTH TO DATE  144                       170    -26      239
  SINCE JUN 1    686                       714    -28      870
  SINCE JAN 1    831                       824      7     1000
..................................................................


WIND (MPH)
  HIGHEST WIND SPEED    22   HIGHEST WIND DIRECTION    SW (210)
  HIGHEST GUST SPEED    30   HIGHEST GUST DIRECTION     S (200)
  AVERAGE WIND SPEED     5.2


SKY COVER
  AVERAGE SKY COVER 0.4


WEATHER CONDITIONS
 THE FOLLOWING WEATHER WAS RECORDED YESTERDAY.
  THUNDERSTORM
  FOG


RELATIVE HUMIDITY (PERCENT)
 HIGHEST   100           200 AM
 LOWEST     59          1200 PM
 AVERAGE    80

..........................................................


THE CHARLESTON WV CLIMATE NORMALS FOR TODAY
                         NORMAL    RECORD    YEAR
 MAXIMUM TEMPERATURE (F)   84        99      1988
 MINIMUM TEMPERATURE (F)   65        51      1981


SUNRISE AND SUNSET
AUGUST 18 2017........SUNRISE   644 AM EDT   SUNSET   816 PM EDT
AUGUST 19 2017........SUNRISE   645 AM EDT   SUNSET   815 PM EDT


-  INDICATES NEGATIVE NUMBERS.
R  INDICATES RECORD WAS SET OR TIED.
MM INDICATES DATA IS MISSING.
T  INDICATES TRACE AMOUNT.




$$
