000
CDUS41 KRLX 300912
CLICRW


CLIMATE REPORT
NATIONAL WEATHER SERVICE CHARLESTON WV
319 AM EST FRI JAN 30 2015


...................................

...THE CHARLESTON WV CLIMATE SUMMARY FOR JANUARY 29 2015...

CLIMATE NORMAL PERIOD 1981 TO 2010
CLIMATE RECORD PERIOD 1901 TO 2015


WEATHER ITEM   OBSERVED TIME   RECORD YEAR NORMAL DEPARTURE LAST
                VALUE   (LST)  VALUE       VALUE  FROM      YEAR
                                                  NORMAL
..................................................................
TEMPERATURE (F)
 YESTERDAY
  MAXIMUM         50    634 PM  79    1914  43      7       21
  MINIMUM         21    156 AM  -8    1963  27     -6       -5
  AVERAGE         36                        35      1        8

PRECIPITATION (IN)
  YESTERDAY        0.11          1.72 1957   0.10   0.01     0.00
  MONTH TO DATE    2.19                      2.80  -0.61     2.50
  SINCE JAN 1      2.19                      2.80  -0.61     2.50

SNOWFALL (IN)
  YESTERDAY        T
  MONTH TO DATE    1.7
  SINCE SEP 1      2.7
  SNOW DEPTH       0

DEGREE DAYS
 HEATING
  YESTERDAY       29                        30     -1       57
  MONTH TO DATE  925                       892     33     1080
  SINCE DEC 1   1691                      1748    -57     1873
  SINCE JUL 1   2734                      2632    102     2830

 COOLING
  YESTERDAY        0                         0      0        0
  MONTH TO DATE    0                         0      0        0
  SINCE DEC 1      0                         1     -1        2
  SINCE JAN 1      0                         0      0        0
..................................................................


WIND (MPH)
  HIGHEST WIND SPEED    25   HIGHEST WIND DIRECTION    SW (210)
  HIGHEST GUST SPEED    35   HIGHEST GUST DIRECTION    SW (210)
  AVERAGE WIND SPEED     7.0


SKY COVER
  POSSIBLE SUNSHINE  MM
  AVERAGE SKY COVER 0.7


WEATHER CONDITIONS
 THE FOLLOWING WEATHER WAS RECORDED YESTERDAY.
  LIGHT RAIN
  LIGHT SNOW
  SLEET


RELATIVE HUMIDITY (PERCENT)
 HIGHEST    92           500 AM
 LOWEST     44          1000 AM
 AVERAGE    68

..........................................................


THE CHARLESTON WV CLIMATE NORMALS FOR TODAY
                         NORMAL    RECORD    YEAR
 MAXIMUM TEMPERATURE (F)   43        75      1903
 MINIMUM TEMPERATURE (F)   27        -1      2014


SUNRISE AND SUNSET
JANUARY 30 2015.......SUNRISE   733 AM EST   SUNSET   546 PM EST
JANUARY 31 2015.......SUNRISE   733 AM EST   SUNSET   547 PM EST


-  INDICATES NEGATIVE NUMBERS.
R  INDICATES RECORD WAS SET OR TIED.
MM INDICATES DATA IS MISSING.
T  INDICATES TRACE AMOUNT.




$$
