026
CDUS41 KRLX 190816
CLICRW


CLIMATE REPORT
NATIONAL WEATHER SERVICE CHARLESTON WV
316 AM EST THU JAN 19 2017


...................................

...THE CHARLESTON WV CLIMATE SUMMARY FOR JANUARY 18 2017...

CLIMATE NORMAL PERIOD 1981 TO 2010
CLIMATE RECORD PERIOD 1901 TO 2017


WEATHER ITEM   OBSERVED TIME   RECORD YEAR NORMAL DEPARTURE LAST
                VALUE   (LST)  VALUE       VALUE  FROM      YEAR
                                                  NORMAL
..................................................................
TEMPERATURE (F)
 YESTERDAY
  MAXIMUM         57   1208 AM  76    1932  42     15       18
  MINIMUM         42   1124 PM -10    1994  26     16        8
  AVERAGE         50                        34     16       13

PRECIPITATION (IN)
  YESTERDAY        0.02          1.62 1937   0.10  -0.08      T
  MONTH TO DATE    3.27                      1.73   1.54     0.45
  SINCE JAN 1      3.27                      1.73   1.54     0.45

SNOWFALL (IN)
  YESTERDAY        0.0
  MONTH TO DATE    4.0
  SINCE SEP 1      5.2
  SNOW DEPTH       0

DEGREE DAYS
 HEATING
  YESTERDAY       15                        31    -16       52
  MONTH TO DATE  447                       557   -110      580
  SINCE DEC 1   1239                      1413   -174     1058
  SINCE JUL 1   1893                      2297   -404     1710

 COOLING
  YESTERDAY        0                         0      0        0
  MONTH TO DATE    0                         0      0        0
  SINCE DEC 1      0                         1     -1        0
  SINCE JAN 1      0                         0      0        0
..................................................................


WIND (MPH)
  HIGHEST WIND SPEED    17   HIGHEST WIND DIRECTION     W (260)
  HIGHEST GUST SPEED    26   HIGHEST GUST DIRECTION     W (280)
  AVERAGE WIND SPEED     7.2


SKY COVER
  POSSIBLE SUNSHINE  MM
  AVERAGE SKY COVER 1.0


WEATHER CONDITIONS
 THE FOLLOWING WEATHER WAS RECORDED YESTERDAY.
  LIGHT RAIN
  FOG


RELATIVE HUMIDITY (PERCENT)
 HIGHEST    89           800 AM
 LOWEST     67          1200 AM
 AVERAGE    78

..........................................................


THE CHARLESTON WV CLIMATE NORMALS FOR TODAY
                         NORMAL    RECORD    YEAR
 MAXIMUM TEMPERATURE (F)   42        74      1929
 MINIMUM TEMPERATURE (F)   26       -16      1994


SUNRISE AND SUNSET
JANUARY 19 2017.......SUNRISE   740 AM EST   SUNSET   535 PM EST
JANUARY 20 2017.......SUNRISE   740 AM EST   SUNSET   536 PM EST


-  INDICATES NEGATIVE NUMBERS.
R  INDICATES RECORD WAS SET OR TIED.
MM INDICATES DATA IS MISSING.
T  INDICATES TRACE AMOUNT.




$$
