000
CDUS41 KRLX 010816
CLICRW


CLIMATE REPORT
NATIONAL WEATHER SERVICE CHARLESTON WV
405 AM EDT WED JUL 1 2015


...................................

...THE CHARLESTON WV CLIMATE SUMMARY FOR JUNE 30 2015...

CLIMATE NORMAL PERIOD 1981 TO 2010
CLIMATE RECORD PERIOD 1901 TO 2015


WEATHER ITEM   OBSERVED TIME   RECORD YEAR NORMAL DEPARTURE LAST
                VALUE   (LST)  VALUE       VALUE  FROM      YEAR
                                                  NORMAL
..................................................................
TEMPERATURE (F)
 YESTERDAY
  MAXIMUM         81    307 PM  99    1936  85     -4       87
  MINIMUM         61   1159 PM  40    1924  65     -4       68
  AVERAGE         71                        75     -4       78

PRECIPITATION (IN)
  YESTERDAY        0.09          2.12 1900   0.13  -0.04      T
  MONTH TO DATE    5.98                      4.29   1.69     6.54
  SINCE JAN 1     25.18                     22.43   2.75    22.66

SNOWFALL (IN)
  YESTERDAY        0.0
  MONTH TO DATE    0.0
  SINCE SEP 1     29.1
  SNOW DEPTH       0

DEGREE DAYS
 HEATING
  YESTERDAY        0                         0      0        0
  MONTH TO DATE    8                        10     -2        0
  SINCE JUN 1      8                        13     -5        0
  SINCE JUL 1   4843                      4478    365     4773

 COOLING
  YESTERDAY        6                        10     -4       13
  MONTH TO DATE  287                       220     67      264
  SINCE JUN 1    287                       220     67      264
  SINCE JAN 1    476                       330    146      385
..................................................................


WIND (MPH)
  HIGHEST WIND SPEED    36   HIGHEST WIND DIRECTION    NW (330)
  HIGHEST GUST SPEED    53   HIGHEST GUST DIRECTION     N (340)
  AVERAGE WIND SPEED     6.7


SKY COVER
  POSSIBLE SUNSHINE  MM
  AVERAGE SKY COVER 0.7


WEATHER CONDITIONS
 THE FOLLOWING WEATHER WAS RECORDED YESTERDAY.
  THUNDERSTORM
  RAIN
  LIGHT RAIN
  FOG


RELATIVE HUMIDITY (PERCENT)
 HIGHEST    93           100 AM
 LOWEST     54           200 PM
 AVERAGE    74

..........................................................


THE CHARLESTON WV CLIMATE NORMALS FOR TODAY
                         NORMAL    RECORD    YEAR
 MAXIMUM TEMPERATURE (F)   85       102      1931
 MINIMUM TEMPERATURE (F)   65        47      1988


SUNRISE AND SUNSET
JULY  1 2015..........SUNRISE   606 AM EDT   SUNSET   854 PM EDT
JULY  2 2015..........SUNRISE   607 AM EDT   SUNSET   854 PM EDT


-  INDICATES NEGATIVE NUMBERS.
R  INDICATES RECORD WAS SET OR TIED.
MM INDICATES DATA IS MISSING.
T  INDICATES TRACE AMOUNT.




$$
