000
CDUS41 KRLX 190721
CLICRW


CLIMATE REPORT
NATIONAL WEATHER SERVICE CHARLESTON WV
317 AM EDT FRI SEP 19 2014


...................................

...THE CHARLESTON WV CLIMATE SUMMARY FOR SEPTEMBER 18 2014...

CLIMATE NORMAL PERIOD 1981 TO 2010
CLIMATE RECORD PERIOD 1901 TO 2014


WEATHER ITEM   OBSERVED TIME   RECORD YEAR NORMAL DEPARTURE LAST
                VALUE   (LST)  VALUE       VALUE  FROM      YEAR
                                                  NORMAL
..................................................................
TEMPERATURE (F)
 YESTERDAY
  MAXIMUM         73    419 PM 100    1931  77     -4       72
  MINIMUM         54   1159 PM  35    1937  56     -2       52
  AVERAGE         64                        67     -3       62

PRECIPITATION (IN)
  YESTERDAY        0.00          1.30 2003   0.11  -0.11     0.01
  MONTH TO DATE    4.49                      2.00   2.49     1.51
  SINCE JAN 1     36.64                     33.11   3.53    35.55

SNOWFALL (IN)
  YESTERDAY        0.0
  MONTH TO DATE    0.0
  SINCE SEP 1      0.0
  SNOW DEPTH       0

DEGREE DAYS
 HEATING
  YESTERDAY        1                         2     -1        3
  MONTH TO DATE   22                        14      8       16
  SINCE SEP 1     22                        14      8       16
  SINCE JUL 1     22                        16      6       19

 COOLING
  YESTERDAY        0                         4     -4        0
  MONTH TO DATE  104                        96      8       98
  SINCE SEP 1    104                        96      8       98
  SINCE JAN 1   1011                      1042    -31     1064
..................................................................


WIND (MPH)
  HIGHEST WIND SPEED     9   HIGHEST WIND DIRECTION    NE (50)
  HIGHEST GUST SPEED    12   HIGHEST GUST DIRECTION    NE (30)
  AVERAGE WIND SPEED     1.5


SKY COVER
  POSSIBLE SUNSHINE  MM
  AVERAGE SKY COVER 0.7


WEATHER CONDITIONS
 THE FOLLOWING WEATHER WAS RECORDED YESTERDAY.
  FOG
  FOG W/VISIBILITY <= 1/4 MILE


RELATIVE HUMIDITY (PERCENT)
 HIGHEST   100          1200 AM
 LOWEST     49           400 PM
 AVERAGE    75

..........................................................


THE CHARLESTON WV CLIMATE NORMALS FOR TODAY
                         NORMAL    RECORD    YEAR
 MAXIMUM TEMPERATURE (F)   77        98      1908
 MINIMUM TEMPERATURE (F)   56        33      1903


SUNRISE AND SUNSET
SEPTEMBER 19 2014.....SUNRISE   711 AM EDT   SUNSET   728 PM EDT
SEPTEMBER 20 2014.....SUNRISE   712 AM EDT   SUNSET   727 PM EDT


-  INDICATES NEGATIVE NUMBERS.
R  INDICATES RECORD WAS SET OR TIED.
MM INDICATES DATA IS MISSING.
T  INDICATES TRACE AMOUNT.




$$
