000
CDUS42 KFFC 230817
CLICSG


CLIMATE REPORT
NATIONAL WEATHER SERVICE PEACHTREE CITY GA
417 AM EDT SAT AUG 23 2014


...................................

...THE COLUMBUS CLIMATE SUMMARY FOR AUGUST 22 2014...

CLIMATE NORMAL PERIOD 1981 TO 2010
CLIMATE RECORD PERIOD 1948 TO 2014


WEATHER ITEM   OBSERVED TIME   RECORD YEAR NORMAL DEPARTURE LAST
                VALUE   (LST)  VALUE       VALUE  FROM      YEAR
                                                  NORMAL
..................................................................
TEMPERATURE (F)
 YESTERDAY
  MAXIMUM         98    442 PM 102    2007  91      7       92
  MINIMUM         73    632 AM  62    1961  72      1       70
  AVERAGE         86                        82      4       81

PRECIPITATION (IN)
  YESTERDAY        T             0.88 1960   0.13  -0.13     0.00
  MONTH TO DATE    1.18                      2.74  -1.56     8.57
  SINCE JUN 1      9.88                     11.22  -1.34    24.70
  SINCE JAN 1     35.67                     31.71   3.96    50.31

DEGREE DAYS
 HEATING
  YESTERDAY        0                         0      0        0
  MONTH TO DATE    0                         0      0        0
  SINCE JUN 1      0                         0      0        0
  SINCE JUL 1      0                         0      0        0

 COOLING
  YESTERDAY       21                        17      4       16
  MONTH TO DATE  358                       378    -20      343
  SINCE JUN 1   1299                      1368    -69     1279
  SINCE JAN 1   1635                      1726    -91     1642
..................................................................


WIND (MPH)
  HIGHEST WIND SPEED    13   HIGHEST WIND DIRECTION    NW (310)
  HIGHEST GUST SPEED    17   HIGHEST GUST DIRECTION    NW (310)
  AVERAGE WIND SPEED     3.4


SKY COVER
  AVERAGE SKY COVER 0.1


WEATHER CONDITIONS
 THE FOLLOWING WEATHER WAS RECORDED YESTERDAY.
  HEAVY RAIN


RELATIVE HUMIDITY (PERCENT)
 HIGHEST    93           300 AM
 LOWEST     38           500 PM
 AVERAGE    66

..........................................................


THE COLUMBUS CLIMATE NORMALS FOR TODAY
                         NORMAL    RECORD    YEAR
 MAXIMUM TEMPERATURE (F)   91       101      1968
 MINIMUM TEMPERATURE (F)   72        62      1950


SUNRISE AND SUNSET
AUGUST 23 2014........SUNRISE   709 AM EDT   SUNSET   815 PM EDT
AUGUST 24 2014........SUNRISE   709 AM EDT   SUNSET   814 PM EDT


-  INDICATES NEGATIVE NUMBERS.
R  INDICATES RECORD WAS SET OR TIED.
MM INDICATES DATA IS MISSING.
T  INDICATES TRACE AMOUNT.




$$
