000
CDUS42 KFFC 240023
CLICSG


CLIMATE REPORT
NATIONAL WEATHER SERVICE PEACHTREE CITY GA
823 PM EDT FRI JUN 23 2017


...................................

...THE COLUMBUS CLIMATE SUMMARY FOR JUNE 23 2017...
VALID AS OF 0800 PM LOCAL TIME.

CLIMATE NORMAL PERIOD 1981 TO 2010
CLIMATE RECORD PERIOD 1948 TO 2017


WEATHER ITEM   OBSERVED TIME   RECORD YEAR NORMAL DEPARTURE LAST
                VALUE   (LST)  VALUE       VALUE  FROM      YEAR
                                                  NORMAL
..................................................................
TEMPERATURE (F)
 TODAY
  MAXIMUM         93    416 PM 104    1930  91      2       94
  MINIMUM         73    549 AM  57    1972  71      2       68
  AVERAGE         83                        81      2       81

PRECIPITATION (IN)
  TODAY            0.00          2.45 1947   0.14  -0.14     0.00
  MONTH TO DATE    1.97                      2.78  -0.81     2.01
  SINCE JUN 1      1.97                      2.78  -0.81     2.01
  SINCE JAN 1     27.54                     23.27   4.27    21.45

DEGREE DAYS
 COOLING
  TODAY           18                        16      2       16
  MONTH TO DATE  327                       329     -2      365
  SINCE JUN 1    327                       329     -2      365
  SINCE JAN 1    879                       687    192      751
..................................................................


WIND (MPH)
  HIGHEST WIND SPEED    22   HIGHEST WIND DIRECTION    SW (240)
  HIGHEST GUST SPEED    29   HIGHEST GUST DIRECTION    SW (240)
  AVERAGE WIND SPEED     9.3


SKY COVER
  AVERAGE SKY COVER 0.4


WEATHER CONDITIONS
 THE FOLLOWING WEATHER WAS RECORDED TODAY.
  NO SIGNIFICANT WEATHER WAS OBSERVED.


RELATIVE HUMIDITY (PERCENT)
 HIGHEST    94           700 AM
 LOWEST     49           400 PM

..........................................................


THE COLUMBUS CLIMATE NORMALS FOR TOMORROW
                         NORMAL    RECORD
 MAXIMUM TEMPERATURE (F)   91       104
 MINIMUM TEMPERATURE (F)   71        56


SUNRISE AND SUNSET
JUNE 23 2017..........SUNRISE   633 AM EDT   SUNSET   851 PM EDT
JUNE 24 2017..........SUNRISE   634 AM EDT   SUNSET   851 PM EDT


-  INDICATES NEGATIVE NUMBERS.
R  INDICATES RECORD WAS SET OR TIED.
MM INDICATES DATA IS MISSING.
T  INDICATES TRACE AMOUNT.




$$
