000
CDUS42 KFFC 250835
CLICSG


CLIMATE REPORT
NATIONAL WEATHER SERVICE PEACHTREE CITY GA
435 AM EDT SAT MAR 25 2017


...................................

...THE COLUMBUS CLIMATE SUMMARY FOR MARCH 24 2017...

CLIMATE NORMAL PERIOD 1981 TO 2010
CLIMATE RECORD PERIOD 1948 TO 2017


WEATHER ITEM   OBSERVED TIME   RECORD YEAR NORMAL DEPARTURE LAST
                VALUE   (LST)  VALUE       VALUE  FROM      YEAR
                                                  NORMAL
..................................................................
TEMPERATURE (F)
 YESTERDAY
  MAXIMUM         79    421 PM  90    1907  72      7       78
  MINIMUM         58    818 AM  27    1968  48     10       50
  AVERAGE         69                        60      9       64

PRECIPITATION (IN)
  YESTERDAY        0.00          2.10 1957   0.18  -0.18     0.53
  MONTH TO DATE    1.03                      4.27  -3.24     2.08
  SINCE MAR 1      1.03                      4.27  -3.24     2.08
  SINCE JAN 1     15.29                     12.56   2.73     9.51

SNOWFALL (IN)
  YESTERDAY        0.0           0.0  2002   0.0    0.0      0.0
                                      2001
                                      2000
  MONTH TO DATE    0.0                       0.1   -0.1      0.0
  SINCE MAR 1      0.0                       0.1   -0.1      0.0
  SINCE JUL 1      0.0                       0.4   -0.4      0.0
  SNOW DEPTH       0

DEGREE DAYS
 HEATING
  YESTERDAY        0                         6     -6        1
  MONTH TO DATE  203                       206     -3      134
  SINCE MAR 1    203                       206     -3      134
  SINCE JUL 1   1333                      1983   -650     1524

 COOLING
  YESTERDAY        4                         1      3        0
  MONTH TO DATE   21                        17      4       50
  SINCE MAR 1     21                        17      4       50
  SINCE JAN 1     38                        21     17       52
..................................................................


WIND (MPH)
  HIGHEST WIND SPEED    18   HIGHEST WIND DIRECTION    SE (150)
  HIGHEST GUST SPEED    24   HIGHEST GUST DIRECTION    SE (150)
  AVERAGE WIND SPEED     9.8


SKY COVER
  AVERAGE SKY COVER 0.7


WEATHER CONDITIONS
 THE FOLLOWING WEATHER WAS RECORDED YESTERDAY.
  HAZE


RELATIVE HUMIDITY (PERCENT)
 HIGHEST    72           600 AM
 LOWEST     36           400 PM
 AVERAGE    54

..........................................................


THE COLUMBUS CLIMATE NORMALS FOR TODAY
                         NORMAL    RECORD    YEAR
 MAXIMUM TEMPERATURE (F)   72        91      1929
                                             1907
 MINIMUM TEMPERATURE (F)   48        30      1966
                                             1956


SUNRISE AND SUNSET
MARCH 25 2017.........SUNRISE   737 AM EDT   SUNSET   755 PM EDT
MARCH 26 2017.........SUNRISE   735 AM EDT   SUNSET   756 PM EDT


-  INDICATES NEGATIVE NUMBERS.
R  INDICATES RECORD WAS SET OR TIED.
MM INDICATES DATA IS MISSING.
T  INDICATES TRACE AMOUNT.




$$
