000
CDUS42 KFFC 141711
CLICSG


CLIMATE REPORT
NATIONAL WEATHER SERVICE PEACHTREE CITY GA
1211 PM EST SUN FEB 14 2016


...................................

...THE COLUMBUS CLIMATE SUMMARY FOR FEBRUARY 13 2016...

CLIMATE NORMAL PERIOD 1981 TO 2010
CLIMATE RECORD PERIOD 1948 TO 2016


WEATHER ITEM   OBSERVED TIME   RECORD YEAR NORMAL DEPARTURE LAST
                VALUE   (LST)  VALUE       VALUE  FROM      YEAR
                                                  NORMAL
..................................................................
TEMPERATURE (F)
 YESTERDAY
  MAXIMUM         51   1221 AM  83    1962  62    -11       49
  MINIMUM         36   1159 PM  17    1955  40     -4       27
  AVERAGE         44                        51     -7       38

PRECIPITATION (IN)
  YESTERDAY        0.00          1.59 1966   0.15  -0.15     0.00
  MONTH TO DATE    2.38                      1.96   0.42     1.24
  SINCE DEC 1     22.96                     10.08  12.88     9.01
  SINCE JAN 1      5.58                      5.81  -0.23     4.39

SNOWFALL (IN)
  YESTERDAY        0.0           T    2012   0.0    0.0      0.0
  MONTH TO DATE    0.0                       0.0    0.0      0.0
  SINCE DEC 1      0.0                       0.3   -0.3      0.0
  SINCE JUL 1      0.0                       0.3   -0.3      0.0
  SNOW DEPTH       0

DEGREE DAYS
 HEATING
  YESTERDAY       21                        15      6       27
  MONTH TO DATE  217                       203     14      237
  SINCE DEC 1   1020                      1254   -234     1219
  SINCE JUL 1   1216                      1586   -370     1687

 COOLING
  YESTERDAY        0                         0      0        0
  MONTH TO DATE    0                         0      0        0
  SINCE DEC 1     34                         5     29        1
  SINCE JAN 1      0                         1     -1        0
..................................................................


WIND (MPH)
  HIGHEST WIND SPEED    18   HIGHEST WIND DIRECTION     N (340)
  HIGHEST GUST SPEED    27   HIGHEST GUST DIRECTION     N (340)
  AVERAGE WIND SPEED     9.5


SKY COVER
  AVERAGE SKY COVER 0.0


WEATHER CONDITIONS
 THE FOLLOWING WEATHER WAS RECORDED YESTERDAY.
  NO SIGNIFICANT WEATHER WAS OBSERVED.


RELATIVE HUMIDITY (PERCENT)
 HIGHEST    52           800 AM
 LOWEST     14           400 PM
 AVERAGE    33

..........................................................


THE COLUMBUS CLIMATE NORMALS FOR TODAY
                         NORMAL    RECORD    YEAR
 MAXIMUM TEMPERATURE (F)   62        80      1962
 MINIMUM TEMPERATURE (F)   40        17      1958


SUNRISE AND SUNSET
FEBRUARY 14 2016......SUNRISE   724 AM EST   SUNSET   624 PM EST
FEBRUARY 15 2016......SUNRISE   723 AM EST   SUNSET   625 PM EST


-  INDICATES NEGATIVE NUMBERS.
R  INDICATES RECORD WAS SET OR TIED.
MM INDICATES DATA IS MISSING.
T  INDICATES TRACE AMOUNT.




$$
