000
CDUS42 KFFC 300818
CLICSG


CLIMATE REPORT
NATIONAL WEATHER SERVICE PEACHTREE CITY GA
417 AM EDT THU JUL 30 2015


...................................

...THE COLUMBUS CLIMATE SUMMARY FOR JULY 29 2015...

CLIMATE NORMAL PERIOD 1981 TO 2010
CLIMATE RECORD PERIOD 1948 TO 2015


WEATHER ITEM   OBSERVED TIME   RECORD YEAR NORMAL DEPARTURE LAST
                VALUE   (LST)  VALUE       VALUE  FROM      YEAR
                                                  NORMAL
..................................................................
TEMPERATURE (F)
 YESTERDAY
  MAXIMUM        100    330 PM 101    1952  92      8       87
  MINIMUM         76    535 AM  65    1994  73      3       69
  AVERAGE         88                        83      5       78

PRECIPITATION (IN)
  YESTERDAY        T             2.59 1971   0.15  -0.15     0.00
  MONTH TO DATE    1.96                      4.47  -2.51     4.49
  SINCE JUN 1      6.03                      8.19  -2.16     8.70
  SINCE JAN 1     25.51                     28.68  -3.17    34.49

DEGREE DAYS
 HEATING
  YESTERDAY        0                         0      0        0
  MONTH TO DATE    0                         0      0        0
  SINCE JUN 1      0                         0      0        0
  SINCE JUL 1      0                         0      0        0

 COOLING
  YESTERDAY       23                        18      5       13
  MONTH TO DATE  547                       514     33      459
  SINCE JUN 1   1019                       960     59      918
  SINCE JAN 1   1465                      1318    147     1254
..................................................................


WIND (MPH)
  HIGHEST WIND SPEED    24   HIGHEST WIND DIRECTION    NW (320)
  HIGHEST GUST SPEED    32   HIGHEST GUST DIRECTION    NW (320)
  AVERAGE WIND SPEED     5.0


SKY COVER
  AVERAGE SKY COVER 0.3


WEATHER CONDITIONS
 THE FOLLOWING WEATHER WAS RECORDED YESTERDAY.
  THUNDERSTORM
  LIGHT RAIN


RELATIVE HUMIDITY (PERCENT)
 HIGHEST    88           300 AM
 LOWEST     35           100 PM
 AVERAGE    62

..........................................................


THE COLUMBUS CLIMATE NORMALS FOR TODAY
                         NORMAL    RECORD    YEAR
 MAXIMUM TEMPERATURE (F)   92       102      2010
                                             1986
 MINIMUM TEMPERATURE (F)   73        63      2014


SUNRISE AND SUNSET
JULY 30 2015..........SUNRISE   653 AM EDT   SUNSET   839 PM EDT
JULY 31 2015..........SUNRISE   653 AM EDT   SUNSET   839 PM EDT


-  INDICATES NEGATIVE NUMBERS.
R  INDICATES RECORD WAS SET OR TIED.
MM INDICATES DATA IS MISSING.
T  INDICATES TRACE AMOUNT.




$$
