000
CDUS42 KFFC 292034
CLICSG


CLIMATE REPORT
NATIONAL WEATHER SERVICE PEACHTREE CITY GA
434 PM EDT SAT APR 29 2017


...................................

...THE COLUMBUS CLIMATE SUMMARY FOR APRIL 29 2017...
VALID TODAY AS OF 0400 PM LOCAL TIME.

CLIMATE NORMAL PERIOD 1981 TO 2010
CLIMATE RECORD PERIOD 1948 TO 2017


WEATHER ITEM   OBSERVED TIME   RECORD YEAR NORMAL DEPARTURE LAST
                VALUE   (LST)  VALUE       VALUE  FROM      YEAR
                                                  NORMAL
..................................................................
TEMPERATURE (F)
 TODAY
  MAXIMUM         90    310 PM  92    1943  80     10       88
                                      1927
  MINIMUM         69    536 AM  39    1928  56     13       64
  AVERAGE         80                        68     12       76

PRECIPITATION (IN)
  TODAY            0.00          5.18 1949   0.11  -0.11     0.00
  MONTH TO DATE    4.41                      3.45   0.96     6.94
  SINCE MAR 1      5.94                      8.91  -2.97     9.50
  SINCE JAN 1     20.20                     17.20   3.00    16.93

SNOWFALL (IN)
  TODAY            0.0           0.0  2002   0.0    0.0      0.0
                                      2001
                                      2000
  MONTH TO DATE    0.0                       0.0    0.0      0.0
  SINCE MAR 1      0.0                       0.1   -0.1      0.0
  SINCE JUL 1      0.0                       0.4   -0.4      0.0
  SNOW DEPTH       0

DEGREE DAYS
 HEATING
  TODAY            0                         1     -1        0
  MONTH TO DATE   23                        89    -66       69
  SINCE MAR 1    226                       335   -109      214
  SINCE JUL 1   1356                      2112   -756     1604

 COOLING
  TODAY           15                         4     11       11
  MONTH TO DATE  171                        74     97       69
  SINCE MAR 1    241                        97    144      126
  SINCE JAN 1    258                       101    157      128
..................................................................


WIND (MPH)
  RESULTANT WIND SPEED   5   RESULTANT WIND DIRECTION   S (180)
  HIGHEST WIND SPEED    20   HIGHEST WIND DIRECTION     S (190)
  HIGHEST GUST SPEED    23   HIGHEST GUST DIRECTION     S (190)
  AVERAGE WIND SPEED     5.3


SKY COVER
  AVERAGE SKY COVER 0.3


WEATHER CONDITIONS
 THE FOLLOWING WEATHER WAS RECORDED TODAY.
  NO SIGNIFICANT WEATHER WAS OBSERVED.


RELATIVE HUMIDITY (PERCENT)
 HIGHEST    90           500 AM
 LOWEST     46           300 PM
 AVERAGE    68

..........................................................


THE COLUMBUS CLIMATE NORMALS FOR TOMORROW
                         NORMAL    RECORD    YEAR
 MAXIMUM TEMPERATURE (F)   80        95      1942
 MINIMUM TEMPERATURE (F)   57        42      2008


SUNRISE AND SUNSET
APRIL 29 2017.........SUNRISE   655 AM EDT   SUNSET   820 PM EDT
APRIL 30 2017.........SUNRISE   654 AM EDT   SUNSET   821 PM EDT


-  INDICATES NEGATIVE NUMBERS.
R  INDICATES RECORD WAS SET OR TIED.
MM INDICATES DATA IS MISSING.
T  INDICATES TRACE AMOUNT.




$$
