000
CDUS42 KFFC 300817
CLICSG


CLIMATE REPORT
NATIONAL WEATHER SERVICE PEACHTREE CITY GA
417 AM EDT THU OCT 30 2014


...................................

...THE COLUMBUS CLIMATE SUMMARY FOR OCTOBER 29 2014...

CLIMATE NORMAL PERIOD 1981 TO 2010
CLIMATE RECORD PERIOD 1948 TO 2014


WEATHER ITEM   OBSERVED TIME   RECORD YEAR NORMAL DEPARTURE LAST
                VALUE   (LST)  VALUE       VALUE  FROM      YEAR
                                                  NORMAL
..................................................................
TEMPERATURE (F)
 YESTERDAY
  MAXIMUM         79   1234 PM  84    1996  74      5       81
  MINIMUM         57   1159 PM  29    1976  51      6       55
  AVERAGE         68                        62      6       68

PRECIPITATION (IN)
  YESTERDAY        T             2.78 1970   0.09  -0.09     0.00
  MONTH TO DATE    4.26                      2.41   1.85     0.45
  SINCE SEP 1      8.37                      5.47   2.90     1.62
  SINCE JAN 1     44.55                     38.21   6.34    51.99

DEGREE DAYS
 HEATING
  YESTERDAY        0                         5     -5        0
  MONTH TO DATE   31                        65    -34       47
  SINCE SEP 1     31                        68    -37       47
  SINCE JUL 1     31                        68    -37       47

 COOLING
  YESTERDAY        3                         2      1        3
  MONTH TO DATE  128                       114     14      148
  SINCE SEP 1    514                       464     50      543
  SINCE JAN 1   2309                      2336    -27     2327
..................................................................


WIND (MPH)
  HIGHEST WIND SPEED    16   HIGHEST WIND DIRECTION     N (20)
  HIGHEST GUST SPEED    23   HIGHEST GUST DIRECTION     N (20)
  AVERAGE WIND SPEED     4.9


SKY COVER
  AVERAGE SKY COVER 0.5


WEATHER CONDITIONS
 THE FOLLOWING WEATHER WAS RECORDED YESTERDAY.
  NO SIGNIFICANT WEATHER WAS OBSERVED.


RELATIVE HUMIDITY (PERCENT)
 HIGHEST    97           700 AM
 LOWEST     58          1200 PM
 AVERAGE    78

..........................................................


THE COLUMBUS CLIMATE NORMALS FOR TODAY
                         NORMAL    RECORD    YEAR
 MAXIMUM TEMPERATURE (F)   74        90      1984
 MINIMUM TEMPERATURE (F)   51        24      1952


SUNRISE AND SUNSET
OCTOBER 30 2014.......SUNRISE   755 AM EDT   SUNSET   651 PM EDT
OCTOBER 31 2014.......SUNRISE   756 AM EDT   SUNSET   650 PM EDT


-  INDICATES NEGATIVE NUMBERS.
R  INDICATES RECORD WAS SET OR TIED.
MM INDICATES DATA IS MISSING.
T  INDICATES TRACE AMOUNT.




$$
