000
CDUS42 KFFC 200022
CLICSG


CLIMATE REPORT
NATIONAL WEATHER SERVICE PEACHTREE CITY GA
822 PM EDT SAT APR 19 2014


...................................

...THE COLUMBUS CLIMATE SUMMARY FOR APRIL 19 2014...
VALID AS OF 0800 PM LOCAL TIME.

CLIMATE NORMAL PERIOD 1981 TO 2010
CLIMATE RECORD PERIOD 1948 TO 2014


WEATHER ITEM   OBSERVED TIME   RECORD YEAR NORMAL DEPARTURE LAST
                VALUE   (LST)  VALUE       VALUE  FROM      YEAR
                                                  NORMAL
..................................................................
TEMPERATURE (F)
 TODAY
  MAXIMUM         65    339 PM  91    2002  78    -13       74
  MINIMUM         52    243 AM  33    1983  53     -1       48
  AVERAGE         59                        65     -6       61

PRECIPITATION (IN)
  TODAY            0.01          1.02 2009   0.12  -0.11     0.44
  MONTH TO DATE    7.96                      2.38   5.58     2.61
  SINCE MAR 1     13.36                      7.84   5.52     5.95
  SINCE JAN 1     21.68                     16.13   5.55    21.64

SNOWFALL (IN)
  TODAY            0.0           0.0  2002   0.0    0.0      0.0
                                      2001
                                      2000
  MONTH TO DATE    0.0                       0.0    0.0      0.0
  SINCE MAR 1      0.0                       0.1   -0.1      0.0
  SINCE JUL 1      1.2                       0.4    0.8      0.0
  SNOW DEPTH       0

DEGREE DAYS
 HEATING
  TODAY            6                         2      4        4
  MONTH TO DATE   79                        73      6       50
  SINCE MAR 1    391                       319     72      400
  SINCE JUL 1   2334                      2096    238     1756

 COOLING
  TODAY            0                         3     -3        0
  MONTH TO DATE   25                        39    -14       59
  SINCE MAR 1     25                        62    -37       67
  SINCE JAN 1     28                        66    -38       92
..................................................................


WIND (MPH)
  HIGHEST WIND SPEED    17   HIGHEST WIND DIRECTION    NE (50)
  HIGHEST GUST SPEED    25   HIGHEST GUST DIRECTION    NE (50)
  AVERAGE WIND SPEED    10.4


SKY COVER
  AVERAGE SKY COVER 0.9


WEATHER CONDITIONS
 THE FOLLOWING WEATHER WAS RECORDED TODAY.
  LIGHT RAIN
  FOG


RELATIVE HUMIDITY (PERCENT)
 HIGHEST    89           300 AM
 LOWEST     67           400 PM

..........................................................


THE COLUMBUS CLIMATE NORMALS FOR TOMORROW
                         NORMAL    RECORD
 MAXIMUM TEMPERATURE (F)   78        91
 MINIMUM TEMPERATURE (F)   54        35


SUNRISE AND SUNSET
APRIL 19 2014.........SUNRISE   706 AM EDT   SUNSET   812 PM EDT
APRIL 20 2014.........SUNRISE   705 AM EDT   SUNSET   813 PM EDT


-  INDICATES NEGATIVE NUMBERS.
R  INDICATES RECORD WAS SET OR TIED.
MM INDICATES DATA IS MISSING.
T  INDICATES TRACE AMOUNT.




$$
