036
CDUS42 KFFC 052142
CLICSG


CLIMATE REPORT
NATIONAL WEATHER SERVICE PEACHTREE CITY GA
442 PM EST MON DEC 5 2016


...................................

...THE COLUMBUS CLIMATE SUMMARY FOR DECEMBER 5 2016...
VALID TODAY AS OF 0400 PM LOCAL TIME.

CLIMATE NORMAL PERIOD 1981 TO 2010
CLIMATE RECORD PERIOD 1948 TO 2016


WEATHER ITEM   OBSERVED TIME   RECORD YEAR NORMAL DEPARTURE LAST
                VALUE   (LST)  VALUE       VALUE  FROM      YEAR
                                                  NORMAL
..................................................................
TEMPERATURE (F)
 TODAY
  MAXIMUM         57    341 PM  84    1926  62     -5       63
  MINIMUM         48    235 AM  25    1935  41      7       42
  AVERAGE         53                        51      2       53

PRECIPITATION (IN)
  TODAY            0.08          2.92 1982   0.15  -0.07     0.00
  MONTH TO DATE    0.61                      0.77  -0.16     0.14
  SINCE DEC 1      0.61                      0.77  -0.16     0.14
  SINCE JAN 1     31.38                     43.25 -11.87    45.86

SNOWFALL (IN)
  TODAY           MM             0.0  2001   0.0   MM        0.0
  MONTH TO DATE    0.0                       0.0    0.0      0.0
  SINCE DEC 1      0.0                       0.0    0.0      0.0
  SINCE JUL 1      0.0                       0.0    0.0      0.0
  SNOW DEPTH       0

DEGREE DAYS
 HEATING
  TODAY           12                        14     -2       12
  MONTH TO DATE   70                        67      3       50
  SINCE DEC 1     70                        67      3       50
  SINCE JUL 1    257                       399   -142      246

 COOLING
  TODAY            0                         0      0        0
  MONTH TO DATE    0                         0      0        1
  SINCE DEC 1      0                         0      0        1
  SINCE JAN 1   2755                      2364    391     2490
..................................................................


WIND (MPH)
  RESULTANT WIND SPEED   5   RESULTANT WIND DIRECTION   E (80)
  HIGHEST WIND SPEED    12   HIGHEST WIND DIRECTION     E (70)
  HIGHEST GUST SPEED    15   HIGHEST GUST DIRECTION    NE (60)
  AVERAGE WIND SPEED     6.0


SKY COVER
  AVERAGE SKY COVER 0.9


WEATHER CONDITIONS
 THE FOLLOWING WEATHER WAS RECORDED TODAY.
  LIGHT RAIN
  FOG


RELATIVE HUMIDITY (PERCENT)
 HIGHEST   100           600 AM
 LOWEST     83           100 PM
 AVERAGE    92

..........................................................


THE COLUMBUS CLIMATE NORMALS FOR TOMORROW
                         NORMAL    RECORD    YEAR
 MAXIMUM TEMPERATURE (F)   62        82      1926
 MINIMUM TEMPERATURE (F)   41        24      1962


SUNRISE AND SUNSET
DECEMBER  5 2016......SUNRISE   727 AM EST   SUNSET   534 PM EST
DECEMBER  6 2016......SUNRISE   728 AM EST   SUNSET   534 PM EST


-  INDICATES NEGATIVE NUMBERS.
R  INDICATES RECORD WAS SET OR TIED.
MM INDICATES DATA IS MISSING.
T  INDICATES TRACE AMOUNT.




$$
