000
CDUS42 KFFC 252036
CLICSG


CLIMATE REPORT
NATIONAL WEATHER SERVICE PEACHTREE CITY GA
436 PM EDT MON SEP 25 2017


...................................

...THE COLUMBUS CLIMATE SUMMARY FOR SEPTEMBER 25 2017...
VALID TODAY AS OF 0400 PM LOCAL TIME.

CLIMATE NORMAL PERIOD 1981 TO 2010
CLIMATE RECORD PERIOD 1948 TO 2017


WEATHER ITEM   OBSERVED TIME   RECORD YEAR NORMAL DEPARTURE LAST
                VALUE   (LST)  VALUE       VALUE  FROM      YEAR
                                                  NORMAL
..................................................................
TEMPERATURE (F)
 TODAY
  MAXIMUM         91    321 PM 101    1931  84      7       94
  MINIMUM         69    705 AM  48    1990  64      5       70
                                      1928
  AVERAGE         80                        74      6       82

PRECIPITATION (IN)
  TODAY            0.00          2.88 1956   0.10  -0.10     0.41
  MONTH TO DATE    3.19                      2.57   0.62     0.75
  SINCE SEP 1      3.19                      2.57   0.62     0.75
  SINCE JAN 1     42.20                     35.31   6.89    27.67

DEGREE DAYS
 HEATING
  TODAY            0                         0      0        0
  MONTH TO DATE    3                         0      3        0
  SINCE SEP 1      3                         0      3        0
  SINCE JUL 1      3                         0      3        0

 COOLING
  TODAY           15                         9      6       17
  MONTH TO DATE  295                       309    -14      413
  SINCE SEP 1    295                       309    -14      413
  SINCE JAN 1   2389                      2181    208     2470
..................................................................


WIND (MPH)
  RESULTANT WIND SPEED   4   RESULTANT WIND DIRECTION   E (80)
  HIGHEST WIND SPEED    14   HIGHEST WIND DIRECTION     E (100)
  HIGHEST GUST SPEED    19   HIGHEST GUST DIRECTION     E (80)
  AVERAGE WIND SPEED     4.0


SKY COVER
  AVERAGE SKY COVER 0.1


WEATHER CONDITIONS
 THE FOLLOWING WEATHER WAS RECORDED TODAY.
  NO SIGNIFICANT WEATHER WAS OBSERVED.


RELATIVE HUMIDITY (PERCENT)
 HIGHEST    84           600 AM
 LOWEST     38           200 PM
 AVERAGE    61

..........................................................


THE COLUMBUS CLIMATE NORMALS FOR TOMORROW
                         NORMAL    RECORD    YEAR
 MAXIMUM TEMPERATURE (F)   83        99      1921
 MINIMUM TEMPERATURE (F)   63        48      2001


SUNRISE AND SUNSET
SEPTEMBER 25 2017.....SUNRISE   730 AM EDT   SUNSET   732 PM EDT
SEPTEMBER 26 2017.....SUNRISE   731 AM EDT   SUNSET   731 PM EDT


-  INDICATES NEGATIVE NUMBERS.
R  INDICATES RECORD WAS SET OR TIED.
MM INDICATES DATA IS MISSING.
T  INDICATES TRACE AMOUNT.




$$
