000
CDUS45 KTFX 211822
CLICTB


CLIMATE REPORT
NATIONAL WEATHER SERVICE GREAT FALLS MT
1120 AM MST SAT JAN 21 2017


...................................

...THE CUT BANK MT CLIMATE SUMMARY FOR JANUARY 20 2017...

CLIMATE NORMAL PERIOD 1981 TO 2010
CLIMATE RECORD PERIOD 1903 TO 2017


WEATHER ITEM   OBSERVED TIME   RECORD YEAR NORMAL DEPARTURE LAST
                VALUE   (LST)  VALUE       VALUE  FROM      YEAR
                                                  NORMAL
..................................................................
TEMPERATURE (F)
 YESTERDAY
  MAXIMUM         40    246 PM  63    1981  33      7       29
  MINIMUM         18   1159 PM -45    1954  12      6       12
  AVERAGE         29                        22      7       21

PRECIPITATION (IN)
  YESTERDAY        0.00          0.35 1975   0.00   0.00     0.04
  MONTH TO DATE    0.05                      0.13  -0.08     0.44
  SINCE OCT 1      1.48                      1.15   0.33     2.36
  SINCE JAN 1      0.05                      0.13  -0.08     0.44

SNOWFALL (IN)
  YESTERDAY       MM
  SNOW DEPTH       T

DEGREE DAYS
 HEATING
  YESTERDAY       36                        43     -7       44
  MONTH TO DATE 1035                       863    172      964
  SINCE DEC 1   2680                      2190    490     2271
  SINCE JUL 1   4658                      4453    205     4309

 COOLING
  YESTERDAY        0                         0      0        0
  MONTH TO DATE    0                         0      0        0
  SINCE DEC 1      0                         0      0        0
  SINCE JAN 1      0                         0      0        0
..................................................................


WIND (MPH)
  HIGHEST WIND SPEED    18   HIGHEST WIND DIRECTION     W (260)
  HIGHEST GUST SPEED    22   HIGHEST GUST DIRECTION     W (260)
  AVERAGE WIND SPEED     9.2


SKY COVER
  AVERAGE SKY COVER 0.0


WEATHER CONDITIONS
 THE FOLLOWING WEATHER WAS RECORDED YESTERDAY.
  NO SIGNIFICANT WEATHER WAS OBSERVED.


RELATIVE HUMIDITY (PERCENT)
 HIGHEST    91          1000 PM
 LOWEST     48           100 PM
 AVERAGE    70

..........................................................


THE CUT BANK MT CLIMATE NORMALS FOR TODAY
                         NORMAL    RECORD    YEAR
 MAXIMUM TEMPERATURE (F)   33        59      1981
 MINIMUM TEMPERATURE (F)   12       -43      1927


SUNRISE AND SUNSET
JANUARY 21 2017.......SUNRISE   811 AM MST   SUNSET   511 PM MST
JANUARY 22 2017.......SUNRISE   810 AM MST   SUNSET   513 PM MST


-  INDICATES NEGATIVE NUMBERS.
R  INDICATES RECORD WAS SET OR TIED.
MM INDICATES DATA IS MISSING.
T  INDICATES TRACE AMOUNT.




$$
