603
CDUS45 KTFX 252222
CLICTB


CLIMATE REPORT
NATIONAL WEATHER SERVICE GREAT FALLS MT
421 PM MDT MON JUL 25 2016


...................................

...THE CUT BANK MT CLIMATE SUMMARY FOR JULY 25 2016...
VALID TODAY AS OF 0400 PM LOCAL TIME.

CLIMATE NORMAL PERIOD 1981 TO 2010
CLIMATE RECORD PERIOD 1903 TO 2016


WEATHER ITEM   OBSERVED TIME   RECORD YEAR NORMAL DEPARTURE LAST
                VALUE   (LST)  VALUE       VALUE  FROM      YEAR
                                                  NORMAL
..................................................................
TEMPERATURE (F)
 TODAY
  MAXIMUM         83    233 PM 100    1933  82      1       85
  MINIMUM         50    445 AM  40    2001  51     -1       56
  AVERAGE         67                        66      1       71

PRECIPITATION (IN)
  TODAY            0.00          2.33 1913   0.03  -0.03     0.00
  MONTH TO DATE    0.89                      1.07  -0.18     0.86
  SINCE OCT 1      8.82                      8.28   0.54     7.59
  SINCE JAN 1      6.90                      7.26  -0.36     5.06

DEGREE DAYS
 HEATING
  TODAY            0                         2     -2        0
  MONTH TO DATE   72                        76     -4       54
  SINCE JUN 1    236                       309    -73      184
  SINCE JUL 1     72                        76     -4       54

 COOLING
  TODAY            2                         3     -1        6
  MONTH TO DATE   31                        54    -23       61
  SINCE JUN 1     53                        69    -16      121
  SINCE JAN 1     53                        71    -18      121
..................................................................


WIND (MPH)
  HIGHEST WIND SPEED    23   HIGHEST WIND DIRECTION    NW (330)
  HIGHEST GUST SPEED    37   HIGHEST GUST DIRECTION     N (340)
  AVERAGE WIND SPEED    10.0


SKY COVER
  AVERAGE SKY COVER 0.0


WEATHER CONDITIONS
 THE FOLLOWING WEATHER WAS RECORDED TODAY.
  NO SIGNIFICANT WEATHER WAS OBSERVED.


RELATIVE HUMIDITY (PERCENT)
 HIGHEST    77           400 AM
 LOWEST     35           200 PM
 AVERAGE    56

..........................................................


THE CUT BANK MT CLIMATE NORMALS FOR TOMORROW
                         NORMAL    RECORD    YEAR
 MAXIMUM TEMPERATURE (F)   82        97      1984
 MINIMUM TEMPERATURE (F)   51        36      2005


SUNRISE AND SUNSET
JULY 25 2016..........SUNRISE   555 AM MDT   SUNSET   916 PM MDT
JULY 26 2016..........SUNRISE   557 AM MDT   SUNSET   915 PM MDT


-  INDICATES NEGATIVE NUMBERS.
R  INDICATES RECORD WAS SET OR TIED.
MM INDICATES DATA IS MISSING.
T  INDICATES TRACE AMOUNT.




$$
