000
CDUS45 KTFX 040740
CLICTB


CLIMATE REPORT
NATIONAL WEATHER SERVICE GREAT FALLS MT
139 AM MDT WED MAY 4 2016


...................................

...THE CUT BANK MT CLIMATE SUMMARY FOR MAY 3 2016...

CLIMATE NORMAL PERIOD 1981 TO 2010
CLIMATE RECORD PERIOD 1903 TO 2016


WEATHER ITEM   OBSERVED TIME   RECORD YEAR NORMAL DEPARTURE LAST
                VALUE   (LST)  VALUE       VALUE  FROM      YEAR
                                                  NORMAL
..................................................................
TEMPERATURE (F)
 YESTERDAY
  MAXIMUM         79    251 PM  80    1966  59     20       63
  MINIMUM         36    521 AM  10    1967  33      3       30
  AVERAGE         58                        46     12       47

PRECIPITATION (IN)
  YESTERDAY        0.00          0.51 1952   0.04  -0.04     0.00
  MONTH TO DATE    0.00                      0.11  -0.11     0.00
  SINCE OCT 1      4.31                      2.82   1.49     3.88
  SINCE JAN 1      2.39                      1.80   0.59     1.35

SNOWFALL (IN)
  YESTERDAY       MM
  SNOW DEPTH       0

DEGREE DAYS
 HEATING
  YESTERDAY        7                        19    -12       18
  MONTH TO DATE   39                        58    -19       45
  SINCE MAR 1   1454                      1818   -364     1521
  SINCE JUL 1   6919                      7878   -959     7183

 COOLING
  YESTERDAY        0                         0      0        0
  MONTH TO DATE    0                         0      0        0
  SINCE MAR 1      0                         0      0        0
  SINCE JAN 1      0                         0      0        0
..................................................................


WIND (MPH)
  HIGHEST WIND SPEED    15   HIGHEST WIND DIRECTION     W (250)
  HIGHEST GUST SPEED    20   HIGHEST GUST DIRECTION     W (270)
  AVERAGE WIND SPEED     5.6


SKY COVER
  AVERAGE SKY COVER 0.0


WEATHER CONDITIONS
 THE FOLLOWING WEATHER WAS RECORDED YESTERDAY.
  NO SIGNIFICANT WEATHER WAS OBSERVED.


RELATIVE HUMIDITY (PERCENT)
 HIGHEST    82           500 AM
 LOWEST     17           400 PM
 AVERAGE    50

..........................................................


THE CUT BANK MT CLIMATE NORMALS FOR TODAY
                         NORMAL    RECORD    YEAR
 MAXIMUM TEMPERATURE (F)   59        81      1992
 MINIMUM TEMPERATURE (F)   34        12      1967


SUNRISE AND SUNSET
MAY  4 2016...........SUNRISE   604 AM MDT   SUNSET   850 PM MDT
MAY  5 2016...........SUNRISE   602 AM MDT   SUNSET   851 PM MDT


-  INDICATES NEGATIVE NUMBERS.
R  INDICATES RECORD WAS SET OR TIED.
MM INDICATES DATA IS MISSING.
T  INDICATES TRACE AMOUNT.




$$
