000
CDUS45 KTFX 122330
CLICTB


CLIMATE REPORT
NATIONAL WEATHER SERVICE GREAT FALLS MT
430 PM MST FRI FEB 12 2016


...................................

...THE CUT BANK MT CLIMATE SUMMARY FOR FEBRUARY 12 2016...
VALID TODAY AS OF 0400 PM LOCAL TIME.

CLIMATE NORMAL PERIOD 1981 TO 2010
CLIMATE RECORD PERIOD 1903 TO 2016


WEATHER ITEM   OBSERVED TIME   RECORD YEAR NORMAL DEPARTURE LAST
                VALUE   (LST)  VALUE       VALUE  FROM      YEAR
                                                  NORMAL
..................................................................
TEMPERATURE (F)
 TODAY
  MAXIMUM         48    341 PM  57    2015  35     13       57
                                      1934
  MINIMUM         29    203 AM -32    1936  13     16       21
  AVERAGE         39                        24     15       39

PRECIPITATION (IN)
  TODAY            0.00          0.22 1938   0.01  -0.01     0.00
  MONTH TO DATE    0.01                      0.08  -0.07     0.06
  SINCE OCT 1      2.37                      1.30   1.07     3.30
  SINCE JAN 1      0.45                      0.28   0.17     0.77

DEGREE DAYS
 HEATING
  TODAY           26                        41    -15       26
  MONTH TO DATE  338                       502   -164      437
  SINCE DEC 1   2951                      3157   -206     2950
  SINCE JUL 1   4989                      5420   -431     5048

 COOLING
  TODAY            0                         0      0        0
  MONTH TO DATE    0                         0      0        0
  SINCE DEC 1      0                         0      0        0
  SINCE JAN 1      0                         0      0        0
..................................................................


WIND (MPH)
  HIGHEST WIND SPEED    18   HIGHEST WIND DIRECTION    SE (150)
  HIGHEST GUST SPEED    24   HIGHEST GUST DIRECTION    SE (150)
  AVERAGE WIND SPEED    10.0


SKY COVER
  AVERAGE SKY COVER 0.7


WEATHER CONDITIONS
 THE FOLLOWING WEATHER WAS RECORDED TODAY.
  NO SIGNIFICANT WEATHER WAS OBSERVED.


RELATIVE HUMIDITY (PERCENT)
 HIGHEST   100           800 AM
 LOWEST     60           400 PM
 AVERAGE    80

..........................................................


THE CUT BANK MT CLIMATE NORMALS FOR TOMORROW
                         NORMAL    RECORD    YEAR
 MAXIMUM TEMPERATURE (F)   35        61      2015
 MINIMUM TEMPERATURE (F)   13       -39      1936


SUNRISE AND SUNSET
FEBRUARY 12 2016......SUNRISE   743 AM MST   SUNSET   545 PM MST
FEBRUARY 13 2016......SUNRISE   741 AM MST   SUNSET   547 PM MST


-  INDICATES NEGATIVE NUMBERS.
R  INDICATES RECORD WAS SET OR TIED.
MM INDICATES DATA IS MISSING.
T  INDICATES TRACE AMOUNT.




$$
