000
CDUS45 KTFX 040934
CLICTB


CLIMATE REPORT
NATIONAL WEATHER SERVICE GREAT FALLS MT
332 AM MDT TUE AUG 4 2015


...................................

...THE CUT BANK MT CLIMATE SUMMARY FOR AUGUST 3 2015...

CLIMATE NORMAL PERIOD 1981 TO 2010
CLIMATE RECORD PERIOD 1903 TO 2015


WEATHER ITEM   OBSERVED TIME   RECORD YEAR NORMAL DEPARTURE LAST
                VALUE   (LST)  VALUE       VALUE  FROM      YEAR
                                                  NORMAL
..................................................................
TEMPERATURE (F)
 YESTERDAY
  MAXIMUM         94    422 PM  98    2001  82     12       82
                                      1914
  MINIMUM         50    602 AM  37    2002  51     -1       57
                                      1988
  AVERAGE         72                        66      6       70

PRECIPITATION (IN)
  YESTERDAY        0.00          1.10 1936   0.04  -0.04     0.02
  MONTH TO DATE    0.00                      0.11  -0.11     0.04
  SINCE OCT 1      7.68                      8.60  -0.92    12.39
  SINCE JAN 1      5.15                      7.58  -2.43    11.19

SNOWFALL (IN)
  YESTERDAY       MM
  SNOW DEPTH       0

DEGREE DAYS
 HEATING
  YESTERDAY        0                         2     -2        0
  MONTH TO DATE    0                         6     -6        0
  SINCE JUN 1    197                       325   -128      290
  SINCE JUL 1     67                        92    -25       17

 COOLING
  YESTERDAY        7                         3      4        5
  MONTH TO DATE   19                         9     10       19
  SINCE JUN 1    149                        96     53      124
  SINCE JAN 1    149                        98     51      124
..................................................................


WIND (MPH)
  HIGHEST WIND SPEED    31   HIGHEST WIND DIRECTION    SW (220)
  HIGHEST GUST SPEED    37   HIGHEST GUST DIRECTION    SW (210)
  AVERAGE WIND SPEED     9.3


SKY COVER
  AVERAGE SKY COVER 0.0


WEATHER CONDITIONS
 THE FOLLOWING WEATHER WAS RECORDED YESTERDAY.
  NO SIGNIFICANT WEATHER WAS OBSERVED.


RELATIVE HUMIDITY (PERCENT)
 HIGHEST    86           600 AM
 LOWEST     14           400 PM
 AVERAGE    50

..........................................................


THE CUT BANK MT CLIMATE NORMALS FOR TODAY
                         NORMAL    RECORD    YEAR
 MAXIMUM TEMPERATURE (F)   82       101      1961
 MINIMUM TEMPERATURE (F)   51        36      1923


SUNRISE AND SUNSET
AUGUST  4 2015........SUNRISE   607 AM MDT   SUNSET   903 PM MDT
AUGUST  5 2015........SUNRISE   609 AM MDT   SUNSET   901 PM MDT


-  INDICATES NEGATIVE NUMBERS.
R  INDICATES RECORD WAS SET OR TIED.
MM INDICATES DATA IS MISSING.
T  INDICATES TRACE AMOUNT.




$$
