000
CDUS45 KTFX 290930
CLICTB


CLIMATE REPORT
NATIONAL WEATHER SERVICE GREAT FALLS MT
329 AM MDT THU JUN 29 2017


...................................

...THE CUT BANK MT CLIMATE SUMMARY FOR JUNE 28 2017...

CLIMATE NORMAL PERIOD 1981 TO 2010
CLIMATE RECORD PERIOD 1903 TO 2017


WEATHER ITEM   OBSERVED TIME   RECORD YEAR NORMAL DEPARTURE LAST
                VALUE   (LST)  VALUE       VALUE  FROM      YEAR
                                                  NORMAL
..................................................................
TEMPERATURE (F)
 YESTERDAY
  MAXIMUM         79    313 PM  95    2015  74      5       86
  MINIMUM         48    510 AM  34    1971  47      1       50
  AVERAGE         64                        61      3       68

PRECIPITATION (IN)
  YESTERDAY        T             1.13 1916   0.07  -0.07     0.03
  MONTH TO DATE    2.47                      2.43   0.04     1.04
  SINCE OCT 1      8.92                      7.09   1.83     7.81
  SINCE JAN 1      7.49                      6.07   1.42     5.89

SNOWFALL (IN)
  YESTERDAY       MM
  SNOW DEPTH       0

DEGREE DAYS
 HEATING
  YESTERDAY        1                         5     -4        0
  MONTH TO DATE  163                       222    -59      164
  SINCE JUN 1    163                       222    -59      164
  SINCE JUL 1   8599                      8510     89     7527

 COOLING
  YESTERDAY        0                         1     -1        3
  MONTH TO DATE   12                        12      0       15
  SINCE JUN 1     12                        12      0       15
  SINCE JAN 1     14                        14      0       15
..................................................................


WIND (MPH)
  HIGHEST WIND SPEED    29   HIGHEST WIND DIRECTION     N (360)
  HIGHEST GUST SPEED    38   HIGHEST GUST DIRECTION     W (290)
  AVERAGE WIND SPEED    14.2


SKY COVER
  AVERAGE SKY COVER 0.2


WEATHER CONDITIONS
 THE FOLLOWING WEATHER WAS RECORDED YESTERDAY.
  NO SIGNIFICANT WEATHER WAS OBSERVED.


RELATIVE HUMIDITY (PERCENT)
 HIGHEST    83          1100 PM
 LOWEST     16          1200 PM
 AVERAGE    50

..........................................................


THE CUT BANK MT CLIMATE NORMALS FOR TODAY
                         NORMAL    RECORD    YEAR
 MAXIMUM TEMPERATURE (F)   75        94      1937
 MINIMUM TEMPERATURE (F)   47        36      1959


SUNRISE AND SUNSET
JUNE 29 2017..........SUNRISE   530 AM MDT   SUNSET   936 PM MDT
JUNE 30 2017..........SUNRISE   531 AM MDT   SUNSET   935 PM MDT


-  INDICATES NEGATIVE NUMBERS.
R  INDICATES RECORD WAS SET OR TIED.
MM INDICATES DATA IS MISSING.
T  INDICATES TRACE AMOUNT.




$$
