000
CDUS45 KTFX 181156
CLICTB


CLIMATE REPORT
NATIONAL WEATHER SERVICE GREAT FALLS MT
454 AM MST MON DEC 18 2017


...................................

...THE CUT BANK MT CLIMATE SUMMARY FOR DECEMBER 17 2017...

CLIMATE NORMAL PERIOD 1981 TO 2010
CLIMATE RECORD PERIOD 1903 TO 2017


WEATHER ITEM   OBSERVED TIME   RECORD YEAR NORMAL DEPARTURE LAST
                VALUE   (LST)  VALUE       VALUE  FROM      YEAR
                                                  NORMAL
..................................................................
TEMPERATURE (F)
 YESTERDAY
  MAXIMUM         36   1159 PM  57    1988  32      4        8
  MINIMUM         23    111 AM -32    1922  11     12      -28
  AVERAGE         30                        22      8      -10

PRECIPITATION (IN)
  YESTERDAY        T             0.19 1998   0.01  -0.01     0.00
  MONTH TO DATE    0.04                      0.12  -0.08     0.07
  SINCE OCT 1      1.05                      0.92   0.13     1.40
  SINCE JAN 1      9.17                     10.80  -1.63    11.30

SNOWFALL (IN)
  YESTERDAY       MM
  SNOW DEPTH       3

DEGREE DAYS
 HEATING
  YESTERDAY       35                        43     -8       75
  MONTH TO DATE  533                       715   -182     1046
  SINCE DEC 1    533                       715   -182     1046
  SINCE JUL 1   2757                      2978   -221     3024

 COOLING
  YESTERDAY        0                         0      0        0
  MONTH TO DATE    0                         0      0        0
  SINCE DEC 1      0                         0      0        0
  SINCE JAN 1    250                       162     88      108
..................................................................


WIND (MPH)
  HIGHEST WIND SPEED    49   HIGHEST WIND DIRECTION     W (260)
  HIGHEST GUST SPEED    60   HIGHEST GUST DIRECTION     W (260)
  AVERAGE WIND SPEED    30.8


SKY COVER
  AVERAGE SKY COVER 0.0


WEATHER CONDITIONS
 THE FOLLOWING WEATHER WAS RECORDED YESTERDAY.
  LIGHT SNOW
  HAZE


RELATIVE HUMIDITY (PERCENT)
 HIGHEST    69           500 AM
 LOWEST     61          1100 AM
 AVERAGE    65

..........................................................


THE CUT BANK MT CLIMATE NORMALS FOR TODAY
                         NORMAL    RECORD    YEAR
 MAXIMUM TEMPERATURE (F)   32        59      1913
 MINIMUM TEMPERATURE (F)   11       -46      1924


SUNRISE AND SUNSET
DECEMBER 18 2017......SUNRISE   818 AM MST   SUNSET   435 PM MST
DECEMBER 19 2017......SUNRISE   818 AM MST   SUNSET   435 PM MST


-  INDICATES NEGATIVE NUMBERS.
R  INDICATES RECORD WAS SET OR TIED.
MM INDICATES DATA IS MISSING.
T  INDICATES TRACE AMOUNT.




$$
