000
CDUS45 KTFX 282327
CLICTB


CLIMATE REPORT
NATIONAL WEATHER SERVICE GREAT FALLS MT
427 PM MST SAT FEB 28 2015


...................................

...THE CUT BANK MT CLIMATE SUMMARY FOR FEBRUARY 28 2015...
VALID TODAY AS OF 0400 PM LOCAL TIME.

CLIMATE NORMAL PERIOD 1981 TO 2010
CLIMATE RECORD PERIOD 1903 TO 2015


WEATHER ITEM   OBSERVED TIME   RECORD YEAR NORMAL DEPARTURE LAST
                VALUE   (LST)  VALUE       VALUE  FROM      YEAR
                                                  NORMAL
..................................................................
TEMPERATURE (F)
 TODAY
  MAXIMUM         23    359 PM  66    1992  38    -15       10
  MINIMUM         -1    527 AM -25    1911  15    -16      -17
  AVERAGE         11                        26    -15       -3

PRECIPITATION (IN)
  TODAY            T             0.27 1980   0.01  -0.01     0.06
  MONTH TO DATE    0.08                      0.21  -0.13     0.51
  SINCE OCT 1      3.32                      1.43   1.89     2.53
  SINCE JAN 1      0.79                      0.41   0.38     1.33

SNOWFALL (IN)
  TODAY           MM
  SNOW DEPTH       T

DEGREE DAYS
 HEATING
  TODAY           54                        39     15       68
  MONTH TO DATE 1051                      1143    -92     1498
  SINCE DEC 1   3564                      3797   -233     4117
  SINCE JUL 1   5662                      6060   -398     6206

 COOLING
  TODAY            0                         0      0        0
  MONTH TO DATE    0                         0      0        0
  SINCE DEC 1      0                         0      0        0
  SINCE JAN 1      0                         0      0        0
..................................................................


WIND (MPH)
  HIGHEST WIND SPEED    20   HIGHEST WIND DIRECTION    NW (330)
  HIGHEST GUST SPEED    23   HIGHEST GUST DIRECTION    NW (330)
  AVERAGE WIND SPEED     9.9


SKY COVER
  AVERAGE SKY COVER 0.3


WEATHER CONDITIONS
 THE FOLLOWING WEATHER WAS RECORDED TODAY.
  LIGHT SNOW
  FOG


RELATIVE HUMIDITY (PERCENT)
 HIGHEST    95           500 AM
 LOWEST     54           300 PM
 AVERAGE    75

..........................................................


THE CUT BANK MT CLIMATE NORMALS FOR TOMORROW
                         NORMAL    RECORD    YEAR
 MAXIMUM TEMPERATURE (F)   38        71      1921
 MINIMUM TEMPERATURE (F)   16       -29      1919


SUNRISE AND SUNSET
FEBRUARY 28 2015......SUNRISE   713 AM MST   SUNSET   611 PM MST
MARCH  1 2015.........SUNRISE   711 AM MST   SUNSET   613 PM MST


-  INDICATES NEGATIVE NUMBERS.
R  INDICATES RECORD WAS SET OR TIED.
MM INDICATES DATA IS MISSING.
T  INDICATES TRACE AMOUNT.




$$
