000
CDUS42 KTAE 282134
CLICTY


CLIMATE REPORT
NATIONAL WEATHER SERVICE TALLAHASSEE FL
534 PM EDT FRI APR 28 2017


...................................

...THE CROSS CITY  CLIMATE SUMMARY FOR APRIL 28 2017...
VALID TODAY AS OF 0500 PM LOCAL TIME.

CLIMATE NORMAL PERIOD 1981 TO 2010
CLIMATE RECORD PERIOD 1948 TO 2017


WEATHER ITEM   OBSERVED TIME   NORMAL DEPARTURE LAST
                VALUE   (LST)  VALUE  FROM      YEAR
                                      NORMAL
......................................................
TEMPERATURE (F)
 TODAY
  MAXIMUM         91    300 PM  83      8       86
  MINIMUM         66    100 AM  56     10       69
  AVERAGE         79            69     10

PRECIPITATION (IN)
  TODAY            0.00          0.05  -0.05     0.04
  MONTH TO DATE    2.11          2.86  -0.75     4.50
  SINCE MAR 1      2.97          7.07  -4.10     7.97
  SINCE JAN 1      5.52         14.38  -8.86    14.73

DEGREE DAYS
 HEATING
  TODAY            0
  MONTH TO DATE   24
  SINCE MAR 1    159
  SINCE JUL 1    758

 COOLING
  TODAY           14
  MONTH TO DATE  136
  SINCE MAR 1    203
  SINCE JAN 1    265
......................................................


WIND (MPH)
  RESULTANT WIND SPEED   6   RESULTANT WIND DIRECTION   S (190)
  HIGHEST WIND SPEED    16   HIGHEST WIND DIRECTION    SW (220)
  HIGHEST GUST SPEED    22   HIGHEST GUST DIRECTION    SW (220)
  AVERAGE WIND SPEED     6.8



WEATHER CONDITIONS
 THE FOLLOWING WEATHER WAS RECORDED TODAY.
  FOG
  FOG W/VISIBILITY <= 1/4 MILE


RELATIVE HUMIDITY (PERCENT)
 HIGHEST   100
 LOWEST     47
 AVERAGE    74

..........................................................


THE CROSS CITY  CLIMATE NORMALS FOR TOMORROW
                         NORMAL
 MAXIMUM TEMPERATURE (F)   83
 MINIMUM TEMPERATURE (F)   56



-  INDICATES NEGATIVE NUMBERS.
R  INDICATES RECORD WAS SET OR TIED.
MM INDICATES DATA IS MISSING.
T  INDICATES TRACE AMOUNT.




$$
