000
CDUS42 KTAE 180634
CLICTY


CLIMATE REPORT
NATIONAL WEATHER SERVICE TALLAHASSEE FL
233 AM EDT WED OCT 18 2017


...................................

...THE CROSS CITY  CLIMATE SUMMARY FOR OCTOBER 17 2017...

CLIMATE NORMAL PERIOD 1981 TO 2010
CLIMATE RECORD PERIOD 1948 TO 2017


WEATHER ITEM   OBSERVED TIME   NORMAL DEPARTURE LAST
                VALUE   (LST)  VALUE  FROM      YEAR
                                      NORMAL
......................................................
TEMPERATURE (F)
 YESTERDAY
  MAXIMUM         78        MM  82     -4       88
  MINIMUM         60   1100 PM  58      2       64
  AVERAGE         69            70     -1

PRECIPITATION (IN)
  YESTERDAY        0.00          0.09  -0.09     0.00
  MONTH TO DATE    0.48          2.15  -1.67     0.18
  SINCE SEP 1      6.24          6.61  -0.37    15.25
  SINCE JAN 1     52.69         41.98  10.71    59.60

DEGREE DAYS
 HEATING
  YESTERDAY        0             1     -1
  MONTH TO DATE    0             7     -7
  SINCE SEP 1      0             7     -7
  SINCE JUL 1      0             7     -7

 COOLING
  YESTERDAY        4             6     -2
  MONTH TO DATE  245           136    109
  SINCE SEP 1    665           540    125
  SINCE JAN 1   2783          2478    305
......................................................


WIND (MPH)
  RESULTANT WIND SPEED  11   RESULTANT WIND DIRECTION  NE (40)
  HIGHEST WIND SPEED    15   HIGHEST WIND DIRECTION    NE (30)
  HIGHEST GUST SPEED    24   HIGHEST GUST DIRECTION    NE (50)
  AVERAGE WIND SPEED    10.9



WEATHER CONDITIONS
 THE FOLLOWING WEATHER WAS RECORDED YESTERDAY.
  NO SIGNIFICANT WEATHER WAS OBSERVED.


RELATIVE HUMIDITY (PERCENT)
 HIGHEST    90
 LOWEST     62

..........................................................




SUNRISE AND SUNSET
OCTOBER 18 2017.......SUNRISE   736 AM EDT   SUNSET   658 PM EDT
OCTOBER 19 2017.......SUNRISE   737 AM EDT   SUNSET   657 PM EDT


-  INDICATES NEGATIVE NUMBERS.
R  INDICATES RECORD WAS SET OR TIED.
MM INDICATES DATA IS MISSING.
T  INDICATES TRACE AMOUNT.




$$
