000
CDUS42 KTAE 210631
CLICTY


CLIMATE REPORT
NATIONAL WEATHER SERVICE TALLAHASSEE FL
130 AM EST TUE FEB 21 2017


...................................

...THE CROSS CITY  CLIMATE SUMMARY FOR FEBRUARY 20 2017...

CLIMATE NORMAL PERIOD 1981 TO 2010
CLIMATE RECORD PERIOD 1948 TO 2017


WEATHER ITEM   OBSERVED TIME   NORMAL DEPARTURE LAST
                VALUE   (LST)  VALUE  FROM      YEAR
                                      NORMAL
......................................................
TEMPERATURE (F)
 YESTERDAY
  MAXIMUM         82    400 PM  71     11       78
  MINIMUM         48    600 AM  44      4       42
  AVERAGE         65            58      7

PRECIPITATION (IN)
  YESTERDAY        0.00          0.13  -0.13     0.00
  MONTH TO DATE    1.00          2.04  -1.04     3.29
  SINCE DEC 1      6.30          8.60  -2.30     8.63
  SINCE JAN 1      2.43          6.08  -3.65     6.37

DEGREE DAYS
 HEATING
  YESTERDAY        0             8     -8
  MONTH TO DATE   93           183    -90
  SINCE DEC 1    466           893   -427
  SINCE JUL 1    591          1061   -470

 COOLING
  YESTERDAY        0             1     -1
  MONTH TO DATE    8            14     -6
  SINCE DEC 1     95            43     52
  SINCE JAN 1     42            25     17
......................................................


WIND (MPH)
  RESULTANT WIND SPEED   1   RESULTANT WIND DIRECTION  NE (60)
  HIGHEST WIND SPEED     8   HIGHEST WIND DIRECTION     W (260)
  HIGHEST GUST SPEED    MM   HIGHEST GUST DIRECTION    MM
  AVERAGE WIND SPEED     2.7



WEATHER CONDITIONS
 THE FOLLOWING WEATHER WAS RECORDED YESTERDAY.
  FOG
  FOG W/VISIBILITY <= 1/4 MILE


RELATIVE HUMIDITY (PERCENT)
 HIGHEST   100
 LOWEST     37

..........................................................




SUNRISE AND SUNSET
FEBRUARY 21 2017......SUNRISE   706 AM EST   SUNSET   626 PM EST
FEBRUARY 22 2017......SUNRISE   705 AM EST   SUNSET   627 PM EST


-  INDICATES NEGATIVE NUMBERS.
R  INDICATES RECORD WAS SET OR TIED.
MM INDICATES DATA IS MISSING.
T  INDICATES TRACE AMOUNT.




$$
