000
CDUS42 KTAE 060623
CLICTY


CLIMATE REPORT
NATIONAL WEATHER SERVICE TALLAHASSEE FL
121 AM EST FRI MAR 6 2015

...................................

...THE CROSS CITY  CLIMATE SUMMARY FOR MARCH 5 2015...

CLIMATE NORMAL PERIOD 1981 TO 2010
CLIMATE RECORD PERIOD 1948 TO 2015


WEATHER ITEM   OBSERVED TIME   NORMAL DEPARTURE LAST
                VALUE   (LST)  VALUE  FROM      YEAR
                                      NORMAL
......................................................
TEMPERATURE (F)
 YESTERDAY
  MAXIMUM         81    250 PM  74      7       53
  MINIMUM         59    703 AM  46     13       47
  AVERAGE         70            60     10

PRECIPITATION (IN)
  YESTERDAY        0.03          0.13  -0.10     0.65
  MONTH TO DATE    0.20          0.62  -0.42     0.65
  SINCE MAR 1      0.20          0.62  -0.42     0.65
  SINCE JAN 1      6.17          7.93  -1.76    10.80

DEGREE DAYS
 HEATING
  YESTERDAY        0             6     -6
  MONTH TO DATE    0            32    -32
  SINCE MAR 1      0            32    -32
  SINCE JUL 1   1160          1152      8

 COOLING
  YESTERDAY        5             1      4
  MONTH TO DATE   21             5     16
  SINCE MAR 1     21             5     16
  SINCE JAN 1     37            32      5
......................................................


WIND (MPH)
  RESULTANT WIND SPEED   6   RESULTANT WIND DIRECTION  SW (210)
  HIGHEST WIND SPEED    16   HIGHEST WIND DIRECTION    SW (210)
  HIGHEST GUST SPEED    25   HIGHEST GUST DIRECTION     S (190)
  AVERAGE WIND SPEED     8.0



WEATHER CONDITIONS
 THE FOLLOWING WEATHER WAS RECORDED YESTERDAY.
  NO SIGNIFICANT WEATHER WAS OBSERVED.


RELATIVE HUMIDITY (PERCENT)
 HIGHEST   100
 LOWEST     67

..........................................................



SUNRISE AND SUNSET
MARCH  6 2015.........SUNRISE   653 AM EST   SUNSET   635 PM EST
MARCH  7 2015.........SUNRISE   652 AM EST   SUNSET   636 PM EST


-  INDICATES NEGATIVE NUMBERS.
R  INDICATES RECORD WAS SET OR TIED.
MM INDICATES DATA IS MISSING.
T  INDICATES TRACE AMOUNT.

$$
