000
CDUS42 KTAE 192136
CLICTY


CLIMATE REPORT
NATIONAL WEATHER SERVICE TALLAHASSEE FL
536 PM EDT SAT APR 19 2014


...................................

...THE CROSS CITY (AMOS) CLIMATE SUMMARY FOR APRIL 19 2014...
VALID TODAY AS OF 0500 PM LOCAL TIME.

CLIMATE NORMAL PERIOD 1981 TO 2010
CLIMATE RECORD PERIOD 1948 TO 2014


WEATHER ITEM   OBSERVED TIME   NORMAL DEPARTURE LAST
                VALUE   (LST)  VALUE  FROM      YEAR
                                      NORMAL
......................................................
TEMPERATURE (F)
 TODAY
  MAXIMUM         70    113 AM  81    -11
  MINIMUM         60   1121 AM  54      6
  AVERAGE         65            67     -2

PRECIPITATION (IN)
  TODAY            0.02          0.08  -0.06     0.11
  MONTH TO DATE    3.82          2.28   1.54     1.60
  SINCE MAR 1      8.78          6.49   2.29     2.81
  SINCE JAN 1     18.93         13.80   5.13     6.32

DEGREE DAYS
 HEATING
  TODAY            0
  MONTH TO DATE   18
  SINCE MAR 1    183
  SINCE JUL 1   1178

 COOLING
  TODAY            0
  MONTH TO DATE   57
  SINCE MAR 1     74
  SINCE JAN 1    109
......................................................


WIND (MPH)
  RESULTANT WIND SPEED   4   RESULTANT WIND DIRECTION   W (280)
  HIGHEST WIND SPEED    13   HIGHEST WIND DIRECTION    NW (320)
  HIGHEST GUST SPEED    17   HIGHEST GUST DIRECTION    SW (210)
  AVERAGE WIND SPEED     7.2



WEATHER CONDITIONS
 THE FOLLOWING WEATHER WAS RECORDED TODAY.
  NO SIGNIFICANT WEATHER WAS OBSERVED.


RELATIVE HUMIDITY (PERCENT)
 HIGHEST   100
 LOWEST     78
 AVERAGE    89

..........................................................


THE CROSS CITY (AMOS) CLIMATE NORMALS FOR TOMORROW
                         NORMAL
 MAXIMUM TEMPERATURE (F)   81
 MINIMUM TEMPERATURE (F)   54



-  INDICATES NEGATIVE NUMBERS.
R  INDICATES RECORD WAS SET OR TIED.
MM INDICATES DATA IS MISSING.
T  INDICATES TRACE AMOUNT.




$$
