000
CDUS42 KTAE 270633
CLICTY


CLIMATE REPORT
NATIONAL WEATHER SERVICE TALLAHASSEE FL
231 AM EDT MON MAR 27 2017


...................................

...THE CROSS CITY  CLIMATE SUMMARY FOR MARCH 26 2017...

CLIMATE NORMAL PERIOD 1981 TO 2010
CLIMATE RECORD PERIOD 1948 TO 2017


WEATHER ITEM   OBSERVED TIME   NORMAL DEPARTURE LAST
                VALUE   (LST)  VALUE  FROM      YEAR
                                      NORMAL
......................................................
TEMPERATURE (F)
 YESTERDAY
  MAXIMUM         82    300 PM  77      5       76
  MINIMUM         54    600 AM  50      4       67
  AVERAGE         68            64      4

PRECIPITATION (IN)
  YESTERDAY        0.00          0.14  -0.14     0.04
  MONTH TO DATE    0.86          3.55  -2.69     2.81
  SINCE MAR 1      0.86          3.55  -2.69     2.81
  SINCE JAN 1      3.41         10.86  -7.45     9.57

DEGREE DAYS
 HEATING
  YESTERDAY        0             3     -3
  MONTH TO DATE  135           121     14
  SINCE MAR 1    135           121     14
  SINCE JUL 1    734          1241   -507

 COOLING
  YESTERDAY        3             2      1
  MONTH TO DATE   41            34      7
  SINCE MAR 1     41            34      7
  SINCE JAN 1    103            61     42
......................................................


WIND (MPH)
  RESULTANT WIND SPEED   3   RESULTANT WIND DIRECTION  SW (220)
  HIGHEST WIND SPEED    13   HIGHEST WIND DIRECTION     W (250)
  HIGHEST GUST SPEED    MM   HIGHEST GUST DIRECTION    MM
  AVERAGE WIND SPEED     4.6



WEATHER CONDITIONS
 THE FOLLOWING WEATHER WAS RECORDED YESTERDAY.
  NO SIGNIFICANT WEATHER WAS OBSERVED.


RELATIVE HUMIDITY (PERCENT)
 HIGHEST   100
 LOWEST     46

..........................................................




SUNRISE AND SUNSET
MARCH 27 2017.........SUNRISE   728 AM EDT   SUNSET   748 PM EDT
MARCH 28 2017.........SUNRISE   726 AM EDT   SUNSET   749 PM EDT


-  INDICATES NEGATIVE NUMBERS.
R  INDICATES RECORD WAS SET OR TIED.
MM INDICATES DATA IS MISSING.
T  INDICATES TRACE AMOUNT.


$$
