000
CDUS42 KTAE 240632
CLICTY


CLIMATE REPORT
NATIONAL WEATHER SERVICE TALLAHASSEE FL
232 AM EDT THU AUG 24 2017


...................................

...THE CROSS CITY  CLIMATE SUMMARY FOR AUGUST 23 2017...

CLIMATE NORMAL PERIOD 1981 TO 2010
CLIMATE RECORD PERIOD 1948 TO 2017


WEATHER ITEM   OBSERVED TIME   NORMAL DEPARTURE LAST
                VALUE   (LST)  VALUE  FROM      YEAR
                                      NORMAL
......................................................
TEMPERATURE (F)
 YESTERDAY
  MAXIMUM         94    335 PM  91      3       95
  MINIMUM         73    415 AM  72      1       75
  AVERAGE         84            81      3

PRECIPITATION (IN)
  YESTERDAY        0.33          0.28   0.05     1.47
  MONTH TO DATE   12.03          5.41   6.62    14.83
  SINCE JUN 1     36.16         16.16  20.00    26.48
  SINCE JAN 1     46.32         33.33  12.99    43.23

DEGREE DAYS
 HEATING
  YESTERDAY        0             0      0
  MONTH TO DATE    0             0      0
  SINCE JUN 1      0             0      0
  SINCE JUL 1      0             0      0

 COOLING
  YESTERDAY       19            16      3
  MONTH TO DATE  402           378     24
  SINCE JUN 1   1379          1333     46
  SINCE JAN 1   1980          1812    168
......................................................


WIND (MPH)
  RESULTANT WIND SPEED   2   RESULTANT WIND DIRECTION   N (0)
  HIGHEST WIND SPEED     9   HIGHEST WIND DIRECTION    NE (40)
  HIGHEST GUST SPEED    MM   HIGHEST GUST DIRECTION    MM
  AVERAGE WIND SPEED     3.5



WEATHER CONDITIONS
 THE FOLLOWING WEATHER WAS RECORDED YESTERDAY.
  THUNDERSTORM
  RAIN
  FOG


RELATIVE HUMIDITY (PERCENT)
 HIGHEST   100
 LOWEST     49

..........................................................




SUNRISE AND SUNSET
AUGUST 24 2017........SUNRISE   706 AM EDT   SUNSET   803 PM EDT
AUGUST 25 2017........SUNRISE   706 AM EDT   SUNSET   802 PM EDT


-  INDICATES NEGATIVE NUMBERS.
R  INDICATES RECORD WAS SET OR TIED.
MM INDICATES DATA IS MISSING.
T  INDICATES TRACE AMOUNT.




$$
