209
CDUS42 KCAE 280628
CLICUB


CLIMATE REPORT
NATIONAL WEATHER SERVICE COLUMBIA SC
228 AM EDT SAT MAY 28 2016


...................................

...THE HAMILTON - OWENS AIRPORT SC CLIMATE SUMMARY FOR MAY 27 2016...

CLIMATE NORMAL PERIOD 1981 TO 2010
CLIMATE RECORD PERIOD 9999 TO 9999


WEATHER ITEM   OBSERVED TIME   NORMAL DEPARTURE LAST
                VALUE   (LST)  VALUE  FROM      YEAR
                                      NORMAL
......................................................
TEMPERATURE (F)
 YESTERDAY
  MAXIMUM         90    326 PM  86      4       87
  MINIMUM         66    534 AM  64      2       67
  AVERAGE         78            75      3       77

PRECIPITATION (IN)
  YESTERDAY        0.00          0.10  -0.10     0.54
  MONTH TO DATE    3.88          2.51   1.37     1.41
  SINCE MAR 1      8.43          9.08  -0.65     7.06
  SINCE JAN 1     13.35         16.36  -3.01    14.98

DEGREE DAYS
 HEATING
  YESTERDAY        0             0      0        0
  MONTH TO DATE    6            11     -5        6
  SINCE MAR 1    217           383   -166      255
  SINCE JUL 1   1717          2312   -595     2381

 COOLING
  YESTERDAY       13            10      3       12
  MONTH TO DATE  204           195      9      242
  SINCE MAR 1    389           291     98      376
  SINCE JAN 1    392           294     98      376
......................................................


WIND (MPH)
  HIGHEST WIND SPEED    14   HIGHEST WIND DIRECTION     S (170)
  HIGHEST GUST SPEED    19   HIGHEST GUST DIRECTION     S (160)
  AVERAGE WIND SPEED     2.6


SKY COVER
  AVERAGE SKY COVER 0.2


WEATHER CONDITIONS
 THE FOLLOWING WEATHER WAS RECORDED YESTERDAY.
  HAZE


RELATIVE HUMIDITY (PERCENT)
 HIGHEST    87           600 AM
 LOWEST     37           600 PM

..........................................................


THE HAMILTON - OWENS AIRPORT SC CLIMATE NORMALS FOR TODAY
                         NORMAL    RECORD    YEAR
 MAXIMUM TEMPERATURE (F)   87        MM        MM
 MINIMUM TEMPERATURE (F)   64        MM        MM


SUNRISE AND SUNSET
MAY 28 2016...........SUNRISE   615 AM EDT   SUNSET   828 PM EDT
MAY 29 2016...........SUNRISE   615 AM EDT   SUNSET   829 PM EDT


-  INDICATES NEGATIVE NUMBERS.
R  INDICATES RECORD WAS SET OR TIED.
MM INDICATES DATA IS MISSING.
T  INDICATES TRACE AMOUNT.




$$
