000
CDUS42 KCAE 282133
CLICUB


CLIMATE REPORT
NATIONAL WEATHER SERVICE COLUMBIA SC
533 PM EDT WED JUN 28 2017


...................................

...THE HAMILTON - OWENS AIRPORT SC CLIMATE SUMMARY FOR JUNE 28 2017...
VALID TODAY AS OF 0500 PM LOCAL TIME.

CLIMATE NORMAL PERIOD 1981 TO 2010
CLIMATE RECORD PERIOD 9999 TO 9999


WEATHER ITEM   OBSERVED TIME   NORMAL DEPARTURE LAST
                VALUE   (LST)  VALUE  FROM      YEAR
                                      NORMAL
......................................................
TEMPERATURE (F)
 TODAY
  MAXIMUM         87    400 PM  92     -5       93
  MINIMUM         66    530 AM  71     -5       76
  AVERAGE         77            82     -5       85

PRECIPITATION (IN)
  TODAY            0.00          0.17  -0.17     0.00
  MONTH TO DATE    4.77          4.55   0.22     4.40
  SINCE JUN 1      4.77          4.55   0.22     4.40
  SINCE JAN 1     26.18         21.37   4.81    18.39

DEGREE DAYS
 HEATING
  TODAY            0             0      0        0
  MONTH TO DATE    0             0      0        0
  SINCE JUN 1      0             0      0        0
  SINCE JUL 1   1573          2315   -742     1717

 COOLING
  TODAY           12            17     -5       20
  MONTH TO DATE  417           401     16      493
  SINCE JUN 1    417           401     16      493
  SINCE JAN 1    944           737    207      930
......................................................


WIND (MPH)
  HIGHEST WIND SPEED    12   HIGHEST WIND DIRECTION     S (170)
  HIGHEST GUST SPEED    16   HIGHEST GUST DIRECTION     S (170)
  AVERAGE WIND SPEED     2.9


SKY COVER
  AVERAGE SKY COVER 0.1


WEATHER CONDITIONS
 THE FOLLOWING WEATHER WAS RECORDED TODAY.
  NO SIGNIFICANT WEATHER WAS OBSERVED.


RELATIVE HUMIDITY (PERCENT)
 HIGHEST    81           500 AM
 LOWEST     30           100 PM
 AVERAGE    56

..........................................................


THE HAMILTON - OWENS AIRPORT SC CLIMATE NORMALS FOR TOMORROW
                         NORMAL
 MAXIMUM TEMPERATURE (F)   92
 MINIMUM TEMPERATURE (F)   71


SUNRISE AND SUNSET
JUNE 28 2017..........SUNRISE   615 AM EDT   SUNSET   839 PM EDT
JUNE 29 2017..........SUNRISE   616 AM EDT   SUNSET   839 PM EDT


-  INDICATES NEGATIVE NUMBERS.
R  INDICATES RECORD WAS SET OR TIED.
MM INDICATES DATA IS MISSING.
T  INDICATES TRACE AMOUNT.




$$
