008
CDUS42 KCAE 120538
CLICUB


CLIMATE REPORT
NATIONAL WEATHER SERVICE COLUMBIA SC
1238 AM EST FRI FEB 12 2016


...................................

...THE HAMILTON - OWENS AIRPORT SC CLIMATE SUMMARY FOR FEBRUARY 11 2016...

CLIMATE NORMAL PERIOD 1981 TO 2010
CLIMATE RECORD PERIOD 9999 TO 9999


WEATHER ITEM   OBSERVED TIME   NORMAL DEPARTURE LAST
                VALUE   (LST)  VALUE  FROM      YEAR
                                      NORMAL
......................................................
TEMPERATURE (F)
 YESTERDAY
  MAXIMUM         54    518 PM  60     -6       58
  MINIMUM         29    747 AM  38     -9       35
  AVERAGE         42            49     -7       47

PRECIPITATION (IN)
  YESTERDAY        0.00          0.11  -0.11     0.00
  MONTH TO DATE    1.79          1.18   0.61     0.77
  SINCE DEC 1      8.58          8.01   0.57     8.35
  SINCE JAN 1      3.34          4.81  -1.47     4.17

DEGREE DAYS
 HEATING
  YESTERDAY       23            16      7       18
  MONTH TO DATE  176           188    -12      194
  SINCE DEC 1    983          1309   -326     1242
  SINCE JUL 1   1230          1680   -450     1717

 COOLING
  YESTERDAY        0             0      0        0
  MONTH TO DATE    3             0      3        0
  SINCE DEC 1     59             5     54        0
  SINCE JAN 1      3             1      2        0
......................................................


WIND (MPH)
  HIGHEST WIND SPEED    15   HIGHEST WIND DIRECTION     W (280)
  HIGHEST GUST SPEED    19   HIGHEST GUST DIRECTION     W (270)
  AVERAGE WIND SPEED     3.3


SKY COVER
  AVERAGE SKY COVER 0.1


WEATHER CONDITIONS
 THE FOLLOWING WEATHER WAS RECORDED YESTERDAY.
  HAZE


RELATIVE HUMIDITY (PERCENT)
 HIGHEST    70          1000 PM
 LOWEST     28           300 PM

..........................................................


THE HAMILTON - OWENS AIRPORT SC CLIMATE NORMALS FOR TODAY
                         NORMAL    RECORD    YEAR
 MAXIMUM TEMPERATURE (F)   60        MM        MM
 MINIMUM TEMPERATURE (F)   38        MM        MM


SUNRISE AND SUNSET
FEBRUARY 12 2016......SUNRISE   712 AM EST   SUNSET   605 PM EST
FEBRUARY 13 2016......SUNRISE   711 AM EST   SUNSET   606 PM EST


-  INDICATES NEGATIVE NUMBERS.
R  INDICATES RECORD WAS SET OR TIED.
MM INDICATES DATA IS MISSING.
T  INDICATES TRACE AMOUNT.




$$
