000
CDUS42 KCAE 242157
CLICUB


CLIMATE REPORT
NATIONAL WEATHER SERVICE COLUMBIA SC
557 PM EDT WED MAY 24 2017


...................................

...THE HAMILTON - OWENS AIRPORT SC CLIMATE SUMMARY FOR MAY 24 2017...
VALID TODAY AS OF 0500 PM LOCAL TIME.

CLIMATE NORMAL PERIOD 1981 TO 2010
CLIMATE RECORD PERIOD 9999 TO 9999


WEATHER ITEM   OBSERVED TIME   NORMAL DEPARTURE LAST
                VALUE   (LST)  VALUE  FROM      YEAR
                                      NORMAL
......................................................
TEMPERATURE (F)
 TODAY
  MAXIMUM         78   1210 PM  86     -8       86
  MINIMUM         68   1225 AM  63      5       57
  AVERAGE         73            74     -1       72

PRECIPITATION (IN)
  TODAY            0.27          0.12   0.15     0.00
  MONTH TO DATE    4.19          2.18   2.01     3.88
  SINCE MAR 1     12.31          8.75   3.56     8.43
  SINCE JAN 1     20.01         16.03   3.98    13.35

DEGREE DAYS
 HEATING
  TODAY            0             0      0        0
  MONTH TO DATE   10            11     -1        6
  SINCE MAR 1    309           383    -74      217
  SINCE JUL 1   1573          2312   -739     1717

 COOLING
  TODAY            8            10     -2        7
  MONTH TO DATE  205           165     40      168
  SINCE MAR 1    431           261    170      353
  SINCE JAN 1    449           264    185      356
......................................................


WIND (MPH)
  HIGHEST WIND SPEED    16   HIGHEST WIND DIRECTION     S (190)
  HIGHEST GUST SPEED    25   HIGHEST GUST DIRECTION     S (180)
  AVERAGE WIND SPEED     4.4


SKY COVER
  AVERAGE SKY COVER 0.9


WEATHER CONDITIONS
 THE FOLLOWING WEATHER WAS RECORDED TODAY.
  THUNDERSTORM
  HEAVY RAIN
  RAIN
  LIGHT RAIN
  FOG


RELATIVE HUMIDITY (PERCENT)
 HIGHEST    97           300 AM
 LOWEST     76          1100 AM
 AVERAGE    87

..........................................................


THE HAMILTON - OWENS AIRPORT SC CLIMATE NORMALS FOR TOMORROW
                         NORMAL
 MAXIMUM TEMPERATURE (F)   86
 MINIMUM TEMPERATURE (F)   63


SUNRISE AND SUNSET
MAY 24 2017...........SUNRISE   617 AM EDT   SUNSET   825 PM EDT
MAY 25 2017...........SUNRISE   616 AM EDT   SUNSET   826 PM EDT


-  INDICATES NEGATIVE NUMBERS.
R  INDICATES RECORD WAS SET OR TIED.
MM INDICATES DATA IS MISSING.
T  INDICATES TRACE AMOUNT.




$$
