000
CDUS42 KCAE 230613
CLICUB


CLIMATE REPORT
NATIONAL WEATHER SERVICE COLUMBIA SC
213 AM EDT MON OCT 23 2017


...................................

...THE HAMILTON - OWENS AIRPORT SC CLIMATE SUMMARY FOR OCTOBER 22 2017...

CLIMATE NORMAL PERIOD 1981 TO 2010
CLIMATE RECORD PERIOD 9999 TO 9999


WEATHER ITEM   OBSERVED TIME   NORMAL DEPARTURE LAST
                VALUE   (LST)  VALUE  FROM      YEAR
                                      NORMAL
......................................................
TEMPERATURE (F)
 YESTERDAY
  MAXIMUM         82   1149 AM  74      8       67
  MINIMUM         59    659 AM  52      7       47
  AVERAGE         71            63      8       57

PRECIPITATION (IN)
  YESTERDAY        0.03          0.11  -0.08     0.00
  MONTH TO DATE    0.90          2.50  -1.60     4.78
  SINCE SEP 1      4.80          6.54  -1.74    10.34
  SINCE JAN 1     41.00         38.39   2.61    38.07

DEGREE DAYS
 HEATING
  YESTERDAY        0             4     -4        8
  MONTH TO DATE    7            43    -36       13
  SINCE SEP 1      7            46    -39       13
  SINCE JUL 1      7            46    -39       13

 COOLING
  YESTERDAY        6             2      4        0
  MONTH TO DATE  184            83    101      126
  SINCE SEP 1    559           412    147      568
  SINCE JAN 1   2659          2230    429     2802
......................................................


WIND (MPH)
  HIGHEST WIND SPEED    10   HIGHEST WIND DIRECTION    SE (140)
  HIGHEST GUST SPEED    19   HIGHEST GUST DIRECTION     S (160)
  AVERAGE WIND SPEED     2.1


SKY COVER
  AVERAGE SKY COVER 0.5


WEATHER CONDITIONS
 THE FOLLOWING WEATHER WAS RECORDED YESTERDAY.
  LIGHT RAIN
  FOG
  HAZE


RELATIVE HUMIDITY (PERCENT)
 HIGHEST    93           800 AM
 LOWEST     45          1200 PM

..........................................................


THE HAMILTON - OWENS AIRPORT SC CLIMATE NORMALS FOR TODAY
                         NORMAL    RECORD    YEAR
 MAXIMUM TEMPERATURE (F)   74        MM        MM
 MINIMUM TEMPERATURE (F)   52        MM        MM


SUNRISE AND SUNSET
OCTOBER 23 2017.......SUNRISE   736 AM EDT   SUNSET   640 PM EDT
OCTOBER 24 2017.......SUNRISE   737 AM EDT   SUNSET   639 PM EDT


-  INDICATES NEGATIVE NUMBERS.
R  INDICATES RECORD WAS SET OR TIED.
MM INDICATES DATA IS MISSING.
T  INDICATES TRACE AMOUNT.




$$
