000
CDUS42 KCAE 012123
CLICUB


CLIMATE REPORT
NATIONAL WEATHER SERVICE COLUMBIA SC
522 PM EDT SUN MAY 1 2016


...................................

...THE HAMILTON - OWENS AIRPORT SC CLIMATE SUMMARY FOR MAY 1 2016...
VALID TODAY AS OF 0500 PM LOCAL TIME.

CLIMATE NORMAL PERIOD 1981 TO 2010
CLIMATE RECORD PERIOD 9999 TO 9999


WEATHER ITEM   OBSERVED TIME   NORMAL DEPARTURE LAST
                VALUE   (LST)  VALUE  FROM      YEAR
                                      NORMAL
......................................................
TEMPERATURE (F)
 TODAY
  MAXIMUM         84   1244 PM  80      4       69
  MINIMUM         70    810 AM  56     14       51
  AVERAGE         77            68      9       60

PRECIPITATION (IN)
  TODAY            0.37          0.07   0.30      T
  MONTH TO DATE    0.37          0.07   0.30      T
  SINCE MAR 1      4.92          6.64  -1.72     5.65
  SINCE JAN 1      9.84         13.92  -4.08    13.57

DEGREE DAYS
 HEATING
  TODAY            0             1     -1        5
  MONTH TO DATE    0             1     -1        5
  SINCE MAR 1    211           373   -162      254
  SINCE JUL 1   1711          2302   -591     2380

 COOLING
  TODAY           12             4      8        0
  MONTH TO DATE   12             4      8        0
  SINCE MAR 1    197           100     97      134
  SINCE JAN 1    200           103     97      134
......................................................


WIND (MPH)
  HIGHEST WIND SPEED    12   HIGHEST WIND DIRECTION    SE (150)
  HIGHEST GUST SPEED    16   HIGHEST GUST DIRECTION    SW (230)
  AVERAGE WIND SPEED     5.8


SKY COVER
  AVERAGE SKY COVER 0.8


WEATHER CONDITIONS
 THE FOLLOWING WEATHER WAS RECORDED TODAY.
  THUNDERSTORM
  HEAVY RAIN
  RAIN
  LIGHT RAIN
  FOG


RELATIVE HUMIDITY (PERCENT)
 HIGHEST    90           600 AM
 LOWEST     63          1200 PM
 AVERAGE    77

..........................................................


THE HAMILTON - OWENS AIRPORT SC CLIMATE NORMALS FOR TOMORROW
                         NORMAL
 MAXIMUM TEMPERATURE (F)   81
 MINIMUM TEMPERATURE (F)   56


SUNRISE AND SUNSET
MAY  1 2016...........SUNRISE   634 AM EDT   SUNSET   808 PM EDT
MAY  2 2016...........SUNRISE   633 AM EDT   SUNSET   809 PM EDT


-  INDICATES NEGATIVE NUMBERS.
R  INDICATES RECORD WAS SET OR TIED.
MM INDICATES DATA IS MISSING.
T  INDICATES TRACE AMOUNT.




$$
