000
CDUS42 KCAE 310627
CLICUB


CLIMATE REPORT
NATIONAL WEATHER SERVICE COLUMBIA SC
227 AM EDT WED AUG 31 2016


...................................

...THE HAMILTON - OWENS AIRPORT SC CLIMATE SUMMARY FOR AUGUST 30 2016...

CLIMATE NORMAL PERIOD 1981 TO 2010
CLIMATE RECORD PERIOD 9999 TO 9999


WEATHER ITEM   OBSERVED TIME   NORMAL DEPARTURE LAST
                VALUE   (LST)  VALUE  FROM      YEAR
                                      NORMAL
......................................................
TEMPERATURE (F)
 YESTERDAY
  MAXIMUM         92    501 PM  89      3       81
  MINIMUM         73    522 AM  70      3       71
  AVERAGE         83            80      3       76

PRECIPITATION (IN)
  YESTERDAY        0.48          0.11   0.37     1.73
  MONTH TO DATE    6.30          4.83   1.47     7.06
  SINCE JUN 1     13.38         14.92  -1.54    17.13
  SINCE JAN 1     27.37         31.74  -4.37    32.27

DEGREE DAYS
 HEATING
  YESTERDAY        0             0      0        0
  MONTH TO DATE    0             0      0        0
  SINCE JUN 1      0             0      0        0
  SINCE JUL 1      0             0      0        0

 COOLING
  YESTERDAY       18            15      3       11
  MONTH TO DATE  592           488    104      532
  SINCE JUN 1   1780          1468    312     1707
  SINCE JAN 1   2217          1804    413     2136
......................................................


WIND (MPH)
  HIGHEST WIND SPEED     9   HIGHEST WIND DIRECTION     E (80)
  HIGHEST GUST SPEED    16   HIGHEST GUST DIRECTION     E (70)
  AVERAGE WIND SPEED     1.6


SKY COVER
  AVERAGE SKY COVER 0.3


WEATHER CONDITIONS
 THE FOLLOWING WEATHER WAS RECORDED YESTERDAY.
  HEAVY RAIN
  RAIN
  LIGHT RAIN
  FOG


RELATIVE HUMIDITY (PERCENT)
 HIGHEST    94          1200 AM
 LOWEST     38           400 PM

..........................................................


THE HAMILTON - OWENS AIRPORT SC CLIMATE NORMALS FOR TODAY
                         NORMAL    RECORD    YEAR
 MAXIMUM TEMPERATURE (F)   89        MM        MM
 MINIMUM TEMPERATURE (F)   70        MM        MM


SUNRISE AND SUNSET
AUGUST 31 2016........SUNRISE   657 AM EDT   SUNSET   750 PM EDT
SEPTEMBER  1 2016.....SUNRISE   658 AM EDT   SUNSET   749 PM EDT


-  INDICATES NEGATIVE NUMBERS.
R  INDICATES RECORD WAS SET OR TIED.
MM INDICATES DATA IS MISSING.
T  INDICATES TRACE AMOUNT.




$$
