000
CDUS42 KCAE 232206
CLICUB


CLIMATE REPORT
NATIONAL WEATHER SERVICE COLUMBIA SC
504 PM EST TUE JAN 23 2018


...................................

...THE HAMILTON - OWENS AIRPORT SC CLIMATE SUMMARY FOR JANUARY 23 2018...
VALID TODAY AS OF 0500 PM LOCAL TIME.

CLIMATE NORMAL PERIOD 1981 TO 2010
CLIMATE RECORD PERIOD 9999 TO 9999


WEATHER ITEM   OBSERVED TIME   NORMAL DEPARTURE LAST
                VALUE   (LST)  VALUE  FROM      YEAR
                                      NORMAL
......................................................
TEMPERATURE (F)
 TODAY
  MAXIMUM         69    210 PM  57     12       61
  MINIMUM         63    456 PM  36     27       48
  AVERAGE         66            46     20       55

PRECIPITATION (IN)
  TODAY            0.02          0.14  -0.12     0.01
  MONTH TO DATE    0.85          2.52  -1.67     6.06
  SINCE DEC 1      4.18          5.72  -1.54     9.44
  SINCE JAN 1      0.85          2.52  -1.67     6.06

DEGREE DAYS
 HEATING
  TODAY            0            19    -19       10
  MONTH TO DATE  501           449     52      229
  SINCE DEC 1    980           978      2      678
  SINCE JUL 1   1333          1349    -16      939

 COOLING
  TODAY            1             0      1        0
  MONTH TO DATE    2             0      2        2
  SINCE DEC 1      2             4     -2        3
  SINCE JAN 1      2             0      2        2
......................................................


WIND (MPH)
  HIGHEST WIND SPEED    22   HIGHEST WIND DIRECTION     W (260)
  HIGHEST GUST SPEED    32   HIGHEST GUST DIRECTION    SW (240)
  AVERAGE WIND SPEED    13.2


SKY COVER
  AVERAGE SKY COVER 0.7


WEATHER CONDITIONS
 THE FOLLOWING WEATHER WAS RECORDED TODAY.
  LIGHT RAIN
  FOG


RELATIVE HUMIDITY (PERCENT)
 HIGHEST    93           400 AM
 LOWEST     23           200 PM
 AVERAGE    58

..........................................................


THE HAMILTON - OWENS AIRPORT SC CLIMATE NORMALS FOR TOMORROW
                         NORMAL
 MAXIMUM TEMPERATURE (F)   57
 MINIMUM TEMPERATURE (F)   36


SUNRISE AND SUNSET
JANUARY 23 2018.......SUNRISE   726 AM EST   SUNSET   546 PM EST
JANUARY 24 2018.......SUNRISE   726 AM EST   SUNSET   547 PM EST


-  INDICATES NEGATIVE NUMBERS.
R  INDICATES RECORD WAS SET OR TIED.
MM INDICATES DATA IS MISSING.
T  INDICATES TRACE AMOUNT.




$$
