000
CDUS43 KUNR 250832
CLICUT


CLIMATE REPORT
NATIONAL WEATHER SERVICE RAPID CITY SD
231 AM MDT SUN JUN 25 2017


...................................

...THE CUSTER COUNTY AIRPORT SD CLIMATE SUMMARY FOR JUNE 24 2017...

CLIMATE NORMAL PERIOD 1981 TO 2010
CLIMATE RECORD PERIOD 9999 TO 9999


WEATHER ITEM   OBSERVED TIME   NORMAL DEPARTURE LAST
                VALUE   (LST)  VALUE  FROM      YEAR
                                      NORMAL
......................................................
TEMPERATURE (F)
 YESTERDAY
  MAXIMUM         67    359 PM  74     -7       93
  MINIMUM         37    449 AM  49    -12       63
  AVERAGE         52            62    -10       78

PRECIPITATION (IN)
  YESTERDAY        0.00          0.10  -0.10      T
  MONTH TO DATE    1.23          2.63  -1.40     1.47
  SINCE JUN 1      1.23          2.63  -1.40     1.47
  SINCE JAN 1      9.11          9.74  -0.63     6.05

DEGREE DAYS
 HEATING
  YESTERDAY       13             5      8        0
  MONTH TO DATE  119           197    -78       49
  SINCE JUN 1    119           197    -78       49
  SINCE JUL 1   7563          8366   -803     7164

 COOLING
  YESTERDAY        0             1     -1       13
  MONTH TO DATE   15            12      3       77
  SINCE JUN 1     15            12      3       77
  SINCE JAN 1     15            13      2       77
......................................................


WIND (MPH)
  HIGHEST WIND SPEED    18   HIGHEST WIND DIRECTION     W (280)
  HIGHEST GUST SPEED    25   HIGHEST GUST DIRECTION     E (70)
  AVERAGE WIND SPEED     7.1


SKY COVER
  AVERAGE SKY COVER 0.5


WEATHER CONDITIONS
 THE FOLLOWING WEATHER WAS RECORDED YESTERDAY.
  NO SIGNIFICANT WEATHER WAS OBSERVED.


RELATIVE HUMIDITY (PERCENT)
 HIGHEST    54
 LOWEST     20
 AVERAGE    37

..........................................................




SUNRISE AND SUNSET
JUNE 25 2017..........SUNRISE   514 AM MDT   SUNSET   840 PM MDT
JUNE 26 2017..........SUNRISE   514 AM MDT   SUNSET   840 PM MDT


-  INDICATES NEGATIVE NUMBERS.
R  INDICATES RECORD WAS SET OR TIED.
MM INDICATES DATA IS MISSING.
T  INDICATES TRACE AMOUNT.




$$
