000
CDUS43 KUNR 240833
CLICUT


CLIMATE REPORT
NATIONAL WEATHER SERVICE RAPID CITY SD
233 AM MDT SUN JUL 24 2016


...................................

...THE CUSTER COUNTY AIRPORT SD CLIMATE SUMMARY FOR JULY 23 2016...

CLIMATE NORMAL PERIOD 1981 TO 2010
CLIMATE RECORD PERIOD 9999 TO 9999


WEATHER ITEM   OBSERVED TIME   NORMAL DEPARTURE LAST
                VALUE   (LST)  VALUE  FROM      YEAR
                                      NORMAL
......................................................
TEMPERATURE (F)
 YESTERDAY
  MAXIMUM         88    209 PM  80      8       87
  MINIMUM         62    428 AM  52     10       61
  AVERAGE         75            66      9       74

PRECIPITATION (IN)
  YESTERDAY        0.00          0.07  -0.07      T
  MONTH TO DATE    1.50          1.85  -0.35     1.02
  SINCE JUN 1      4.20          5.07  -0.87     7.52
  SINCE JAN 1      8.78         12.18  -3.40    16.83

DEGREE DAYS
 HEATING
  YESTERDAY        0             2     -2        0
  MONTH TO DATE   36            50    -14       40
  SINCE JUN 1     92           270   -178      142
  SINCE JUL 1     36            50    -14       40

 COOLING
  YESTERDAY       10             3      7        9
  MONTH TO DATE   95            59     36       44
  SINCE JUN 1    172            84     88       71
  SINCE JAN 1    172            85     87       71
......................................................


WIND (MPH)
  HIGHEST WIND SPEED    18   HIGHEST WIND DIRECTION     E (80)
  HIGHEST GUST SPEED    24   HIGHEST GUST DIRECTION     E (70)
  AVERAGE WIND SPEED     8.0


SKY COVER
  AVERAGE SKY COVER 0.0


WEATHER CONDITIONS
 THE FOLLOWING WEATHER WAS RECORDED YESTERDAY.
  NO SIGNIFICANT WEATHER WAS OBSERVED.


RELATIVE HUMIDITY (PERCENT)
 HIGHEST    72
 LOWEST      9
 AVERAGE    41

..........................................................




SUNRISE AND SUNSET
JULY 24 2016..........SUNRISE   536 AM MDT   SUNSET   826 PM MDT
JULY 25 2016..........SUNRISE   537 AM MDT   SUNSET   825 PM MDT


-  INDICATES NEGATIVE NUMBERS.
R  INDICATES RECORD WAS SET OR TIED.
MM INDICATES DATA IS MISSING.
T  INDICATES TRACE AMOUNT.




$$
