000
CDUS43 KUNR 220850
CLICUT


CLIMATE REPORT
NATIONAL WEATHER SERVICE RAPID CITY SD
246 AM MDT FRI MAY 22 2015


...................................

...THE CUSTER COUNTY AIRPORT SD CLIMATE SUMMARY FOR MAY 21 2015...

CLIMATE NORMAL PERIOD 1981 TO 2010
CLIMATE RECORD PERIOD 9999 TO 9999


WEATHER ITEM   OBSERVED TIME   NORMAL DEPARTURE LAST
                VALUE   (LST)  VALUE  FROM      YEAR
                                      NORMAL
......................................................
TEMPERATURE (F)
 YESTERDAY
  MAXIMUM         53    203 PM  62     -9       54
  MINIMUM         24    418 AM  38    -14       43
  AVERAGE         39            50    -11       49

PRECIPITATION (IN)
  YESTERDAY        0.00          0.12  -0.12     0.22
  MONTH TO DATE    4.08          2.01   2.07     1.34
  SINCE MAR 1      6.39          5.14   1.25     4.61
  SINCE JAN 1      6.79          6.00   0.79     5.94

DEGREE DAYS
 HEATING
  YESTERDAY       26            15     11       16
  MONTH TO DATE  452           381     71      426
  SINCE MAR 1   1992          2196   -204     2249
  SINCE JUL 1   7441          8031   -590     8107

 COOLING
  YESTERDAY        0             0      0        0
  MONTH TO DATE    0             0      0        0
  SINCE MAR 1      0             0      0        0
  SINCE JAN 1      0             0      0        0
......................................................


WIND (MPH)
  HIGHEST WIND SPEED    16   HIGHEST WIND DIRECTION    SE (120)
  HIGHEST GUST SPEED    22   HIGHEST GUST DIRECTION    SE (120)
  AVERAGE WIND SPEED     6.3


SKY COVER
  AVERAGE SKY COVER 0.5


WEATHER CONDITIONS
 THE FOLLOWING WEATHER WAS RECORDED YESTERDAY.
  FOG
  FOG W/VISIBILITY <= 1/4 MILE


RELATIVE HUMIDITY (PERCENT)
 HIGHEST    92
 LOWEST     38
 AVERAGE    65

..........................................................




SUNRISE AND SUNSET
MAY 22 2015...........SUNRISE   523 AM MDT   SUNSET   820 PM MDT
MAY 23 2015...........SUNRISE   522 AM MDT   SUNSET   821 PM MDT


-  INDICATES NEGATIVE NUMBERS.
R  INDICATES RECORD WAS SET OR TIED.
MM INDICATES DATA IS MISSING.
T  INDICATES TRACE AMOUNT.




$$
