000
CDUS43 KUNR 200836
CLICUT


CLIMATE REPORT
NATIONAL WEATHER SERVICE RAPID CITY SD
135 AM MST SAT JAN 20 2018


...................................

...THE CUSTER COUNTY AIRPORT SD CLIMATE SUMMARY FOR JANUARY 19 2018...

CLIMATE NORMAL PERIOD 1981 TO 2010
CLIMATE RECORD PERIOD 9999 TO 9999


WEATHER ITEM   OBSERVED TIME   NORMAL DEPARTURE LAST
                VALUE   (LST)  VALUE  FROM      YEAR
                                      NORMAL
......................................................
TEMPERATURE (F)
 YESTERDAY
  MAXIMUM         47    227 PM  35     12       52
  MINIMUM         28    737 PM  14     14       25
  AVERAGE         38            24     14       39

PRECIPITATION (IN)
  YESTERDAY        0.00          0.01  -0.01     0.00
  MONTH TO DATE    0.11          0.18  -0.07     0.24
  SINCE DEC 1      1.19          0.56   0.63     1.52
  SINCE JAN 1      0.11          0.18  -0.07     0.24

DEGREE DAYS
 HEATING
  YESTERDAY       27            41    -14       26
  MONTH TO DATE  736           779    -43      856
  SINCE DEC 1   2017          2068    -51     2313
  SINCE JUL 1   3981          4249   -268     3932

 COOLING
  YESTERDAY        0             0      0        0
  MONTH TO DATE    0             0      0        0
  SINCE DEC 1      0             0      0        0
  SINCE JAN 1      0             0      0        0
......................................................


WIND (MPH)
  HIGHEST WIND SPEED    28   HIGHEST WIND DIRECTION     W (270)
  HIGHEST GUST SPEED    39   HIGHEST GUST DIRECTION     W (260)
  AVERAGE WIND SPEED    10.8


SKY COVER
  AVERAGE SKY COVER 0.2


WEATHER CONDITIONS
 THE FOLLOWING WEATHER WAS RECORDED YESTERDAY.
  NO SIGNIFICANT WEATHER WAS OBSERVED.


RELATIVE HUMIDITY (PERCENT)
 HIGHEST    85
 LOWEST     31
 AVERAGE    58

..........................................................




SUNRISE AND SUNSET
JANUARY 20 2018.......SUNRISE   722 AM MST   SUNSET   449 PM MST
JANUARY 21 2018.......SUNRISE   721 AM MST   SUNSET   451 PM MST


-  INDICATES NEGATIVE NUMBERS.
R  INDICATES RECORD WAS SET OR TIED.
MM INDICATES DATA IS MISSING.
T  INDICATES TRACE AMOUNT.




$$
