000
CDUS43 KUNR 220831
CLICUT


CLIMATE REPORT
NATIONAL WEATHER SERVICE RAPID CITY SD
231 AM MDT WED OCT 22 2014


...................................

...THE CUSTER COUNTY AIRPORT SD CLIMATE SUMMARY FOR OCTOBER 21 2014...

CLIMATE NORMAL PERIOD 1981 TO 2010
CLIMATE RECORD PERIOD 9999 TO 9999


WEATHER ITEM   OBSERVED TIME   NORMAL DEPARTURE LAST
                VALUE   (LST)  VALUE  FROM      YEAR
                                      NORMAL
......................................................
TEMPERATURE (F)
 YESTERDAY
  MAXIMUM         72    225 PM  53     19       47
  MINIMUM         46    232 AM  30     16       26
  AVERAGE         59            41     18       37

PRECIPITATION (IN)
  YESTERDAY        0.00          0.04  -0.04      T
  MONTH TO DATE    0.21          1.18  -0.97     3.46
  SINCE SEP 1      4.63          2.75   1.88     4.76
  SINCE JAN 1     19.14         17.67   1.47    20.71

DEGREE DAYS
 HEATING
  YESTERDAY        6            24    -18       28
  MONTH TO DATE  337           439   -102      540
  SINCE SEP 1    622           771   -149      762
  SINCE JUL 1    753           925   -172      859

 COOLING
  YESTERDAY        0             0      0        0
  MONTH TO DATE    0             0      0        0
  SINCE SEP 1     18            11      7       38
  SINCE JAN 1    152           177    -25      187
......................................................


WIND (MPH)
  HIGHEST WIND SPEED    20   HIGHEST WIND DIRECTION     W (250)
  HIGHEST GUST SPEED    30   HIGHEST GUST DIRECTION    SW (230)
  AVERAGE WIND SPEED     7.9


SKY COVER
  AVERAGE SKY COVER 0.1


WEATHER CONDITIONS
 THE FOLLOWING WEATHER WAS RECORDED YESTERDAY.
  NO SIGNIFICANT WEATHER WAS OBSERVED.


RELATIVE HUMIDITY (PERCENT)
 HIGHEST    59
 LOWEST     27
 AVERAGE    43

..........................................................




SUNRISE AND SUNSET
OCTOBER 22 2014.......SUNRISE   718 AM MDT   SUNSET   600 PM MDT
OCTOBER 23 2014.......SUNRISE   719 AM MDT   SUNSET   558 PM MDT


-  INDICATES NEGATIVE NUMBERS.
R  INDICATES RECORD WAS SET OR TIED.
MM INDICATES DATA IS MISSING.
T  INDICATES TRACE AMOUNT.




$$
