000
CDUS43 KUNR 120837
CLICUT


CLIMATE REPORT
NATIONAL WEATHER SERVICE RAPID CITY SD
137 AM MST FRI FEB 12 2016


...................................

...THE CUSTER COUNTY AIRPORT SD CLIMATE SUMMARY FOR FEBRUARY 11 2016...

CLIMATE NORMAL PERIOD 1981 TO 2010
CLIMATE RECORD PERIOD 9999 TO 9999


WEATHER ITEM   OBSERVED TIME   NORMAL DEPARTURE LAST
                VALUE   (LST)  VALUE  FROM      YEAR
                                      NORMAL
......................................................
TEMPERATURE (F)
 YESTERDAY
  MAXIMUM         49   1157 AM  36     13       42
  MINIMUM         31   1133 PM  14     17       19
  AVERAGE         40            25     15       31

PRECIPITATION (IN)
  YESTERDAY        0.00          0.02  -0.02     0.00
  MONTH TO DATE    0.29          0.22   0.07     0.01
  SINCE DEC 1      0.71          0.93  -0.22     0.40
  SINCE JAN 1      0.33          0.55  -0.22     0.25

DEGREE DAYS
 HEATING
  YESTERDAY       25            40    -15       34
  MONTH TO DATE  410           445    -35      346
  SINCE DEC 1   2727          2999   -272     2616
  SINCE JUL 1   4515          5180   -665     4704

 COOLING
  YESTERDAY        0             0      0        0
  MONTH TO DATE    0             0      0        0
  SINCE DEC 1      0             0      0        0
  SINCE JAN 1      0             0      0        0
......................................................


WIND (MPH)
  HIGHEST WIND SPEED    31   HIGHEST WIND DIRECTION    NW (300)
  HIGHEST GUST SPEED    54   HIGHEST GUST DIRECTION    NW (310)
  AVERAGE WIND SPEED    13.5


SKY COVER
  AVERAGE SKY COVER 0.1


WEATHER CONDITIONS
 THE FOLLOWING WEATHER WAS RECORDED YESTERDAY.
  NO SIGNIFICANT WEATHER WAS OBSERVED.


RELATIVE HUMIDITY (PERCENT)
 HIGHEST    63
 LOWEST     34
 AVERAGE    49

..........................................................




SUNRISE AND SUNSET
FEBRUARY 12 2016......SUNRISE   658 AM MST   SUNSET   520 PM MST
FEBRUARY 13 2016......SUNRISE   657 AM MST   SUNSET   521 PM MST


-  INDICATES NEGATIVE NUMBERS.
R  INDICATES RECORD WAS SET OR TIED.
MM INDICATES DATA IS MISSING.
T  INDICATES TRACE AMOUNT.




$$
