000
CDUS41 KILN 280541
CLICVG


CLIMATE REPORT
NATIONAL WEATHER SERVICE WILMINGTON OH
135 AM EDT FRI APR 28 2017


...................................

...THE CINCINNATI OH CLIMATE SUMMARY FOR APRIL 27 2017...

CLIMATE NORMAL PERIOD 1981 TO 2010
CLIMATE RECORD PERIOD 1869 TO 2017


WEATHER ITEM   OBSERVED TIME   RECORD YEAR NORMAL DEPARTURE LAST
                VALUE   (LST)  VALUE       VALUE  FROM      YEAR
                                                  NORMAL
..................................................................
TEMPERATURE (F)
 YESTERDAY
  MAXIMUM         70    344 AM  86    1990  69      1       65
                                      1986
                                      1914
  MINIMUM         49   1147 PM  30    1996  48      1       51
  AVERAGE         60                        58      2       58

PRECIPITATION (IN)
  YESTERDAY        0.22          1.35 2011   0.14   0.08     0.73
  MONTH TO DATE    2.74                      3.48  -0.74     4.09
  SINCE MAR 1      7.55                      7.44   0.11     9.39
  SINCE JAN 1     14.77                     13.25   1.52    16.02

SNOWFALL (IN)
  YESTERDAY        0.0           0.0    MM   0.0    0.0      0.0
  MONTH TO DATE    0.0                       0.5   -0.5       T
  SINCE MAR 1      2.0                       3.5   -1.5      2.3
  SINCE JUL 1     10.0                      22.1  -12.1     19.2
  SNOW DEPTH       0

DEGREE DAYS
 HEATING
  YESTERDAY        5                         8     -3        7
  MONTH TO DATE  164                       319   -155      300
  SINCE MAR 1    787                       985   -198      754
  SINCE JUL 1   3867                      4812   -945     3962

 COOLING
  YESTERDAY        0                         1     -1        0
  MONTH TO DATE   36                        15     21       15
  SINCE MAR 1     37                        15     22       15
  SINCE JAN 1     37                        15     22       15
..................................................................


WIND (MPH)
  RESULTANT WIND SPEED   8   RESULTANT WIND DIRECTION  SW (230)
  HIGHEST WIND SPEED    24   HIGHEST WIND DIRECTION     W (280)
  HIGHEST GUST SPEED    34   HIGHEST GUST DIRECTION     W (260)
  AVERAGE WIND SPEED    10.4


SKY COVER
  POSSIBLE SUNSHINE  MM
  AVERAGE SKY COVER 0.8


WEATHER CONDITIONS
 THE FOLLOWING WEATHER WAS RECORDED YESTERDAY.
  THUNDERSTORM
  RAIN
  LIGHT RAIN
  FOG


RELATIVE HUMIDITY (PERCENT)
 HIGHEST    93          1000 PM
 LOWEST     56           600 PM
 AVERAGE    75

..........................................................


THE CINCINNATI OH CLIMATE NORMALS FOR TODAY
                         NORMAL    RECORD    YEAR
 MAXIMUM TEMPERATURE (F)   69        85      1981
                                             1915
                                             1914
 MINIMUM TEMPERATURE (F)   48        29      1934


SUNRISE AND SUNSET
APRIL 28 2017.........SUNRISE   644 AM EDT   SUNSET   829 PM EDT
APRIL 29 2017.........SUNRISE   643 AM EDT   SUNSET   830 PM EDT


-  INDICATES NEGATIVE NUMBERS.
R  INDICATES RECORD WAS SET OR TIED.
MM INDICATES DATA IS MISSING.
T  INDICATES TRACE AMOUNT.




$$
