000
CDUS41 KILN 030623
CLICVG


CLIMATE REPORT
NATIONAL WEATHER SERVICE WILMINGTON OH
122 AM EST TUE MAR 3 2015


...................................

...THE CINCINNATI OH CLIMATE SUMMARY FOR MARCH 2 2015...

CLIMATE NORMAL PERIOD 1981 TO 2010
CLIMATE RECORD PERIOD 1869 TO 2015


WEATHER ITEM   OBSERVED TIME   RECORD YEAR NORMAL DEPARTURE LAST
                VALUE   (LST)  VALUE       VALUE  FROM      YEAR
                                                  NORMAL
..................................................................
TEMPERATURE (F)
 YESTERDAY
  MAXIMUM         35    354 PM  78    1992  48    -13       40
  MINIMUM         21    806 AM  -5    1980  30     -9       17
  AVERAGE         28                        39    -11       29

PRECIPITATION (IN)
  YESTERDAY        0.00          2.00 1945   0.10  -0.10     0.50
  MONTH TO DATE    0.14                      0.21  -0.07     0.50
  SINCE MAR 1      0.14                      0.21  -0.07     0.50
  SINCE JAN 1      4.29                      6.02  -1.73     6.04

SNOWFALL (IN)
  YESTERDAY        0.0           2.5  1960   0.2   -0.2      1.5
                                      1917
  MONTH TO DATE    1.2                       0.3    0.9      1.5
  SINCE MAR 1      1.2                       0.3    0.9      1.5
  SINCE JUL 1     26.2                      18.9    7.3     45.1
  SNOW DEPTH       3

DEGREE DAYS
 HEATING
  YESTERDAY       37                        26     11       36
  MONTH TO DATE   72                        53     19       60
  SINCE MAR 1     72                        53     19       60
  SINCE JUL 1   4299                      3880    419     4304

 COOLING
  YESTERDAY        0                         0      0        0
  MONTH TO DATE    0                         0      0        0
  SINCE MAR 1      0                         0      0        0
  SINCE JAN 1      0                         0      0        0
..................................................................


WIND (MPH)
  RESULTANT WIND SPEED   4   RESULTANT WIND DIRECTION  NW (330)
  HIGHEST WIND SPEED    21   HIGHEST WIND DIRECTION    NW (320)
  HIGHEST GUST SPEED    25   HIGHEST GUST DIRECTION    NW (320)
  AVERAGE WIND SPEED     7.3


SKY COVER
  POSSIBLE SUNSHINE  MM
  AVERAGE SKY COVER 0.8


WEATHER CONDITIONS
 THE FOLLOWING WEATHER WAS RECORDED YESTERDAY.
  HAZE


RELATIVE HUMIDITY (PERCENT)
 HIGHEST    85          1200 AM
 LOWEST     40           400 PM
 AVERAGE    63

..........................................................


THE CINCINNATI OH CLIMATE NORMALS FOR TODAY
                         NORMAL    RECORD    YEAR
 MAXIMUM TEMPERATURE (F)   48        77      1992
 MINIMUM TEMPERATURE (F)   30       -11      1980


SUNRISE AND SUNSET
MARCH  3 2015.........SUNRISE   709 AM EST   SUNSET   633 PM EST
MARCH  4 2015.........SUNRISE   707 AM EST   SUNSET   634 PM EST


-  INDICATES NEGATIVE NUMBERS.
R  INDICATES RECORD WAS SET OR TIED.
MM INDICATES DATA IS MISSING.
T  INDICATES TRACE AMOUNT.




$$
