000
CDUS41 KILN 030637
CLICVG


CLIMATE REPORT
NATIONAL WEATHER SERVICE WILMINGTON OH
233 AM EDT THU SEP 3 2015


...................................

...THE CINCINNATI OH CLIMATE SUMMARY FOR SEPTEMBER 2 2015...

CLIMATE NORMAL PERIOD 1981 TO 2010
CLIMATE RECORD PERIOD 1869 TO 2015


WEATHER ITEM   OBSERVED TIME   RECORD YEAR NORMAL DEPARTURE LAST
                VALUE   (LST)  VALUE       VALUE  FROM      YEAR
                                                  NORMAL
..................................................................
TEMPERATURE (F)
 YESTERDAY
  MAXIMUM         90    419 PM 102    1953  83      7       79
  MINIMUM         65    600 AM  45    1949  62      3       66
  AVERAGE         78                        72      6       73

PRECIPITATION (IN)
  YESTERDAY        0.00          3.19 1950   0.09  -0.09     1.05
  MONTH TO DATE    0.00                      0.18  -0.18     1.30
  SINCE SEP 1      0.00                      0.18  -0.18     1.30
  SINCE JAN 1     32.21                     29.97   2.24    31.76

SNOWFALL (IN)
  YESTERDAY        0.0           0.0         0.0    0.0      0.0
  MONTH TO DATE    0.0                       0.0    0.0      0.0
  SINCE SEP 1      0.0                       0.0    0.0      0.0
  SINCE JUL 1      0.0                       0.0    0.0      0.0
  SNOW DEPTH       0

DEGREE DAYS
 HEATING
  YESTERDAY        0                         0      0        0
  MONTH TO DATE    0                         0      0        0
  SINCE SEP 1      0                         0      0        0
  SINCE JUL 1      2                         0      2        5

 COOLING
  YESTERDAY       13                         8      5        8
  MONTH TO DATE   25                        16      9       22
  SINCE SEP 1     25                        16      9       22
  SINCE JAN 1    980                       984     -4      968
..................................................................


WIND (MPH)
  RESULTANT WIND SPEED   2   RESULTANT WIND DIRECTION   W (250)
  HIGHEST WIND SPEED    12   HIGHEST WIND DIRECTION     W (280)
  HIGHEST GUST SPEED    15   HIGHEST GUST DIRECTION     W (280)
  AVERAGE WIND SPEED     3.0


SKY COVER
  POSSIBLE SUNSHINE  MM
  AVERAGE SKY COVER 0.2


WEATHER CONDITIONS
 THE FOLLOWING WEATHER WAS RECORDED YESTERDAY.
  FOG
  HAZE


RELATIVE HUMIDITY (PERCENT)
 HIGHEST   100           600 AM
 LOWEST     47           300 PM
 AVERAGE    74

..........................................................


THE CINCINNATI OH CLIMATE NORMALS FOR TODAY
                         NORMAL    RECORD    YEAR
 MAXIMUM TEMPERATURE (F)   83       100      2011
 MINIMUM TEMPERATURE (F)   62        49      1952
                                             1946


SUNRISE AND SUNSET
SEPTEMBER  3 2015.....SUNRISE   709 AM EDT   SUNSET   806 PM EDT
SEPTEMBER  4 2015.....SUNRISE   710 AM EDT   SUNSET   805 PM EDT


-  INDICATES NEGATIVE NUMBERS.
R  INDICATES RECORD WAS SET OR TIED.
MM INDICATES DATA IS MISSING.
T  INDICATES TRACE AMOUNT.




$$
