000
CDUS41 KILN 120544
CLICVG


CLIMATE REPORT
NATIONAL WEATHER SERVICE WILMINGTON OH
1244 AM EST TUE DEC 12 2017


...................................

...THE CINCINNATI OH CLIMATE SUMMARY FOR DECEMBER 11 2017...

CLIMATE NORMAL PERIOD 1981 TO 2010
CLIMATE RECORD PERIOD 1869 TO 2017


WEATHER ITEM   OBSERVED TIME   RECORD YEAR NORMAL DEPARTURE LAST
                VALUE   (LST)  VALUE       VALUE  FROM      YEAR
                                                  NORMAL
..................................................................
TEMPERATURE (F)
 YESTERDAY
  MAXIMUM         47    903 PM  70    1931  43      4       43
  MINIMUM         19    702 AM -13    1917  28     -9       29
  AVERAGE         33                        35     -2       36

PRECIPITATION (IN)
  YESTERDAY        0.00          1.73 1964   0.12  -0.12     0.15
  MONTH TO DATE    0.64                      1.24  -0.60     0.84
  SINCE DEC 1      0.64                      1.24  -0.60     0.84
  SINCE JAN 1     48.70                     40.39   8.31    40.84

SNOWFALL (IN)
  YESTERDAY        0.0           4.0  1944   0.1   -0.1      0.0
  MONTH TO DATE    0.6                       1.2   -0.6      0.3
  SINCE DEC 1      0.6                       1.2   -0.6      0.3
  SINCE JUL 1      0.6                       2.0   -1.4      0.3
  SNOW DEPTH       0

DEGREE DAYS
 HEATING
  YESTERDAY       32                        30      2       29
  MONTH TO DATE  320                       311      9      338
  SINCE DEC 1    320                       311      9      338
  SINCE JUL 1   1211                      1271    -60     1020

 COOLING
  YESTERDAY        0                         0      0        0
  MONTH TO DATE    0                         0      0        0
  SINCE DEC 1      0                         0      0        0
  SINCE JAN 1   1111                      1121    -10     1477
..................................................................


WIND (MPH)
  RESULTANT WIND SPEED   7   RESULTANT WIND DIRECTION  SW (220)
  HIGHEST WIND SPEED    28   HIGHEST WIND DIRECTION     W (280)
  HIGHEST GUST SPEED    36   HIGHEST GUST DIRECTION     W (280)
  AVERAGE WIND SPEED     8.7


SKY COVER
  POSSIBLE SUNSHINE  MM
  AVERAGE SKY COVER 0.5


WEATHER CONDITIONS
 THE FOLLOWING WEATHER WAS RECORDED YESTERDAY.
  NO SIGNIFICANT WEATHER WAS OBSERVED.


RELATIVE HUMIDITY (PERCENT)
 HIGHEST   100           600 AM
 LOWEST     49          1100 PM
 AVERAGE    75

..........................................................


THE CINCINNATI OH CLIMATE NORMALS FOR TODAY
                         NORMAL    RECORD    YEAR
 MAXIMUM TEMPERATURE (F)   42        70      2015
 MINIMUM TEMPERATURE (F)   27        -3      1962
                                             1917


SUNRISE AND SUNSET
DECEMBER 12 2017......SUNRISE   748 AM EST   SUNSET   517 PM EST
DECEMBER 13 2017......SUNRISE   749 AM EST   SUNSET   517 PM EST


-  INDICATES NEGATIVE NUMBERS.
R  INDICATES RECORD WAS SET OR TIED.
MM INDICATES DATA IS MISSING.
T  INDICATES TRACE AMOUNT.




$$
