000
CDUS41 KILN 022150
CLICVG


CLIMATE REPORT
NATIONAL WEATHER SERVICE WILMINGTON OH
450 PM EST FRI DEC 2 2016


...................................

...THE CINCINNATI OH CLIMATE SUMMARY FOR DECEMBER 2 2016...
VALID TODAY AS OF 0400 PM LOCAL TIME.

CLIMATE NORMAL PERIOD 1981 TO 2010
CLIMATE RECORD PERIOD 1869 TO 2016


WEATHER ITEM   OBSERVED TIME   RECORD YEAR NORMAL DEPARTURE LAST
                VALUE   (LST)  VALUE       VALUE  FROM      YEAR
                                                  NORMAL
..................................................................
TEMPERATURE (F)
 TODAY
  MAXIMUM         40    428 PM  75    1982  46     -6       49
  MINIMUM         34   1255 AM   2    1886  30      4       34
  AVERAGE         37                        38     -1       42

PRECIPITATION (IN)
  TODAY            0.00          2.46 1991   0.10  -0.10     0.01
  MONTH TO DATE    0.00                      0.21  -0.21     0.43
  SINCE DEC 1      0.00                      0.21  -0.21     0.43
  SINCE JAN 1     40.00                     39.36   0.64    43.22

SNOWFALL (IN)
  TODAY            0.0           2.2  1929   0.1   -0.1       T
  MONTH TO DATE    0.0                       0.2   -0.2       T
  SINCE DEC 1      0.0                       0.2   -0.2       T
  SINCE JUL 1      T                         1.0   -1.0       T
  SNOW DEPTH       0

DEGREE DAYS
 HEATING
  TODAY           28                        27      1       23
  MONTH TO DATE   54                        53      1       40
  SINCE DEC 1     54                        53      1       40
  SINCE JUL 1    736                      1013   -277      785

 COOLING
  TODAY            0                         0      0        0
  MONTH TO DATE    0                         0      0        0
  SINCE DEC 1      0                         0      0        0
  SINCE JAN 1   1477                      1121    356     1157
..................................................................


WIND (MPH)
  HIGHEST WIND SPEED    14   HIGHEST WIND DIRECTION    NW (300)
  HIGHEST GUST SPEED    18   HIGHEST GUST DIRECTION    NW (300)
  AVERAGE WIND SPEED     7.8


SKY COVER
  POSSIBLE SUNSHINE  MM
  AVERAGE SKY COVER 1.0


WEATHER CONDITIONS
 THE FOLLOWING WEATHER WAS RECORDED TODAY.
  NO SIGNIFICANT WEATHER WAS OBSERVED.


RELATIVE HUMIDITY (PERCENT)
 HIGHEST    82           100 AM
 LOWEST     64           300 PM
 AVERAGE    73

..........................................................


THE CINCINNATI OH CLIMATE NORMALS FOR TOMORROW
                         NORMAL    RECORD    YEAR
 MAXIMUM TEMPERATURE (F)   46        75      1982
 MINIMUM TEMPERATURE (F)   30        -3      1886


SUNRISE AND SUNSET
DECEMBER  2 2016......SUNRISE   740 AM EST   SUNSET   516 PM EST
DECEMBER  3 2016......SUNRISE   741 AM EST   SUNSET   516 PM EST


-  INDICATES NEGATIVE NUMBERS.
R  INDICATES RECORD WAS SET OR TIED.
MM INDICATES DATA IS MISSING.
T  INDICATES TRACE AMOUNT.




$$
