000
CDUS41 KILN 240553
CLICVG


CLIMATE REPORT
NATIONAL WEATHER SERVICE WILMINGTON OH
152 AM EDT SAT JUN 24 2017


...................................

...THE CINCINNATI OH CLIMATE SUMMARY FOR JUNE 23 2017...

CLIMATE NORMAL PERIOD 1981 TO 2010
CLIMATE RECORD PERIOD 1869 TO 2017


WEATHER ITEM   OBSERVED TIME   RECORD YEAR NORMAL DEPARTURE LAST
                VALUE   (LST)  VALUE       VALUE  FROM      YEAR
                                                  NORMAL
..................................................................
TEMPERATURE (F)
 YESTERDAY
  MAXIMUM         82   1149 AM  98    1930  84     -2       90
  MINIMUM         65   1158 PM  46    1972  64      1       68
                                      1963
                                      1918
  AVERAGE         74                        74      0       79

PRECIPITATION (IN)
  YESTERDAY        2.29R         1.64 1896   0.13   2.16     0.95
  MONTH TO DATE    5.21                      3.23   1.98     2.47
  SINCE JUN 1      5.21                      3.23   1.98     2.47
  SINCE JAN 1     28.61                     21.82   6.79    22.08

SNOWFALL (IN)
  YESTERDAY        0.0                       0.0    0.0      0.0
  MONTH TO DATE    0.0                       0.0    0.0      0.0
  SINCE JUN 1      0.0                       0.0    0.0      0.0
  SINCE JUL 1     10.0                      22.1  -12.1     19.2
  SNOW DEPTH       0

DEGREE DAYS
 HEATING
  YESTERDAY        0                         0      0        0
  MONTH TO DATE    4                        12     -8        2
  SINCE JUN 1      4                        12     -8        2
  SINCE JUL 1   4014                      4972   -958     4136

 COOLING
  YESTERDAY        9                         9      0       14
  MONTH TO DATE  173                       158     15      208
  SINCE JUN 1    173                       158     15      208
  SINCE JAN 1    307                       252     55      301
..................................................................


WIND (MPH)
  RESULTANT WIND SPEED   8   RESULTANT WIND DIRECTION  SW (220)
  HIGHEST WIND SPEED    30   HIGHEST WIND DIRECTION     W (280)
  HIGHEST GUST SPEED    37   HIGHEST GUST DIRECTION     W (280)
  AVERAGE WIND SPEED     9.0


SKY COVER
  POSSIBLE SUNSHINE  MM
  AVERAGE SKY COVER 1.0


WEATHER CONDITIONS
 THE FOLLOWING WEATHER WAS RECORDED YESTERDAY.
  THUNDERSTORM
  HEAVY RAIN
  RAIN
  LIGHT RAIN
  FOG


RELATIVE HUMIDITY (PERCENT)
 HIGHEST   100           100 AM
 LOWEST     74          1100 AM
 AVERAGE    87

..........................................................


THE CINCINNATI OH CLIMATE NORMALS FOR TODAY
                         NORMAL    RECORD    YEAR
 MAXIMUM TEMPERATURE (F)   84        98      1914
 MINIMUM TEMPERATURE (F)   64        47      1972


SUNRISE AND SUNSET
JUNE 24 2017..........SUNRISE   614 AM EDT   SUNSET   908 PM EDT
JUNE 25 2017..........SUNRISE   614 AM EDT   SUNSET   908 PM EDT


-  INDICATES NEGATIVE NUMBERS.
R  INDICATES RECORD WAS SET OR TIED.
MM INDICATES DATA IS MISSING.
T  INDICATES TRACE AMOUNT.




$$
