000
CDUS41 KILN 010544
CLICVG


CLIMATE REPORT
NATIONAL WEATHER SERVICE WILMINGTON OH
138 AM EDT WED OCT 1 2014


...................................

...THE CINCINNATI OH CLIMATE SUMMARY FOR SEPTEMBER 30 2014...

CLIMATE NORMAL PERIOD 1981 TO 2010
CLIMATE RECORD PERIOD 1869 TO 2014


WEATHER ITEM   OBSERVED TIME   RECORD YEAR NORMAL DEPARTURE LAST
                VALUE   (LST)  VALUE       VALUE  FROM      YEAR
                                                  NORMAL
..................................................................
TEMPERATURE (F)
 YESTERDAY
  MAXIMUM         80    138 PM  92    1953  72      8       73
                                      1941
  MINIMUM         50    332 AM  31    1993  51     -1       61
  AVERAGE         65                        62      3       67

PRECIPITATION (IN)
  YESTERDAY        0.00          1.60 1893   0.09  -0.09     0.02
  MONTH TO DATE    3.20                      2.63   0.57     3.65
  SINCE SEP 1      3.20                      2.63   0.57     3.65
  SINCE JAN 1     33.66                     32.42   1.24    36.70

SNOWFALL (IN)
  YESTERDAY        0.0                       0.0    0.0      0.0
  MONTH TO DATE    0.0                       0.0    0.0      0.0
  SINCE SEP 1      0.0                       0.0    0.0      0.0
  SINCE JUL 1      0.0                       0.0    0.0      0.0
  SNOW DEPTH       0

DEGREE DAYS
 HEATING
  YESTERDAY        0                         5     -5        0
  MONTH TO DATE   51                        58     -7       26
  SINCE SEP 1     51                        58     -7       26
  SINCE JUL 1     56                        58     -2       30

 COOLING
  YESTERDAY        0                         2     -2        2
  MONTH TO DATE  118                       137    -19      144
  SINCE SEP 1    118                       137    -19      144
  SINCE JAN 1   1064                      1105    -41     1120
..................................................................


WIND (MPH)
  RESULTANT WIND SPEED   5   RESULTANT WIND DIRECTION   N (360)
  HIGHEST WIND SPEED    15   HIGHEST WIND DIRECTION     N (20)
  HIGHEST GUST SPEED    21   HIGHEST GUST DIRECTION     N (10)
  AVERAGE WIND SPEED     6.5


SKY COVER
  POSSIBLE SUNSHINE  MM
  AVERAGE SKY COVER 0.3


WEATHER CONDITIONS
 THE FOLLOWING WEATHER WAS RECORDED YESTERDAY.
  FOG


RELATIVE HUMIDITY (PERCENT)
 HIGHEST    93           200 AM
 LOWEST     47          1200 PM
 AVERAGE    70

..........................................................


THE CINCINNATI OH CLIMATE NORMALS FOR TODAY
                         NORMAL    RECORD    YEAR
 MAXIMUM TEMPERATURE (F)   72        88      1927
                                             1919
                                             1897
 MINIMUM TEMPERATURE (F)   51        34      1987
                                             1974


SUNRISE AND SUNSET
OCTOBER  1 2014.......SUNRISE   735 AM EDT   SUNSET   721 PM EDT
OCTOBER  2 2014.......SUNRISE   736 AM EDT   SUNSET   720 PM EDT


-  INDICATES NEGATIVE NUMBERS.
R  INDICATES RECORD WAS SET OR TIED.
MM INDICATES DATA IS MISSING.
T  INDICATES TRACE AMOUNT.




$$
