000
CDUS45 KCYS 170729
CLICYS


CLIMATE REPORT
NATIONAL WEATHER SERVICE CHEYENNE WY
128 AM MDT WED SEP 17 2014


...................................

...THE CHEYENNE WYOMING CLIMATE SUMMARY FOR SEPTEMBER 16 2014...

CLIMATE NORMAL PERIOD 1981 TO 2010
CLIMATE RECORD PERIOD 1871 TO 2014


WEATHER ITEM   OBSERVED TIME   RECORD YEAR NORMAL DEPARTURE LAST
                VALUE   (LST)  VALUE       VALUE  FROM      YEAR
                                                  NORMAL
..................................................................
TEMPERATURE (F)
 YESTERDAY
  MAXIMUM         82    341 PM  89    2000  72     10       65
  MINIMUM         49    156 AM  23    1965  45      4       49
  AVERAGE         66                        58      8       57

PRECIPITATION (IN)
  YESTERDAY        T             0.47 1906   0.05  -0.05     0.01
  MONTH TO DATE    0.37                      0.83  -0.46     6.21
  SINCE JAN 1     14.03                     13.28   0.75    14.64

SNOWFALL (IN)
  YESTERDAY        0.0           2.2  1971   0.0    0.0      0.0
  MONTH TO DATE    0.7                       0.3    0.4      0.0
  SINCE JUL 1      0.7                       0.3    0.4      0.0
  SNOW DEPTH       0

DEGREE DAYS
 HEATING
  YESTERDAY        0                         7     -7        8
  MONTH TO DATE  127                        78     49       48
  SINCE SEP 1    127                        78     49       48
  SINCE JUL 1    185                       134     51       63

 COOLING
  YESTERDAY        1                         1      0        0
  MONTH TO DATE    9                        21    -12       66
  SINCE SEP 1      9                        21    -12       66
  SINCE JAN 1    275                       347    -72      519
..................................................................


WIND (MPH)
  HIGHEST WIND SPEED    22   HIGHEST WIND DIRECTION     N (340)
  HIGHEST GUST SPEED    32   HIGHEST GUST DIRECTION    NW (310)
  AVERAGE WIND SPEED    11.4


SKY COVER
  AVERAGE SKY COVER 0.1


WEATHER CONDITIONS
 THE FOLLOWING WEATHER WAS RECORDED YESTERDAY.
  LIGHT RAIN


RELATIVE HUMIDITY (PERCENT)
 HIGHEST    83          1200 AM
 LOWEST     15          1100 AM
 AVERAGE    49

..........................................................


THE CHEYENNE WYOMING CLIMATE NORMALS FOR TODAY
                         NORMAL    RECORD    YEAR
 MAXIMUM TEMPERATURE (F)   71        91      2000
 MINIMUM TEMPERATURE (F)   44        23      1965


SUNRISE AND SUNSET
SEPTEMBER 17 2014.....SUNRISE   642 AM MDT   SUNSET   705 PM MDT
SEPTEMBER 18 2014.....SUNRISE   643 AM MDT   SUNSET   703 PM MDT


-  INDICATES NEGATIVE NUMBERS.
R  INDICATES RECORD WAS SET OR TIED.
MM INDICATES DATA IS MISSING.
T  INDICATES TRACE AMOUNT.




$$
