000
CDUS45 KCYS 220735
CLICYS


CLIMATE REPORT
NATIONAL WEATHER SERVICE CHEYENNE WY
135 AM MDT FRI AUG 22 2014


...................................

...THE CHEYENNE WYOMING CLIMATE SUMMARY FOR AUGUST 21 2014...

CLIMATE NORMAL PERIOD 1981 TO 2010
CLIMATE RECORD PERIOD 1871 TO 2014


WEATHER ITEM   OBSERVED TIME   RECORD YEAR NORMAL DEPARTURE LAST
                VALUE   (LST)  VALUE       VALUE  FROM      YEAR
                                                  NORMAL
..................................................................
TEMPERATURE (F)
 YESTERDAY
  MAXIMUM         81   1152 AM  95    1960  81      0       83
  MINIMUM         54    433 AM  40    1939  54      0       58
  AVERAGE         68                        67      1       71

PRECIPITATION (IN)
  YESTERDAY        T             0.77 1984   0.05  -0.05     0.03
  MONTH TO DATE    0.54                      1.45  -0.91     0.91
  SINCE JAN 1     12.72                     11.95   0.77     8.15

SNOWFALL (IN)
  YESTERDAY        0.0          MM      MM   0.0    0.0      0.0
  MONTH TO DATE    0.0                       0.0    0.0      0.0
  SINCE JUL 1      0.0                       0.0    0.0      0.0
  SNOW DEPTH       0

DEGREE DAYS
 HEATING
  YESTERDAY        0                         1     -1        0
  MONTH TO DATE    0                        21    -21        8
  SINCE JUN 1    155                       177    -22       77
  SINCE JUL 1     29                        43    -14       15

 COOLING
  YESTERDAY        3                         3      0        6
  MONTH TO DATE   92                        91      1       89
  SINCE JUN 1    264                       298    -34      366
  SINCE JAN 1    265                       301    -36      372
..................................................................


WIND (MPH)
  HIGHEST WIND SPEED    26   HIGHEST WIND DIRECTION     S (200)
  HIGHEST GUST SPEED    32   HIGHEST GUST DIRECTION     S (200)
  AVERAGE WIND SPEED    10.9


SKY COVER
  AVERAGE SKY COVER 0.2


WEATHER CONDITIONS
 THE FOLLOWING WEATHER WAS RECORDED YESTERDAY.
  THUNDERSTORM
  LIGHT RAIN


RELATIVE HUMIDITY (PERCENT)
 HIGHEST    66           400 AM
 LOWEST     23          1200 PM
 AVERAGE    45

..........................................................


THE CHEYENNE WYOMING CLIMATE NORMALS FOR TODAY
                         NORMAL    RECORD    YEAR
 MAXIMUM TEMPERATURE (F)   80        92      2010
                                             2009
                                             2003
 MINIMUM TEMPERATURE (F)   53        36      1883


SUNRISE AND SUNSET
AUGUST 22 2014........SUNRISE   616 AM MDT   SUNSET   748 PM MDT
AUGUST 23 2014........SUNRISE   617 AM MDT   SUNSET   746 PM MDT


-  INDICATES NEGATIVE NUMBERS.
R  INDICATES RECORD WAS SET OR TIED.
MM INDICATES DATA IS MISSING.
T  INDICATES TRACE AMOUNT.




$$
