000
CDUS45 KCYS 070734
CLICYS


CLIMATE REPORT
NATIONAL WEATHER SERVICE CHEYENNE WY
1233 AM MST SUN FEB 7 2016


...................................

...THE CHEYENNE WYOMING AIRPORT CLIMATE SUMMARY FOR FEBRUARY 6 2016...

CLIMATE NORMAL PERIOD 1981 TO 2010
CLIMATE RECORD PERIOD 1871 TO 2016


WEATHER ITEM   OBSERVED TIME   RECORD YEAR NORMAL DEPARTURE LAST
                VALUE   (LST)  VALUE       VALUE  FROM      YEAR
                                                  NORMAL
..................................................................
TEMPERATURE (F)
 YESTERDAY
  MAXIMUM         44    407 PM  64    2015  39      5       64
  MINIMUM         25   1203 AM -28    1899  18      7       45
  AVERAGE         35                        28      7       55

PRECIPITATION (IN)
  YESTERDAY        0.00          0.28 1896   0.01  -0.01     0.00
  MONTH TO DATE    0.67                      0.08   0.59     0.31
  SINCE JAN 1      1.15                      0.41   0.74     0.37

SNOWFALL (IN)
  YESTERDAY        0.0           2.8  1896   0.3   -0.3      0.0
  MONTH TO DATE   10.9                       1.6    9.3      3.9
  SINCE JUL 1     45.6                      30.2   15.4     27.3
  SNOW DEPTH       7

DEGREE DAYS
 HEATING
  YESTERDAY       30                        37     -7       10
  MONTH TO DATE  258                       222     36      160
  SINCE DEC 1   2505                      2501      4     2283
  SINCE JUL 1   3932                      4249   -317     3886

 COOLING
  YESTERDAY        0                         0      0        0
  MONTH TO DATE    0                         0      0        0
  SINCE DEC 1      0                         0      0        0
  SINCE JAN 1      0                         0      0        0
..................................................................


WIND (MPH)
  HIGHEST WIND SPEED    37   HIGHEST WIND DIRECTION     W (280)
  HIGHEST GUST SPEED    47   HIGHEST GUST DIRECTION     W (280)
  AVERAGE WIND SPEED    19.3


SKY COVER
  AVERAGE SKY COVER 0.0


WEATHER CONDITIONS
 THE FOLLOWING WEATHER WAS RECORDED YESTERDAY.
  NO SIGNIFICANT WEATHER WAS OBSERVED.


RELATIVE HUMIDITY (PERCENT)
 HIGHEST    55           200 AM
 LOWEST     36           400 PM
 AVERAGE    46

..........................................................


THE CHEYENNE WYOMING AIRPORT CLIMATE NORMALS FOR TODAY
                         NORMAL    RECORD    YEAR
 MAXIMUM TEMPERATURE (F)   39        64      1987
 MINIMUM TEMPERATURE (F)   18       -30      1936


SUNRISE AND SUNSET
FEBRUARY  7 2016......SUNRISE   704 AM MST   SUNSET   523 PM MST
FEBRUARY  8 2016......SUNRISE   703 AM MST   SUNSET   524 PM MST


-  INDICATES NEGATIVE NUMBERS.
R  INDICATES RECORD WAS SET OR TIED.
MM INDICATES DATA IS MISSING.
T  INDICATES TRACE AMOUNT.




$$
