000
CDUS46 KSGX 010019
CLICZZ


CLIMATE REPORT
NATIONAL WEATHER SERVICE SAN DIEGO, CA
519 PM PDT TUE MAY 31 2016


...................................

...THE CAMPO ASOS CA CLIMATE SUMMARY FOR MAY 31 2016...
VALID TODAY AS OF 0500 PM LOCAL TIME.

CLIMATE NORMAL PERIOD 1981 TO 2010
CLIMATE RECORD PERIOD 1948 TO 2016


WEATHER ITEM   OBSERVED TIME   RECORD YEAR NORMAL DEPARTURE LAST
                VALUE   (LST)  VALUE       VALUE  FROM      YEAR
                                                  NORMAL
..................................................................
TEMPERATURE (F)
 TODAY
  MAXIMUM         80    213 PM  97    2012  83     -3       83
  MINIMUM         44    419 AM  28    1959  43      1       49
  AVERAGE         62                        63     -1       66

PRECIPITATION (IN)
  TODAY            0.00          0.01 1967   0.00   0.00     0.00
  MONTH TO DATE    0.14                      0.18  -0.04     2.31
  SINCE OCT 1      9.32                     14.26  -4.94     8.93
  SINCE JAN 1      6.37                     10.04  -3.67     5.06

DEGREE DAYS
 HEATING
  TODAY            3                         4     -1        0
  MONTH TO DATE  211                       159     52      255
  SINCE MAR 1    884                       876      8      838
  SINCE JUL 1   2768                      2927   -159     2474

 COOLING
  TODAY            0                         2     -2        1
  MONTH TO DATE    3                        27    -24       12
  SINCE MAR 1      3                        30    -27       17
  SINCE JAN 1      3                        30    -27       17
..................................................................


WIND (MPH)
  RESULTANT WIND SPEED   6   RESULTANT WIND DIRECTION  SW (210)
  HIGHEST WIND SPEED    22   HIGHEST WIND DIRECTION     S (200)
  HIGHEST GUST SPEED    26   HIGHEST GUST DIRECTION    SW (210)
  AVERAGE WIND SPEED     8.7


SKY COVER
  POSSIBLE SUNSHINE  MM
  AVERAGE SKY COVER 0.0



RELATIVE HUMIDITY (PERCENT)
 HIGHEST    93           400 AM
 LOWEST     40          1000 AM
 AVERAGE    67

..........................................................


THE CAMPO ASOS CA CLIMATE NORMALS FOR TOMORROW
                         NORMAL    RECORD    YEAR
 MAXIMUM TEMPERATURE (F)   83        98      2013
 MINIMUM TEMPERATURE (F)   43        31      1971


SUNRISE AND SUNSET
MAY 31 2016...........SUNRISE   539 AM PDT   SUNSET   748 PM PDT
JUNE  1 2016..........SUNRISE   539 AM PDT   SUNSET   749 PM PDT


-  INDICATES NEGATIVE NUMBERS.
R  INDICATES RECORD WAS SET OR TIED.
MM INDICATES DATA IS MISSING.
T  INDICATES TRACE AMOUNT.




$$
