000
CDUS46 KSGX 230017
CLICZZ


CLIMATE REPORT
NATIONAL WEATHER SERVICE SAN DIEGO, CA
517 PM PDT TUE APR 22 2014


...................................

...THE CAMPO ASOS CA CLIMATE SUMMARY FOR APRIL 22 2014...
VALID TODAY AS OF 0500 PM LOCAL TIME.

CLIMATE NORMAL PERIOD 1981 TO 2010
CLIMATE RECORD PERIOD 1948 TO 2014


WEATHER ITEM   OBSERVED TIME   RECORD YEAR NORMAL DEPARTURE LAST
                VALUE   (LST)  VALUE       VALUE  FROM      YEAR
                                                  NORMAL
..................................................................
TEMPERATURE (F)
 TODAY
  MAXIMUM         71    223 PM  85    1998  74     -3       78
  MINIMUM         41    349 AM  23    1963  39      2       35
  AVERAGE         56                        56      0       57

PRECIPITATION (IN)
  TODAY            0.00          0.60 2010   0.03  -0.03     0.00
  MONTH TO DATE    0.28                      0.78  -0.50     0.01
  SINCE JUL 1      6.54                     15.26  -8.72     8.92
  SINCE JAN 1      2.35                      9.68  -7.33     4.45

SNOWFALL (IN)
  TODAY            0.0
  MONTH TO DATE    0.0
  SINCE JAN 1      0.0
  SINCE JUL 1      0.0
  SNOW DEPTH       0

DEGREE DAYS
 HEATING
  TODAY            9                         9      0        8
  MONTH TO DATE  191                       236    -45      245
  SINCE MAR 1    563                       653    -90      617
  SINCE JUL 1   2433                      2704   -271     2761

 COOLING
  TODAY            0                         0      0        0
  MONTH TO DATE    1                         0      1        0
  SINCE MAR 1      1                         0      1        0
  SINCE JAN 1      1                         0      1        0
..................................................................


WIND (MPH)
  RESULTANT WIND SPEED   6   RESULTANT WIND DIRECTION  SW (230)
  HIGHEST WIND SPEED    26   HIGHEST WIND DIRECTION    SW (230)
  HIGHEST GUST SPEED    32   HIGHEST GUST DIRECTION    SW (230)
  AVERAGE WIND SPEED     9.9


SKY COVER
  POSSIBLE SUNSHINE  MM
  AVERAGE SKY COVER 0.0



RELATIVE HUMIDITY (PERCENT)
 HIGHEST    86           100 AM
 LOWEST     23           300 PM
 AVERAGE    55

..........................................................


THE CAMPO ASOS CA CLIMATE NORMALS FOR TOMORROW
                         NORMAL    RECORD    YEAR
 MAXIMUM TEMPERATURE (F)   74        89      1996
 MINIMUM TEMPERATURE (F)   39        26      1970


SUNRISE AND SUNSET
APRIL 22 2014.........SUNRISE   608 AM PDT   SUNSET   721 PM PDT
APRIL 23 2014.........SUNRISE   607 AM PDT   SUNSET   722 PM PDT


-  INDICATES NEGATIVE NUMBERS.
R  INDICATES RECORD WAS SET OR TIED.
MM INDICATES DATA IS MISSING.
T  INDICATES TRACE AMOUNT.




$$
