000
CDUS46 KSGX 300015
CLICZZ


CLIMATE REPORT
NATIONAL WEATHER SERVICE SAN DIEGO, CA
515 PM PDT TUE JUL 29 2014


...................................

...THE CAMPO ASOS CA CLIMATE SUMMARY FOR JULY 29 2014...
VALID TODAY AS OF 0500 PM LOCAL TIME.

CLIMATE NORMAL PERIOD 1981 TO 2010
CLIMATE RECORD PERIOD 1948 TO 2014


WEATHER ITEM   OBSERVED TIME   RECORD YEAR NORMAL DEPARTURE LAST
                VALUE   (LST)  VALUE       VALUE  FROM      YEAR
                                                  NORMAL
..................................................................
TEMPERATURE (F)
 TODAY
  MAXIMUM         94    237 PM 106    1995  95     -1       89
  MINIMUM         59    518 AM  44    2002  54      5       49
                                      1950
  AVERAGE         77                        74      3       69

PRECIPITATION (IN)
  TODAY            0.00          1.23 1968   0.02  -0.02     0.00
  MONTH TO DATE    0.14                      0.29  -0.15     0.24
  SINCE JUL 1      0.14                      0.29  -0.15     0.24
  SINCE JAN 1      2.90                     10.44  -7.54     5.02

SNOWFALL (IN)
  TODAY            0.0
  MONTH TO DATE    0.0
  SINCE JAN 1      0.0
  SINCE JUL 1      0.0
  SNOW DEPTH       0

DEGREE DAYS
 HEATING
  TODAY            0                         0      0        0
  MONTH TO DATE    0                         4     -4        0
  SINCE JUN 1     28                        60    -32       28
  SINCE JUL 1      0                         4     -4        0

 COOLING
  TODAY           12                         9      3        4
  MONTH TO DATE  257                       232     25      303
  SINCE JUN 1    317                       324     -7      410
  SINCE JAN 1    369                       354     15      437
..................................................................


WIND (MPH)
  RESULTANT WIND SPEED   4   RESULTANT WIND DIRECTION   W (280)
  HIGHEST WIND SPEED    21   HIGHEST WIND DIRECTION    SW (240)
  HIGHEST GUST SPEED    26   HIGHEST GUST DIRECTION    SW (240)
  AVERAGE WIND SPEED     7.2


SKY COVER
  POSSIBLE SUNSHINE  MM
  AVERAGE SKY COVER 0.0



RELATIVE HUMIDITY (PERCENT)
 HIGHEST    64           300 AM
 LOWEST     21          1100 AM
 AVERAGE    43

..........................................................


THE CAMPO ASOS CA CLIMATE NORMALS FOR TOMORROW
                         NORMAL    RECORD    YEAR
 MAXIMUM TEMPERATURE (F)   95       103      1972
 MINIMUM TEMPERATURE (F)   54        41      1950


SUNRISE AND SUNSET
JULY 29 2014..........SUNRISE   558 AM PDT   SUNSET   746 PM PDT
JULY 30 2014..........SUNRISE   559 AM PDT   SUNSET   745 PM PDT


-  INDICATES NEGATIVE NUMBERS.
R  INDICATES RECORD WAS SET OR TIED.
MM INDICATES DATA IS MISSING.
T  INDICATES TRACE AMOUNT.




$$
