000
CDUS46 KSGX 031422
CLICZZ


CLIMATE REPORT
NATIONAL WEATHER SERVICE SAN DIEGO, CA
621 AM PST TUE MAR 3 2015


...................................

...THE CAMPO ASOS CA CLIMATE SUMMARY FOR MARCH 2 2015...

CLIMATE NORMAL PERIOD 1981 TO 2010
CLIMATE RECORD PERIOD 1948 TO 2015


WEATHER ITEM   OBSERVED TIME   RECORD YEAR NORMAL DEPARTURE LAST
                VALUE   (LST)  VALUE       VALUE  FROM      YEAR
                                                  NORMAL
..................................................................
TEMPERATURE (F)
 YESTERDAY
  MAXIMUM         49    322 PM  84    1999  66    -17       54
  MINIMUM         36   1159 PM  18    1977  36      0       38
  AVERAGE         43                        51     -8       46

PRECIPITATION (IN)
  YESTERDAY        0.45          2.91 1983   0.11   0.34     0.02
  MONTH TO DATE    1.45                      0.22   1.23     0.64
  SINCE OCT 1      6.35                     10.65  -4.30     4.21
  SINCE JAN 1      2.48                      6.43  -3.95     1.96

SNOWFALL (IN)
  YESTERDAY       MM
  MONTH TO DATE   MM
  SINCE JAN 1      0.0
  SINCE JUL 1      0.0
  SNOW DEPTH       0

DEGREE DAYS
 HEATING
  YESTERDAY       22                        14      8       19
  MONTH TO DATE   41                        29     12       34
  SINCE MAR 1     41                        29     12       34
  SINCE JUL 1   1677                      2080   -403     1904

 COOLING
  YESTERDAY        0                         0      0        0
  MONTH TO DATE    0                         0      0        0
  SINCE MAR 1      0                         0      0        0
  SINCE JAN 1      0                         0      0        0
..................................................................


WIND (MPH)
  RESULTANT WIND SPEED   7   RESULTANT WIND DIRECTION  SW (230)
  HIGHEST WIND SPEED    25   HIGHEST WIND DIRECTION    SW (240)
  HIGHEST GUST SPEED    31   HIGHEST GUST DIRECTION    SW (240)
  AVERAGE WIND SPEED     8.3


SKY COVER
  POSSIBLE SUNSHINE  MM
  AVERAGE SKY COVER 0.0



RELATIVE HUMIDITY (PERCENT)
 HIGHEST   100           200 AM
 LOWEST     71           300 PM
 AVERAGE    86

..........................................................


THE CAMPO ASOS CA CLIMATE NORMALS FOR TODAY
                         NORMAL    RECORD    YEAR
 MAXIMUM TEMPERATURE (F)   66        80      1972
 MINIMUM TEMPERATURE (F)   36        18      1977


SUNRISE AND SUNSET
MARCH  3 2015.........SUNRISE   611 AM PST   SUNSET   545 PM PST
MARCH  4 2015.........SUNRISE   610 AM PST   SUNSET   545 PM PST


-  INDICATES NEGATIVE NUMBERS.
R  INDICATES RECORD WAS SET OR TIED.
MM INDICATES DATA IS MISSING.
T  INDICATES TRACE AMOUNT.




$$
