000
CDUS46 KSGX 231141
CLICZZ


CLIMATE REPORT
NATIONAL WEATHER SERVICE SAN DIEGO, CA
441 AM PDT TUE MAY 23 2017


...................................

...THE CAMPO ASOS CA CLIMATE SUMMARY FOR MAY 22 2017...

CLIMATE NORMAL PERIOD 1981 TO 2010
CLIMATE RECORD PERIOD 1948 TO 2017


WEATHER ITEM   OBSERVED TIME   RECORD YEAR NORMAL DEPARTURE LAST
                VALUE   (LST)  VALUE       VALUE  FROM      YEAR
                                                  NORMAL
..................................................................
TEMPERATURE (F)
 YESTERDAY
  MAXIMUM         92    122 PM  95    1988  81     11       69
  MINIMUM         46    510 AM  29    1975  42      4       30
  AVERAGE         69                        62      7       50

PRECIPITATION (IN)
  YESTERDAY        0.00          0.18 2006   0.01  -0.01     0.00
  MONTH TO DATE    0.89                      0.16   0.73     0.14
  SINCE OCT 1     16.58                     14.24   2.34     9.32
  SINCE JAN 1     11.35                     10.02   1.33     6.37

DEGREE DAYS
 HEATING
  YESTERDAY        0                         4     -4       15
  MONTH TO DATE  140                       123     17      152
  SINCE MAR 1    718                       840   -122      825
  SINCE JUL 1   2628                      2891   -263     2709

 COOLING
  YESTERDAY        4                         1      3        0
  MONTH TO DATE   18                        17      1        2
  SINCE MAR 1     20                        20      0        2
  SINCE JAN 1     20                        20      0        2
..................................................................


WIND (MPH)
  RESULTANT WIND SPEED   2   RESULTANT WIND DIRECTION   W (290)
  HIGHEST WIND SPEED    18   HIGHEST WIND DIRECTION    SW (220)
  HIGHEST GUST SPEED    22   HIGHEST GUST DIRECTION     W (270)
  AVERAGE WIND SPEED     6.7


SKY COVER
  POSSIBLE SUNSHINE  MM
  AVERAGE SKY COVER 0.0



RELATIVE HUMIDITY (PERCENT)
 HIGHEST    77          1100 PM
 LOWEST     16          1200 PM
 AVERAGE    47

..........................................................


THE CAMPO ASOS CA CLIMATE NORMALS FOR TODAY
                         NORMAL    RECORD    YEAR
 MAXIMUM TEMPERATURE (F)   81        94      1984
 MINIMUM TEMPERATURE (F)   43        30      1973


SUNRISE AND SUNSET
MAY 23 2017...........SUNRISE   542 AM PDT   SUNSET   743 PM PDT
MAY 24 2017...........SUNRISE   542 AM PDT   SUNSET   744 PM PDT


-  INDICATES NEGATIVE NUMBERS.
R  INDICATES RECORD WAS SET OR TIED.
MM INDICATES DATA IS MISSING.
T  INDICATES TRACE AMOUNT.




$$
