000
CDUS46 KSGX 290017
CLICZZ


CLIMATE REPORT
NATIONAL WEATHER SERVICE SAN DIEGO, CA
517 PM PDT THU AUG 28 2014


...................................

...THE CAMPO ASOS CA CLIMATE SUMMARY FOR AUGUST 28 2014...
VALID TODAY AS OF 0500 PM LOCAL TIME.

CLIMATE NORMAL PERIOD 1981 TO 2010
CLIMATE RECORD PERIOD 1948 TO 2014


WEATHER ITEM   OBSERVED TIME   RECORD YEAR NORMAL DEPARTURE LAST
                VALUE   (LST)  VALUE       VALUE  FROM      YEAR
                                                  NORMAL
..................................................................
TEMPERATURE (F)
 TODAY
  MAXIMUM         98   1214 PM 106    1981  94      4       95
  MINIMUM         56    530 AM  35    1973  52      4       61
  AVERAGE         77                        73      4       78

PRECIPITATION (IN)
  TODAY            0.00          1.14 1951   0.02  -0.02     0.00
  MONTH TO DATE    0.48                      0.64  -0.16     0.16
  SINCE JUL 1      0.62                      0.96  -0.34     0.40
  SINCE JAN 1      3.38                     11.11  -7.73     5.18

SNOWFALL (IN)
  TODAY            0.0
  MONTH TO DATE    0.0
  SINCE JAN 1      0.0
  SINCE JUL 1      0.0
  SNOW DEPTH       0

DEGREE DAYS
 HEATING
  TODAY            0                         0      0        0
  MONTH TO DATE    2                         0      2        2
  SINCE JUN 1     30                        63    -33       30
  SINCE JUL 1      2                         7     -5        2

 COOLING
  TODAY           12                         8      4       13
  MONTH TO DATE  203                       250    -47      229
  SINCE JUN 1    549                       592    -43      649
  SINCE JAN 1    601                       622    -21      676
..................................................................


WIND (MPH)
  RESULTANT WIND SPEED   4   RESULTANT WIND DIRECTION  NW (310)
  HIGHEST WIND SPEED    25   HIGHEST WIND DIRECTION     W (280)
  HIGHEST GUST SPEED    32   HIGHEST GUST DIRECTION     W (270)
  AVERAGE WIND SPEED     8.3


SKY COVER
  POSSIBLE SUNSHINE  MM
  AVERAGE SKY COVER 0.0



RELATIVE HUMIDITY (PERCENT)
 HIGHEST    67           600 AM
 LOWEST     12          1200 PM
 AVERAGE    40

..........................................................


THE CAMPO ASOS CA CLIMATE NORMALS FOR TOMORROW
                         NORMAL    RECORD    YEAR
 MAXIMUM TEMPERATURE (F)   94       105      1981
 MINIMUM TEMPERATURE (F)   52        32      2010


SUNRISE AND SUNSET
AUGUST 28 2014........SUNRISE   618 AM PDT   SUNSET   715 PM PDT
AUGUST 29 2014........SUNRISE   619 AM PDT   SUNSET   714 PM PDT


-  INDICATES NEGATIVE NUMBERS.
R  INDICATES RECORD WAS SET OR TIED.
MM INDICATES DATA IS MISSING.
T  INDICATES TRACE AMOUNT.




$$
