000
CDUS46 KSGX 181417
CLICZZ


CLIMATE REPORT
NATIONAL WEATHER SERVICE SAN DIEGO, CA
717 AM PDT THU SEP 18 2014


...................................

...THE CAMPO ASOS CA CLIMATE SUMMARY FOR SEPTEMBER 17 2014...

CLIMATE NORMAL PERIOD 1981 TO 2010
CLIMATE RECORD PERIOD 1948 TO 2014


WEATHER ITEM   OBSERVED TIME   RECORD YEAR NORMAL DEPARTURE LAST
                VALUE   (LST)  VALUE       VALUE  FROM      YEAR
                                                  NORMAL
..................................................................
TEMPERATURE (F)
 YESTERDAY
  MAXIMUM         92    208 PM 101    1951  89      3       88
  MINIMUM         63   1159 PM  33    1985  49     14       49
  AVERAGE         78                        69      9       69

PRECIPITATION (IN)
  YESTERDAY        0.00          0.14 1963   0.01  -0.01     0.00
  MONTH TO DATE    0.43                      0.20   0.23     1.51
  SINCE JUL 1      1.05                      1.22  -0.17     1.94
  SINCE JAN 1      3.81                     11.37  -7.56     6.72

SNOWFALL (IN)
  YESTERDAY        0.0
  MONTH TO DATE    0.0
  SINCE JAN 1      0.0
  SINCE JUL 1      0.0
  SNOW DEPTH       0

DEGREE DAYS
 HEATING
  YESTERDAY        0                         1     -1        0
  MONTH TO DATE    0                        15    -15        0
  SINCE SEP 1      0                        15    -15        0
  SINCE JUL 1      2                        29    -27        2

 COOLING
  YESTERDAY       13                         5      8        4
  MONTH TO DATE  172                       113     59      182
  SINCE SEP 1    172                       113     59      182
  SINCE JAN 1    804                       763     41      899
..................................................................


WIND (MPH)
  RESULTANT WIND SPEED   2   RESULTANT WIND DIRECTION  NE (50)
  HIGHEST WIND SPEED    20   HIGHEST WIND DIRECTION    NW (300)
  HIGHEST GUST SPEED    26   HIGHEST GUST DIRECTION     E (100)
  AVERAGE WIND SPEED     8.2


SKY COVER
  POSSIBLE SUNSHINE  MM
  AVERAGE SKY COVER 0.0



RELATIVE HUMIDITY (PERCENT)
 HIGHEST    73           500 AM
 LOWEST     34          1100 AM
 AVERAGE    54

..........................................................


THE CAMPO ASOS CA CLIMATE NORMALS FOR TODAY
                         NORMAL    RECORD    YEAR
 MAXIMUM TEMPERATURE (F)   89       100      1962
 MINIMUM TEMPERATURE (F)   48        29      1973


SUNRISE AND SUNSET
SEPTEMBER 18 2014.....SUNRISE   631 AM PDT   SUNSET   648 PM PDT
SEPTEMBER 19 2014.....SUNRISE   632 AM PDT   SUNSET   646 PM PDT


-  INDICATES NEGATIVE NUMBERS.
R  INDICATES RECORD WAS SET OR TIED.
MM INDICATES DATA IS MISSING.
T  INDICATES TRACE AMOUNT.




$$
