000
CDUS46 KSGX 251136
CLICZZ


CLIMATE REPORT
NATIONAL WEATHER SERVICE SAN DIEGO, CA
436 AM PDT SUN JUN 25 2017


...................................

...THE CAMPO ASOS CA CLIMATE SUMMARY FOR JUNE 24 2017...

CLIMATE NORMAL PERIOD 1981 TO 2010
CLIMATE RECORD PERIOD 1948 TO 2017


WEATHER ITEM   OBSERVED TIME   RECORD YEAR NORMAL DEPARTURE LAST
                VALUE   (LST)  VALUE       VALUE  FROM      YEAR
                                                  NORMAL
..................................................................
TEMPERATURE (F)
 YESTERDAY
  MAXIMUM         97    251 PM 105    1970  90      7       92
  MINIMUM         57    511 AM  34    1963  47     10       51
  AVERAGE         77                        68      9       72

PRECIPITATION (IN)
  YESTERDAY        0.00          0.00 2006   0.01  -0.01     0.00
                                      2005
                                      2004
  MONTH TO DATE    0.00                      0.09  -0.09     0.00
  SINCE OCT 1     16.58                     14.35   2.23     9.32
  SINCE JAN 1     11.35                     10.13   1.22     6.37

DEGREE DAYS
 HEATING
  YESTERDAY        0                         1     -1        0
  MONTH TO DATE   37                        49    -12       27
  SINCE JUN 1     37                        49    -12       27
  SINCE JUL 1   2704                      2976   -272     2795

 COOLING
  YESTERDAY       12                         4      8        7
  MONTH TO DATE  124                        63     61      133
  SINCE JUN 1    124                        63     61      133
  SINCE JAN 1    151                        93     58      136
..................................................................


WIND (MPH)
  RESULTANT WIND SPEED   4   RESULTANT WIND DIRECTION  SW (220)
  HIGHEST WIND SPEED    23   HIGHEST WIND DIRECTION    SW (220)
  HIGHEST GUST SPEED    27   HIGHEST GUST DIRECTION    SW (220)
  AVERAGE WIND SPEED     9.0


SKY COVER
  POSSIBLE SUNSHINE  MM
  AVERAGE SKY COVER 0.0



RELATIVE HUMIDITY (PERCENT)
 HIGHEST    84           300 AM
 LOWEST     24           300 PM
 AVERAGE    54

..........................................................


THE CAMPO ASOS CA CLIMATE NORMALS FOR TODAY
                         NORMAL    RECORD    YEAR
 MAXIMUM TEMPERATURE (F)   90       104      2006
 MINIMUM TEMPERATURE (F)   47        35      1980


SUNRISE AND SUNSET
JUNE 25 2017..........SUNRISE   540 AM PDT   SUNSET   757 PM PDT
JUNE 26 2017..........SUNRISE   540 AM PDT   SUNSET   757 PM PDT


-  INDICATES NEGATIVE NUMBERS.
R  INDICATES RECORD WAS SET OR TIED.
MM INDICATES DATA IS MISSING.
T  INDICATES TRACE AMOUNT.




$$
