000
CDUS43 KUNR 300833
CLID07


CLIMATE REPORT
NATIONAL WEATHER SERVICE RAPID CITY SD
232 AM MDT SAT APR 30 2016


...................................

...THE FAITH SD CLIMATE SUMMARY FOR APRIL 29 2016...

CLIMATE NORMAL PERIOD 1981 TO 2010
CLIMATE RECORD PERIOD 9999 TO 9999


WEATHER ITEM   OBSERVED TIME   NORMAL DEPARTURE LAST
                VALUE   (LST)  VALUE  FROM      YEAR
                                      NORMAL
......................................................
TEMPERATURE (F)
 YESTERDAY
  MAXIMUM         54   1214 PM  62     -8       75
  MINIMUM         35    555 AM  38     -3       36
  AVERAGE         45            50     -5       56

PRECIPITATION (IN)
  YESTERDAY        0.00          0.09  -0.09     0.00
  MONTH TO DATE    4.02          1.54   2.48     0.50
  SINCE MAR 1      4.85          2.52   2.33     0.65
  SINCE JAN 1      6.36          3.14   3.22     1.08

DEGREE DAYS
 HEATING
  YESTERDAY       20            15      5        9
  MONTH TO DATE  548           595    -47      536
  SINCE MAR 1   1318          1598   -280     1260
  SINCE JUL 1   6264          7286  -1022     6759

 COOLING
  YESTERDAY        0             0      0        0
  MONTH TO DATE    0             0      0        0
  SINCE MAR 1      0             0      0        2
  SINCE JAN 1      0             0      0        2
......................................................


WIND (MPH)
  HIGHEST WIND SPEED    17   HIGHEST WIND DIRECTION     E (100)
  HIGHEST GUST SPEED    21   HIGHEST GUST DIRECTION     E (80)
  AVERAGE WIND SPEED     7.4




RELATIVE HUMIDITY (PERCENT)
 HIGHEST    89           600 AM
 LOWEST     50          1200 PM
 AVERAGE    70

..........................................................




SUNRISE AND SUNSET
APRIL 30 2016.........SUNRISE   538 AM MDT   SUNSET   753 PM MDT
MAY  1 2016...........SUNRISE   537 AM MDT   SUNSET   754 PM MDT


-  INDICATES NEGATIVE NUMBERS.
R  INDICATES RECORD WAS SET OR TIED.
MM INDICATES DATA IS MISSING.
T  INDICATES TRACE AMOUNT.




$$
