000
CDUS43 KUNR 220840
CLID07


CLIMATE REPORT
NATIONAL WEATHER SERVICE RAPID CITY SD
140 AM MST SAT NOV 22 2014


...................................

...THE FAITH SD CLIMATE SUMMARY FOR NOVEMBER 21 2014...

CLIMATE NORMAL PERIOD 1981 TO 2010
CLIMATE RECORD PERIOD 9999 TO 9999


WEATHER ITEM   OBSERVED TIME   NORMAL DEPARTURE LAST
                VALUE   (LST)  VALUE  FROM      YEAR
                                      NORMAL
......................................................
TEMPERATURE (F)
 YESTERDAY
  MAXIMUM         51    310 PM  39     12       19
  MINIMUM         11   1206 AM  19     -8        7
  AVERAGE         31            29      2       13

PRECIPITATION (IN)
  YESTERDAY        0.00          0.00   0.00     0.00
  MONTH TO DATE    0.21          0.49  -0.28     0.22
  SINCE SEP 1      1.89          3.40  -1.51     3.96
  SINCE JAN 1     18.40         17.22   1.18    16.33

DEGREE DAYS
 HEATING
  YESTERDAY       34            36     -2       52
  MONTH TO DATE  820           636    184      632
  SINCE SEP 1   1472          1402     70     1399
  SINCE JUL 1   1515          1435     80     1414

 COOLING
  YESTERDAY        0             0      0        0
  MONTH TO DATE    0             0      0        0
  SINCE SEP 1     46            60    -14      130
  SINCE JAN 1    445           635   -190      720
......................................................


WIND (MPH)
  HIGHEST WIND SPEED    17   HIGHEST WIND DIRECTION     S (180)
  HIGHEST GUST SPEED    24   HIGHEST GUST DIRECTION    NW (320)
  AVERAGE WIND SPEED     9.5




RELATIVE HUMIDITY (PERCENT)
 HIGHEST    88           100 AM
 LOWEST     38           300 PM
 AVERAGE    63

..........................................................




SUNRISE AND SUNSET
NOVEMBER 22 2014......SUNRISE   655 AM MST   SUNSET   413 PM MST
NOVEMBER 23 2014......SUNRISE   656 AM MST   SUNSET   412 PM MST


-  INDICATES NEGATIVE NUMBERS.
R  INDICATES RECORD WAS SET OR TIED.
MM INDICATES DATA IS MISSING.
T  INDICATES TRACE AMOUNT.




$$
