000
CDUS43 KUNR 250831
CLID07


CLIMATE REPORT
NATIONAL WEATHER SERVICE RAPID CITY SD
231 AM MDT SUN SEP 25 2016


...................................

...THE FAITH SD CLIMATE SUMMARY FOR SEPTEMBER 24 2016...

CLIMATE NORMAL PERIOD 1981 TO 2010
CLIMATE RECORD PERIOD 9999 TO 9999


WEATHER ITEM   OBSERVED TIME   NORMAL DEPARTURE LAST
                VALUE   (LST)  VALUE  FROM      YEAR
                                      NORMAL
......................................................
TEMPERATURE (F)
 YESTERDAY
  MAXIMUM         72    147 PM  69      3       76
  MINIMUM         50    802 PM  43      7       57
  AVERAGE         61            56      5       67

PRECIPITATION (IN)
  YESTERDAY        0.01          0.04  -0.03     0.00
  MONTH TO DATE    1.39          1.14   0.25     0.46
  SINCE SEP 1      1.39          1.14   0.25     0.46
  SINCE JAN 1     13.01         14.96  -1.95    13.43

DEGREE DAYS
 HEATING
  YESTERDAY        4            10     -6        0
  MONTH TO DATE   86           131    -45       42
  SINCE SEP 1     86           131    -45       42
  SINCE JUL 1    115           164    -49       71

 COOLING
  YESTERDAY        0             1     -1        2
  MONTH TO DATE   46            59    -13       88
  SINCE SEP 1     46            59    -13       88
  SINCE JAN 1    732           634     98      667
......................................................


WIND (MPH)
  HIGHEST WIND SPEED    45   HIGHEST WIND DIRECTION    NW (300)
  HIGHEST GUST SPEED    58   HIGHEST GUST DIRECTION    NW (310)
  AVERAGE WIND SPEED    20.5




RELATIVE HUMIDITY (PERCENT)
 HIGHEST   100          1200 AM
 LOWEST     44           200 PM
 AVERAGE    72

..........................................................




SUNRISE AND SUNSET
SEPTEMBER 25 2016.....SUNRISE   639 AM MDT   SUNSET   639 PM MDT
SEPTEMBER 26 2016.....SUNRISE   641 AM MDT   SUNSET   637 PM MDT


-  INDICATES NEGATIVE NUMBERS.
R  INDICATES RECORD WAS SET OR TIED.
MM INDICATES DATA IS MISSING.
T  INDICATES TRACE AMOUNT.




$$
