000
CDUS43 KUNR 010831
CLID07


CLIMATE REPORT
NATIONAL WEATHER SERVICE RAPID CITY SD
231 AM MDT TUE SEP 1 2015


...................................

...THE FAITH SD CLIMATE SUMMARY FOR AUGUST 31 2015...

CLIMATE NORMAL PERIOD 1981 TO 2010
CLIMATE RECORD PERIOD 9999 TO 9999


WEATHER ITEM   OBSERVED TIME   NORMAL DEPARTURE LAST
                VALUE   (LST)  VALUE  FROM      YEAR
                                      NORMAL
......................................................
TEMPERATURE (F)
 YESTERDAY
  MAXIMUM         79    314 PM  82     -3       68
  MINIMUM         61   1042 PM  54      7       53
  AVERAGE         70            68      2       61

PRECIPITATION (IN)
  YESTERDAY        0.00          0.06  -0.06     0.03
  MONTH TO DATE    2.51          1.63   0.88     5.57
  SINCE JUN 1      5.73          7.52  -1.79    11.93
  SINCE JAN 1     12.97         13.82  -0.85    16.51

DEGREE DAYS
 HEATING
  YESTERDAY        0             2     -2        4
  MONTH TO DATE   29            18     11       26
  SINCE JUN 1     63           123    -60      148
  SINCE JUL 1     29            33     -4       43

 COOLING
  YESTERDAY        5             5      0        0
  MONTH TO DATE  225           230     -5      171
  SINCE JUN 1    577           563     14      369
  SINCE JAN 1    579           575      4      399
......................................................


WIND (MPH)
  HIGHEST WIND SPEED    26   HIGHEST WIND DIRECTION    NW (330)
  HIGHEST GUST SPEED    32   HIGHEST GUST DIRECTION    NW (320)
  AVERAGE WIND SPEED    10.8




RELATIVE HUMIDITY (PERCENT)
 HIGHEST    73          1100 PM
 LOWEST     32           300 PM
 AVERAGE    53

..........................................................




SUNRISE AND SUNSET
SEPTEMBER  1 2015.....SUNRISE   610 AM MDT   SUNSET   726 PM MDT
SEPTEMBER  2 2015.....SUNRISE   611 AM MDT   SUNSET   724 PM MDT


-  INDICATES NEGATIVE NUMBERS.
R  INDICATES RECORD WAS SET OR TIED.
MM INDICATES DATA IS MISSING.
T  INDICATES TRACE AMOUNT.




$$
