000
CDUS43 KUNR 290837
CLID07


CLIMATE REPORT
NATIONAL WEATHER SERVICE RAPID CITY SD
135 AM MST THU JAN 29 2015


...................................

...THE FAITH SD CLIMATE SUMMARY FOR JANUARY 28 2015...

CLIMATE NORMAL PERIOD 1981 TO 2010
CLIMATE RECORD PERIOD 9999 TO 9999


WEATHER ITEM   OBSERVED TIME   NORMAL DEPARTURE LAST
                VALUE   (LST)  VALUE  FROM      YEAR
                                      NORMAL
......................................................
TEMPERATURE (F)
 YESTERDAY
  MAXIMUM         57   1224 PM  31     26       22
  MINIMUM         32   1148 PM  11     21       -4
  AVERAGE         45            21     24        9

PRECIPITATION (IN)
  YESTERDAY        0.00          0.01  -0.01     0.00
  MONTH TO DATE    0.14          0.18  -0.04     0.07
  SINCE DEC 1      0.42          0.58  -0.16     0.97
  SINCE JAN 1      0.14          0.18  -0.04     0.07

DEGREE DAYS
 HEATING
  YESTERDAY       20            44    -24       56
  MONTH TO DATE 1105          1258   -153     1228
  SINCE DEC 1   2322          2618   -296     2798
  SINCE JUL 1   4198          4401   -203     4548

 COOLING
  YESTERDAY        0             0      0        0
  MONTH TO DATE    0             0      0        0
  SINCE DEC 1      0             0      0        0
  SINCE JAN 1      0             0      0        0
......................................................


WIND (MPH)
  HIGHEST WIND SPEED    39   HIGHEST WIND DIRECTION    NW (330)
  HIGHEST GUST SPEED    47   HIGHEST GUST DIRECTION     N (340)
  AVERAGE WIND SPEED    20.9




RELATIVE HUMIDITY (PERCENT)
 HIGHEST    82           500 PM
 LOWEST     35          1200 PM
 AVERAGE    59

..........................................................




SUNRISE AND SUNSET
JANUARY 29 2015.......SUNRISE   711 AM MST   SUNSET   451 PM MST
JANUARY 30 2015.......SUNRISE   710 AM MST   SUNSET   453 PM MST


-  INDICATES NEGATIVE NUMBERS.
R  INDICATES RECORD WAS SET OR TIED.
MM INDICATES DATA IS MISSING.
T  INDICATES TRACE AMOUNT.




$$
