000
CDUS43 KUNR 140832
CLID07


CLIMATE REPORT
NATIONAL WEATHER SERVICE RAPID CITY SD
131 AM MST THU DEC 14 2017


...................................

...THE FAITH SD CLIMATE SUMMARY FOR DECEMBER 13 2017...

CLIMATE NORMAL PERIOD 1981 TO 2010
CLIMATE RECORD PERIOD 9999 TO 9999


WEATHER ITEM   OBSERVED TIME   NORMAL DEPARTURE LAST
                VALUE   (LST)  VALUE  FROM      YEAR
                                      NORMAL
......................................................
TEMPERATURE (F)
 YESTERDAY
  MAXIMUM         50   1212 AM  31     19       18
  MINIMUM         34   1136 PM  11     23       -3
  AVERAGE         42            21     21        8

PRECIPITATION (IN)
  YESTERDAY        0.00          0.01  -0.01     0.00
  MONTH TO DATE    0.20          0.14   0.06     0.23
  SINCE DEC 1      0.20          0.14   0.06     0.23
  SINCE JAN 1     10.00         17.40  -7.40    14.33

DEGREE DAYS
 HEATING
  YESTERDAY       23            44    -21       57
  MONTH TO DATE  405           556   -151      706
  SINCE DEC 1    405           556   -151      706
  SINCE JUL 1   2028          2339   -311     1957

 COOLING
  YESTERDAY        0             0      0        0
  MONTH TO DATE    0             0      0        0
  SINCE DEC 1      0             0      0        0
  SINCE JAN 1    756           635    121      734
......................................................


WIND (MPH)
  HIGHEST WIND SPEED    44   HIGHEST WIND DIRECTION    NW (320)
  HIGHEST GUST SPEED    55   HIGHEST GUST DIRECTION    NW (330)
  AVERAGE WIND SPEED    25.4




RELATIVE HUMIDITY (PERCENT)
 HIGHEST    75           800 AM
 LOWEST     32          1200 AM
 AVERAGE    54

..........................................................




SUNRISE AND SUNSET
DECEMBER 14 2017......SUNRISE   719 AM MST   SUNSET   407 PM MST
DECEMBER 15 2017......SUNRISE   720 AM MST   SUNSET   407 PM MST


-  INDICATES NEGATIVE NUMBERS.
R  INDICATES RECORD WAS SET OR TIED.
MM INDICATES DATA IS MISSING.
T  INDICATES TRACE AMOUNT.




$$
