000
CDUS43 KUNR 280836
CLID07


CLIMATE REPORT
NATIONAL WEATHER SERVICE RAPID CITY SD
236 AM MDT SUN MAY 28 2017


...................................

...THE FAITH SD CLIMATE SUMMARY FOR MAY 27 2017...

CLIMATE NORMAL PERIOD 1981 TO 2010
CLIMATE RECORD PERIOD 9999 TO 9999


WEATHER ITEM   OBSERVED TIME   NORMAL DEPARTURE LAST
                VALUE   (LST)  VALUE  FROM      YEAR
                                      NORMAL
......................................................
TEMPERATURE (F)
 YESTERDAY
  MAXIMUM         73    120 PM  70      3       68
  MINIMUM         47    452 AM  46      1       45
  AVERAGE         60            58      2       57

PRECIPITATION (IN)
  YESTERDAY        0.04          0.10  -0.06     0.00
  MONTH TO DATE    1.21          2.64  -1.43     0.37
  SINCE MAR 1      3.26          5.25  -1.99     5.22
  SINCE JAN 1      4.28          5.87  -1.59     6.73

DEGREE DAYS
 HEATING
  YESTERDAY        5             7     -2        8
  MONTH TO DATE  249           292    -43      263
  SINCE MAR 1   1722          1903   -181     1600
  SINCE JUL 1   7073          7591   -518     6546

 COOLING
  YESTERDAY        0             1     -1        0
  MONTH TO DATE   12             1     11        2
  SINCE MAR 1     12             2     10        2
  SINCE JAN 1     12             2     10        2
......................................................


WIND (MPH)
  HIGHEST WIND SPEED    32   HIGHEST WIND DIRECTION     W (280)
  HIGHEST GUST SPEED    43   HIGHEST GUST DIRECTION     W (280)
  AVERAGE WIND SPEED    13.1




RELATIVE HUMIDITY (PERCENT)
 HIGHEST    86           400 AM
 LOWEST     26          1100 AM
 AVERAGE    56

..........................................................




SUNRISE AND SUNSET
MAY 28 2017...........SUNRISE   507 AM MDT   SUNSET   825 PM MDT
MAY 29 2017...........SUNRISE   506 AM MDT   SUNSET   825 PM MDT


-  INDICATES NEGATIVE NUMBERS.
R  INDICATES RECORD WAS SET OR TIED.
MM INDICATES DATA IS MISSING.
T  INDICATES TRACE AMOUNT.




$$
