000
CDUS43 KUNR 010834
CLID07


CLIMATE REPORT
NATIONAL WEATHER SERVICE RAPID CITY SD
234 AM MDT WED JUL 1 2015


...................................

...THE FAITH SD CLIMATE SUMMARY FOR JUNE 30 2015...

CLIMATE NORMAL PERIOD 1981 TO 2010
CLIMATE RECORD PERIOD 9999 TO 9999


WEATHER ITEM   OBSERVED TIME   NORMAL DEPARTURE LAST
                VALUE   (LST)  VALUE  FROM      YEAR
                                      NORMAL
......................................................
TEMPERATURE (F)
 YESTERDAY
  MAXIMUM         80    224 PM  83     -3       70
  MINIMUM         62   1159 PM  57      5       55
  AVERAGE         71            70      1       63

PRECIPITATION (IN)
  YESTERDAY        0.05          0.12  -0.07     0.00
  MONTH TO DATE    2.64          3.09  -0.45     5.93
  SINCE JUN 1      2.64          3.09  -0.45     5.93
  SINCE JAN 1      9.88          9.39   0.49    10.51

DEGREE DAYS
 HEATING
  YESTERDAY        0             1     -1        2
  MONTH TO DATE   34            89    -55      105
  SINCE JUN 1     34            90    -56      105
  SINCE JUL 1   7179          7709   -530     8258

 COOLING
  YESTERDAY        6             6      0        0
  MONTH TO DATE   95            88      7       22
  SINCE JUN 1     95            88      7       22
  SINCE JAN 1     97           100     -3       52
......................................................


WIND (MPH)
  HIGHEST WIND SPEED    30   HIGHEST WIND DIRECTION    SW (240)
  HIGHEST GUST SPEED    36   HIGHEST GUST DIRECTION     W (280)
  AVERAGE WIND SPEED    13.5




RELATIVE HUMIDITY (PERCENT)
 HIGHEST    90          1000 PM
 LOWEST     54           200 PM
 AVERAGE    72

..........................................................




SUNRISE AND SUNSET
JULY  1 2015..........SUNRISE   505 AM MDT   SUNSET   839 PM MDT
JULY  2 2015..........SUNRISE   506 AM MDT   SUNSET   838 PM MDT


-  INDICATES NEGATIVE NUMBERS.
R  INDICATES RECORD WAS SET OR TIED.
MM INDICATES DATA IS MISSING.
T  INDICATES TRACE AMOUNT.




$$
