000
CDUS43 KUNR 180837
CLID07


CLIMATE REPORT
NATIONAL WEATHER SERVICE RAPID CITY SD
235 AM MDT THU SEP 18 2014


...................................

...THE FAITH SD CLIMATE SUMMARY FOR SEPTEMBER 17 2014...

CLIMATE NORMAL PERIOD 1981 TO 2010
CLIMATE RECORD PERIOD 9999 TO 9999


WEATHER ITEM   OBSERVED TIME   NORMAL DEPARTURE LAST
                VALUE   (LST)  VALUE  FROM      YEAR
                                      NORMAL
......................................................
TEMPERATURE (F)
 YESTERDAY
  MAXIMUM         77   1227 PM  73      4       87
  MINIMUM         47    607 AM  46      1       53
  AVERAGE         62            60      2       70

PRECIPITATION (IN)
  YESTERDAY        0.00          0.04  -0.04     0.00
  MONTH TO DATE    0.28          0.82  -0.54     0.34
  SINCE SEP 1      0.28          0.82  -0.54     0.34
  SINCE JAN 1     16.79         14.64   2.15    12.71

DEGREE DAYS
 HEATING
  YESTERDAY        3             7     -4        0
  MONTH TO DATE  159            72     87        7
  SINCE SEP 1    159            72     87        7
  SINCE JUL 1    202           105     97       22

 COOLING
  YESTERDAY        0             1     -1        5
  MONTH TO DATE    9            52    -43      109
  SINCE SEP 1      9            52    -43      109
  SINCE JAN 1    408           627   -219      699
......................................................


WIND (MPH)
  HIGHEST WIND SPEED    18   HIGHEST WIND DIRECTION     S (160)
  HIGHEST GUST SPEED    24   HIGHEST GUST DIRECTION    SE (140)
  AVERAGE WIND SPEED    10.1




RELATIVE HUMIDITY (PERCENT)
 HIGHEST    93           300 AM
 LOWEST     43           100 PM
 AVERAGE    68

..........................................................




SUNRISE AND SUNSET
SEPTEMBER 18 2014.....SUNRISE   630 AM MDT   SUNSET   653 PM MDT
SEPTEMBER 19 2014.....SUNRISE   632 AM MDT   SUNSET   651 PM MDT


-  INDICATES NEGATIVE NUMBERS.
R  INDICATES RECORD WAS SET OR TIED.
MM INDICATES DATA IS MISSING.
T  INDICATES TRACE AMOUNT.




$$
