000
CDUS43 KUNR 240836
CLID07


CLIMATE REPORT
NATIONAL WEATHER SERVICE RAPID CITY SD
135 AM MST FRI FEB 24 2017


...................................

...THE FAITH SD CLIMATE SUMMARY FOR FEBRUARY 23 2017...

CLIMATE NORMAL PERIOD 1981 TO 2010
CLIMATE RECORD PERIOD 9999 TO 9999


WEATHER ITEM   OBSERVED TIME   NORMAL DEPARTURE LAST
                VALUE   (LST)  VALUE  FROM      YEAR
                                      NORMAL
......................................................
TEMPERATURE (F)
 YESTERDAY
  MAXIMUM         31    309 PM  35     -4       48
  MINIMUM         21   1159 PM  16      5       24
  AVERAGE         26            26      0       36

PRECIPITATION (IN)
  YESTERDAY        0.00          0.01  -0.01     0.00
  MONTH TO DATE    0.13          0.37  -0.24     0.79
  SINCE DEC 1      1.12          0.97   0.15     1.58
  SINCE JAN 1      0.68          0.57   0.11     1.05

DEGREE DAYS
 HEATING
  YESTERDAY       39            39      0       29
  MONTH TO DATE  846           968   -122      759
  SINCE DEC 1   3903          3714    189     3395
  SINCE JUL 1   5154          5497   -343     4781

 COOLING
  YESTERDAY        0             0      0        0
  MONTH TO DATE    0             0      0        0
  SINCE DEC 1      0             0      0        0
  SINCE JAN 1      0             0      0        0
......................................................


WIND (MPH)
  HIGHEST WIND SPEED    25   HIGHEST WIND DIRECTION    NE (40)
  HIGHEST GUST SPEED    30   HIGHEST GUST DIRECTION    NE (40)
  AVERAGE WIND SPEED    14.7




RELATIVE HUMIDITY (PERCENT)
 HIGHEST   100          1200 AM
 LOWEST     78          1100 AM
 AVERAGE    89

..........................................................




SUNRISE AND SUNSET
FEBRUARY 24 2017......SUNRISE   634 AM MST   SUNSET   529 PM MST
FEBRUARY 25 2017......SUNRISE   632 AM MST   SUNSET   530 PM MST


-  INDICATES NEGATIVE NUMBERS.
R  INDICATES RECORD WAS SET OR TIED.
MM INDICATES DATA IS MISSING.
T  INDICATES TRACE AMOUNT.




$$
