000
CDUS43 KUNR 140850
CLID07


CLIMATE REPORT
NATIONAL WEATHER SERVICE RAPID CITY SD
150 AM MST SUN FEB 14 2016


...................................

...THE FAITH SD CLIMATE SUMMARY FOR FEBRUARY 13 2016...

CLIMATE NORMAL PERIOD 1981 TO 2010
CLIMATE RECORD PERIOD 9999 TO 9999


WEATHER ITEM   OBSERVED TIME   NORMAL DEPARTURE LAST
                VALUE   (LST)  VALUE  FROM      YEAR
                                      NORMAL
......................................................
TEMPERATURE (F)
 YESTERDAY
  MAXIMUM         36   1159 PM  33      3       59
  MINIMUM         13    638 AM  13      0       26
  AVERAGE         25            23      2       43

PRECIPITATION (IN)
  YESTERDAY        0.57          0.02   0.55     0.00
  MONTH TO DATE    0.61          0.23   0.38     0.11
  SINCE DEC 1      1.40          0.83   0.57     0.56
  SINCE JAN 1      0.87          0.43   0.44     0.28

DEGREE DAYS
 HEATING
  YESTERDAY       40            42     -2       22
  MONTH TO DATE  470           561    -91      481
  SINCE DEC 1   3106          3307   -201     2914
  SINCE JUL 1   4492          5090   -598     4790

 COOLING
  YESTERDAY        0             0      0        0
  MONTH TO DATE    0             0      0        0
  SINCE DEC 1      0             0      0        0
  SINCE JAN 1      0             0      0        0
......................................................


WIND (MPH)
  HIGHEST WIND SPEED    26   HIGHEST WIND DIRECTION    SE (150)
  HIGHEST GUST SPEED    33   HIGHEST GUST DIRECTION    SE (150)
  AVERAGE WIND SPEED    17.5




RELATIVE HUMIDITY (PERCENT)
 HIGHEST    92           600 PM
 LOWEST     78           200 PM
 AVERAGE    85

..........................................................




SUNRISE AND SUNSET
FEBRUARY 14 2016......SUNRISE   651 AM MST   SUNSET   514 PM MST
FEBRUARY 15 2016......SUNRISE   650 AM MST   SUNSET   515 PM MST


-  INDICATES NEGATIVE NUMBERS.
R  INDICATES RECORD WAS SET OR TIED.
MM INDICATES DATA IS MISSING.
T  INDICATES TRACE AMOUNT.




$$
