000
CDUS43 KUNR 260833
CLID07


CLIMATE REPORT
NATIONAL WEATHER SERVICE RAPID CITY SD
232 AM MDT FRI AUG 26 2016


...................................

...THE FAITH SD CLIMATE SUMMARY FOR AUGUST 25 2016...

CLIMATE NORMAL PERIOD 1981 TO 2010
CLIMATE RECORD PERIOD 9999 TO 9999


WEATHER ITEM   OBSERVED TIME   NORMAL DEPARTURE LAST
                VALUE   (LST)  VALUE  FROM      YEAR
                                      NORMAL
......................................................
TEMPERATURE (F)
 YESTERDAY
  MAXIMUM         68    505 PM  84    -16       MM
  MINIMUM         47    538 AM  56     -9       MM
  AVERAGE         58            70    -12       MM

PRECIPITATION (IN)
  YESTERDAY        0.00          0.04  -0.04     0.00
  MONTH TO DATE    1.22          1.32  -0.10     2.51
  SINCE JUN 1      4.76          7.21  -2.45     5.73
  SINCE JAN 1     11.61         13.51  -1.90    12.97

DEGREE DAYS
 HEATING
  YESTERDAY        7             1      6       MM
  MONTH TO DATE   19             9     10       29
  SINCE JUN 1     37           111    -74       63
  SINCE JUL 1     22            21      1       29

 COOLING
  YESTERDAY        0             6     -6       MM
  MONTH TO DATE  191           198     -7      188
  SINCE JUN 1    648           531    117      540
  SINCE JAN 1    650           543    107      542
......................................................


WIND (MPH)
  HIGHEST WIND SPEED    22   HIGHEST WIND DIRECTION    NW (330)
  HIGHEST GUST SPEED    27   HIGHEST GUST DIRECTION    NW (330)
  AVERAGE WIND SPEED    11.5




RELATIVE HUMIDITY (PERCENT)
 HIGHEST    93           400 AM
 LOWEST     42           500 PM
 AVERAGE    68

..........................................................




SUNRISE AND SUNSET
AUGUST 26 2016........SUNRISE   604 AM MDT   SUNSET   735 PM MDT
AUGUST 27 2016........SUNRISE   605 AM MDT   SUNSET   733 PM MDT


-  INDICATES NEGATIVE NUMBERS.
R  INDICATES RECORD WAS SET OR TIED.
MM INDICATES DATA IS MISSING.
T  INDICATES TRACE AMOUNT.




$$
