000
CDUS42 KMLB 270633
CLIDAB


CLIMATE REPORT
NATIONAL WEATHER SERVICE MELBOURNE FL
232 AM EDT TUE JUN 27 2017


...................................

...THE DAYTONA BEACH CLIMATE SUMMARY FOR JUNE 26 2017...

CLIMATE NORMAL PERIOD 1981 TO 2010
CLIMATE RECORD PERIOD 1923 TO 2017


WEATHER ITEM   OBSERVED TIME   RECORD YEAR NORMAL DEPARTURE LAST
                VALUE   (LST)  VALUE       VALUE  FROM      YEAR
                                                  NORMAL
..................................................................
TEMPERATURE (F)
 YESTERDAY
  MAXIMUM         90   1051 AM 101    1950  89      1       90
  MINIMUM         74   1235 PM  63    1940  72      2       75
                                      1937
  AVERAGE         82                        81      1       83

PRECIPITATION (IN)
  YESTERDAY        2.51          2.69 1963   0.20   2.31      T
  MONTH TO DATE    7.56                      5.07   2.49     3.17
  SINCE JUN 1      7.56                      5.07   2.49     3.17
  SINCE JAN 1     15.79                     20.14  -4.35    23.17

SNOWFALL (IN)
  YESTERDAY        0.0
  MONTH TO DATE    0.0
  SINCE JUL 1      0.0

DEGREE DAYS
 HEATING
  YESTERDAY        0                         0      0        0
  MONTH TO DATE    0                         0      0        0
  SINCE JUN 1      0                         0      0        0
  SINCE JUL 1    401                       809   -408      508

 COOLING
  YESTERDAY       17                        16      1       18
  MONTH TO DATE  403                       384     19      432
  SINCE JUN 1    403                       384     19      432
  SINCE JAN 1   1220                       985    235     1206
..................................................................


WIND (MPH)
  HIGHEST WIND SPEED    22   HIGHEST WIND DIRECTION     N (350)
  HIGHEST GUST SPEED    36   HIGHEST GUST DIRECTION     N (360)
  AVERAGE WIND SPEED     3.7


SKY COVER
  AVERAGE SKY COVER 0.7


WEATHER CONDITIONS
 THE FOLLOWING WEATHER WAS RECORDED YESTERDAY.
  THUNDERSTORM
  HEAVY RAIN
  RAIN
  LIGHT RAIN
  FOG
  FOG W/VISIBILITY <= 1/4 MILE


RELATIVE HUMIDITY (PERCENT)
 HIGHEST   100           300 AM
 LOWEST     64          1100 AM
 AVERAGE    82

..........................................................


THE DAYTONA BEACH CLIMATE NORMALS FOR TODAY
                         NORMAL    RECORD    YEAR
 MAXIMUM TEMPERATURE (F)   89        99      1950
 MINIMUM TEMPERATURE (F)   72        62      1940


SUNRISE AND SUNSET
JUNE 27 2017..........SUNRISE   627 AM EDT   SUNSET   827 PM EDT
JUNE 28 2017..........SUNRISE   628 AM EDT   SUNSET   827 PM EDT


-  INDICATES NEGATIVE NUMBERS.
R  INDICATES RECORD WAS SET OR TIED.
MM INDICATES DATA IS MISSING.
T  INDICATES TRACE AMOUNT.




$$
