000
CDUS42 KMLB 200635
CLIDAB


CLIMATE REPORT
NATIONAL WEATHER SERVICE MELBOURNE FL
235 AM EDT WED AUG 20 2014


...................................

...THE DAYTONA BEACH CLIMATE SUMMARY FOR AUGUST 19 2014...

CLIMATE NORMAL PERIOD 1981 TO 2010
CLIMATE RECORD PERIOD 1923 TO 2014


WEATHER ITEM   OBSERVED TIME   RECORD YEAR NORMAL DEPARTURE LAST
                VALUE   (LST)  VALUE       VALUE  FROM      YEAR
                                                  NORMAL
..................................................................
TEMPERATURE (F)
 YESTERDAY
  MAXIMUM         94    251 PM  97    1993  89      5       90
                                      1940
  MINIMUM         75    550 AM  68    1992  73      2       78
  AVERAGE         85                        81      4       84

PRECIPITATION (IN)
  YESTERDAY        0.14          2.05 1932   0.21  -0.07      T
  MONTH TO DATE    2.18                      3.74  -1.56     3.28
  SINCE JUN 1     13.36                     15.40  -2.04    17.46
  SINCE JAN 1     33.11                     30.47   2.64    32.29

SNOWFALL (IN)
  YESTERDAY        0.0
  MONTH TO DATE    0.0
  SINCE JUL 1      0.0

DEGREE DAYS
 HEATING
  YESTERDAY        0                         0      0        0
  MONTH TO DATE    0                         0      0        0
  SINCE JUN 1      0                         0      0        0
  SINCE JUL 1      0                         0      0        0

 COOLING
  YESTERDAY       20                        16      4       19
  MONTH TO DATE  341                       321     20      345
  SINCE JUN 1   1303                      1283     20     1340
  SINCE JAN 1   1969                      1884     85     1992
..................................................................


WIND (MPH)
  HIGHEST WIND SPEED    22   HIGHEST WIND DIRECTION    NW (320)
  HIGHEST GUST SPEED    32   HIGHEST GUST DIRECTION    NW (320)
  AVERAGE WIND SPEED     5.8


SKY COVER
  AVERAGE SKY COVER 0.4


WEATHER CONDITIONS
 THE FOLLOWING WEATHER WAS RECORDED YESTERDAY.
  HEAVY RAIN
  RAIN
  HAZE


RELATIVE HUMIDITY (PERCENT)
 HIGHEST   100          1200 AM
 LOWEST     49           200 PM
 AVERAGE    75

..........................................................


THE DAYTONA BEACH CLIMATE NORMALS FOR TODAY
                         NORMAL    RECORD    YEAR
 MAXIMUM TEMPERATURE (F)   89        97      1938
 MINIMUM TEMPERATURE (F)   73        69      2006
                                             1992
                                             1972


SUNRISE AND SUNSET
AUGUST 20 2014........SUNRISE   655 AM EDT   SUNSET   759 PM EDT
AUGUST 21 2014........SUNRISE   656 AM EDT   SUNSET   758 PM EDT


-  INDICATES NEGATIVE NUMBERS.
R  INDICATES RECORD WAS SET OR TIED.
MM INDICATES DATA IS MISSING.
T  INDICATES TRACE AMOUNT.




$$
