000
CDUS42 KMLB 042017
CLIDAB


CLIMATE REPORT
NATIONAL WEATHER SERVICE MELBOURNE FL
416 PM EDT SAT JUL 4 2015


...................................

...THE DAYTONA BEACH CLIMATE SUMMARY FOR JULY 4 2015...
VALID TODAY AS OF 0400 PM LOCAL TIME.

CLIMATE NORMAL PERIOD 1981 TO 2010
CLIMATE RECORD PERIOD 1923 TO 2015


WEATHER ITEM   OBSERVED TIME   RECORD YEAR NORMAL DEPARTURE LAST
                VALUE   (LST)  VALUE       VALUE  FROM      YEAR
                                                  NORMAL
..................................................................
TEMPERATURE (F)
 TODAY
  MAXIMUM         91   1247 PM  97    1997  90      1       91
                                      1932
  MINIMUM         71    512 AM  63    1984  73     -2       73
  AVERAGE         81                        81      0       82

PRECIPITATION (IN)
  TODAY            0.00          2.48 1959   0.18  -0.18     0.03
  MONTH TO DATE    0.31                      0.76  -0.45     0.37
  SINCE JUN 1      5.70                      6.59  -0.89     4.12
  SINCE JAN 1     20.04                     21.66  -1.62    23.87

SNOWFALL (IN)
  TODAY            0.0
  MONTH TO DATE    0.0
  SINCE JUL 1      0.0

DEGREE DAYS
 HEATING
  TODAY            0                         0      0        0
  MONTH TO DATE    0                         0      0        0
  SINCE JUN 1      0                         0      0        0
  SINCE JUL 1      0                         0      0        0

 COOLING
  TODAY           16                        16      0       17
  MONTH TO DATE   67                        64      3       69
  SINCE JUN 1    564                       511     53      517
  SINCE JAN 1   1477                      1112    365     1183
..................................................................


WIND (MPH)
  HIGHEST WIND SPEED    14   HIGHEST WIND DIRECTION     E (80)
  HIGHEST GUST SPEED    19   HIGHEST GUST DIRECTION     E (80)
  AVERAGE WIND SPEED     5.1


SKY COVER
  AVERAGE SKY COVER 0.7


WEATHER CONDITIONS
 THE FOLLOWING WEATHER WAS RECORDED TODAY.
  NO SIGNIFICANT WEATHER WAS OBSERVED.


RELATIVE HUMIDITY (PERCENT)
 HIGHEST    93           600 AM
 LOWEST     52          1200 PM
 AVERAGE    73

..........................................................


THE DAYTONA BEACH CLIMATE NORMALS FOR TOMORROW
                         NORMAL    RECORD    YEAR
 MAXIMUM TEMPERATURE (F)   90        96      1970
                                             1953
 MINIMUM TEMPERATURE (F)   73        66      1984


SUNRISE AND SUNSET
JULY  4 2015..........SUNRISE   630 AM EDT   SUNSET   827 PM EDT
JULY  5 2015..........SUNRISE   630 AM EDT   SUNSET   827 PM EDT


-  INDICATES NEGATIVE NUMBERS.
R  INDICATES RECORD WAS SET OR TIED.
MM INDICATES DATA IS MISSING.
T  INDICATES TRACE AMOUNT.




$$
