000
CDUS42 KMLB 260627
CLIDAB


CLIMATE REPORT
NATIONAL WEATHER SERVICE MELBOURNE FL
226 AM EDT TUE MAY 26 2015


...................................

...THE DAYTONA BEACH CLIMATE SUMMARY FOR MAY 25 2015...

CLIMATE NORMAL PERIOD 1981 TO 2010
CLIMATE RECORD PERIOD 1923 TO 2015


WEATHER ITEM   OBSERVED TIME   RECORD YEAR NORMAL DEPARTURE LAST
                VALUE   (LST)  VALUE       VALUE  FROM      YEAR
                                                  NORMAL
..................................................................
TEMPERATURE (F)
 YESTERDAY
  MAXIMUM         86    213 PM  97    2000  86      0       86
  MINIMUM         74    631 AM  57    1951  68      6       73
                                      1941
                                      1935
  AVERAGE         80                        77      3       80

PRECIPITATION (IN)
  YESTERDAY        T             1.01 1997   0.13  -0.13      T
  MONTH TO DATE    2.60                      2.22   0.38     2.68
  SINCE MAR 1      8.89                      8.64   0.25    11.74
  SINCE JAN 1     14.32                     14.16   0.16    18.32

SNOWFALL (IN)
  YESTERDAY        0.0
  MONTH TO DATE    0.0
  SINCE JUL 1      0.0

DEGREE DAYS
 HEATING
  YESTERDAY        0                         0      0        0
  MONTH TO DATE    0                         0      0        0
  SINCE MAR 1     35                       125    -90       89
  SINCE JUL 1    682                       807   -125      602

 COOLING
  YESTERDAY       15                        12      3       15
  MONTH TO DATE  284                       237     47      252
  SINCE MAR 1    789                       459    330      503
  SINCE JAN 1    829                       524    305      587
..................................................................


WIND (MPH)
  HIGHEST WIND SPEED    15   HIGHEST WIND DIRECTION     E (90)
  HIGHEST GUST SPEED    22   HIGHEST GUST DIRECTION     E (80)
  AVERAGE WIND SPEED     6.1


SKY COVER
  AVERAGE SKY COVER 0.4


WEATHER CONDITIONS
 THE FOLLOWING WEATHER WAS RECORDED YESTERDAY.
  LIGHT RAIN


RELATIVE HUMIDITY (PERCENT)
 HIGHEST    88           400 AM
 LOWEST     61          1200 PM
 AVERAGE    75

..........................................................


THE DAYTONA BEACH CLIMATE NORMALS FOR TODAY
                         NORMAL    RECORD    YEAR
 MAXIMUM TEMPERATURE (F)   86       100      1953
 MINIMUM TEMPERATURE (F)   68        57      1979
                                             1935


SUNRISE AND SUNSET
MAY 26 2015...........SUNRISE   627 AM EDT   SUNSET   815 PM EDT
MAY 27 2015...........SUNRISE   627 AM EDT   SUNSET   816 PM EDT


-  INDICATES NEGATIVE NUMBERS.
R  INDICATES RECORD WAS SET OR TIED.
MM INDICATES DATA IS MISSING.
T  INDICATES TRACE AMOUNT.




$$
