000
CDUS42 KMLB 292021
CLIDAB


CLIMATE REPORT
NATIONAL WEATHER SERVICE MELBOURNE FL
421 PM EDT MON AUG 29 2016


...................................

...THE DAYTONA BEACH CLIMATE SUMMARY FOR AUGUST 29 2016...
VALID TODAY AS OF 0400 PM LOCAL TIME.

CLIMATE NORMAL PERIOD 1981 TO 2010
CLIMATE RECORD PERIOD 1923 TO 2016


WEATHER ITEM   OBSERVED TIME   RECORD YEAR NORMAL DEPARTURE LAST
                VALUE   (LST)  VALUE       VALUE  FROM      YEAR
                                                  NORMAL
..................................................................
TEMPERATURE (F)
 TODAY
  MAXIMUM         92    119 PM  96    1938  89      3       88
  MINIMUM         79    605 AM  68    1984  73      6       72
                                      1955
                                      1930
  AVERAGE         86                        81      5       80

PRECIPITATION (IN)
  TODAY            T             3.62 1968   0.21  -0.21     1.21
  MONTH TO DATE    1.29                      5.97  -4.68     6.52
  SINCE JUN 1      5.57                     17.63 -12.06    15.95
  SINCE JAN 1     25.57                     32.70  -7.13    30.29

SNOWFALL (IN)
  TODAY            0.0
  MONTH TO DATE    0.0
  SINCE JUL 1      0.0

DEGREE DAYS
 HEATING
  TODAY            0                         0      0        0
  MONTH TO DATE    0                         0      0        0
  SINCE JUN 1      0                         0      0        0
  SINCE JUL 1      0                         0      0        0

 COOLING
  TODAY           21                        16      5       15
  MONTH TO DATE  560                       481     79      504
  SINCE JUN 1   1662                      1443    219     1549
  SINCE JAN 1   2436                      2044    392     2462
..................................................................


WIND (MPH)
  HIGHEST WIND SPEED    21   HIGHEST WIND DIRECTION     E (70)
  HIGHEST GUST SPEED    26   HIGHEST GUST DIRECTION     E (70)
  AVERAGE WIND SPEED     8.6


SKY COVER
  AVERAGE SKY COVER 0.5


WEATHER CONDITIONS
 THE FOLLOWING WEATHER WAS RECORDED TODAY.
  THUNDERSTORM
  RAIN


RELATIVE HUMIDITY (PERCENT)
 HIGHEST    85          1200 AM
 LOWEST     64          1100 AM
 AVERAGE    75

..........................................................


THE DAYTONA BEACH CLIMATE NORMALS FOR TOMORROW
                         NORMAL    RECORD    YEAR
 MAXIMUM TEMPERATURE (F)   89        96      1954
 MINIMUM TEMPERATURE (F)   73        66      1938


SUNRISE AND SUNSET
AUGUST 29 2016........SUNRISE   701 AM EDT   SUNSET   749 PM EDT
AUGUST 30 2016........SUNRISE   701 AM EDT   SUNSET   748 PM EDT


-  INDICATES NEGATIVE NUMBERS.
R  INDICATES RECORD WAS SET OR TIED.
MM INDICATES DATA IS MISSING.
T  INDICATES TRACE AMOUNT.




$$
