000
CDUS42 KMLB 170635
CLIDAB


CLIMATE REPORT
NATIONAL WEATHER SERVICE MELBOURNE FL
235 AM EDT TUE OCT 17 2017


...................................

...THE DAYTONA BEACH CLIMATE SUMMARY FOR OCTOBER 16 2017...

CLIMATE NORMAL PERIOD 1981 TO 2010
CLIMATE RECORD PERIOD 1923 TO 2017


WEATHER ITEM   OBSERVED TIME   RECORD YEAR NORMAL DEPARTURE LAST
                VALUE   (LST)  VALUE       VALUE  FROM      YEAR
                                                  NORMAL
..................................................................
TEMPERATURE (F)
 YESTERDAY
  MAXIMUM         87   1249 PM  91    1936  82      5       83
  MINIMUM         71   1159 PM  47    1955  66      5       73
  AVERAGE         79                        74      5       78

PRECIPITATION (IN)
  YESTERDAY        0.01          3.85 1950   0.13  -0.12     0.15
  MONTH TO DATE    3.59                      2.58   1.01     7.96
  SINCE SEP 1     13.27                      9.54   3.73    16.20
  SINCE JAN 1     42.94                     42.67   0.27    43.83

SNOWFALL (IN)
  YESTERDAY        0.0
  MONTH TO DATE    0.0
  SINCE JUL 1      0.0

DEGREE DAYS
 HEATING
  YESTERDAY        0                         0      0        0
  MONTH TO DATE    0                         0      0        0
  SINCE SEP 1      0                         0      0        0
  SINCE JUL 1      0                         0      0        0

 COOLING
  YESTERDAY       14                         9      5       13
  MONTH TO DATE  252                       174     78      216
  SINCE SEP 1    734                       610    124      696
  SINCE JAN 1   3161                      2684    477     3161
..................................................................


WIND (MPH)
  HIGHEST WIND SPEED    26   HIGHEST WIND DIRECTION     N (350)
  HIGHEST GUST SPEED    34   HIGHEST GUST DIRECTION     N (350)
  AVERAGE WIND SPEED     4.1


SKY COVER
  AVERAGE SKY COVER 0.4


WEATHER CONDITIONS
 THE FOLLOWING WEATHER WAS RECORDED YESTERDAY.
  HEAVY RAIN
  LIGHT RAIN
  FOG
  HAZE


RELATIVE HUMIDITY (PERCENT)
 HIGHEST   100          1200 AM
 LOWEST     79           400 PM
 AVERAGE    90

..........................................................


THE DAYTONA BEACH CLIMATE NORMALS FOR TODAY
                         NORMAL    RECORD    YEAR
 MAXIMUM TEMPERATURE (F)   82        90      1925
 MINIMUM TEMPERATURE (F)   66        46      1943


SUNRISE AND SUNSET
OCTOBER 17 2017.......SUNRISE   727 AM EDT   SUNSET   652 PM EDT
OCTOBER 18 2017.......SUNRISE   727 AM EDT   SUNSET   651 PM EDT


-  INDICATES NEGATIVE NUMBERS.
R  INDICATES RECORD WAS SET OR TIED.
MM INDICATES DATA IS MISSING.
T  INDICATES TRACE AMOUNT.




$$
