000
CDUS42 KMLB 280626
CLIDAB


CLIMATE REPORT
NATIONAL WEATHER SERVICE MELBOURNE FL
126 AM EST WED JAN 28 2015


...................................

...THE DAYTONA BEACH CLIMATE SUMMARY FOR JANUARY 27 2015...

CLIMATE NORMAL PERIOD 1981 TO 2010
CLIMATE RECORD PERIOD 1923 TO 2015


WEATHER ITEM   OBSERVED TIME   RECORD YEAR NORMAL DEPARTURE LAST
                VALUE   (LST)  VALUE       VALUE  FROM      YEAR
                                                  NORMAL
..................................................................
TEMPERATURE (F)
 YESTERDAY
  MAXIMUM         67    424 PM  84    1962  69     -2       74
  MINIMUM         40    736 AM  21    1940  48     -8       58
  AVERAGE         54                        58     -4       66

PRECIPITATION (IN)
  YESTERDAY        0.00          1.72 1937   0.09  -0.09     0.14
  MONTH TO DATE    2.55                      2.37   0.18     1.62
  SINCE DEC 1      5.38                      5.00   0.38     3.31
  SINCE JAN 1      2.55                      2.37   0.18     1.62

SNOWFALL (IN)
  YESTERDAY        0.0
  MONTH TO DATE    0.0
  SINCE JUL 1      0.0

DEGREE DAYS
 HEATING
  YESTERDAY       11                         8      3        0
  MONTH TO DATE  156                       216    -60      253
  SINCE DEC 1    271                       408   -137      326
  SINCE JUL 1    400                       482    -82      357

 COOLING
  YESTERDAY        0                         1     -1        1
  MONTH TO DATE   31                        27      4       24
  SINCE DEC 1    114                        78     36      138
  SINCE JAN 1     31                        27      4       24
..................................................................


WIND (MPH)
  HIGHEST WIND SPEED    26   HIGHEST WIND DIRECTION     W (260)
  HIGHEST GUST SPEED    36   HIGHEST GUST DIRECTION     W (270)
  AVERAGE WIND SPEED    10.5


SKY COVER
  AVERAGE SKY COVER 0.1


WEATHER CONDITIONS
 THE FOLLOWING WEATHER WAS RECORDED YESTERDAY.
  NO SIGNIFICANT WEATHER WAS OBSERVED.


RELATIVE HUMIDITY (PERCENT)
 HIGHEST    79           600 AM
 LOWEST     37           200 PM
 AVERAGE    58

..........................................................


THE DAYTONA BEACH CLIMATE NORMALS FOR TODAY
                         NORMAL    RECORD    YEAR
 MAXIMUM TEMPERATURE (F)   69        84      1974
                                             1957
                                             1949
 MINIMUM TEMPERATURE (F)   48        20      1940


SUNRISE AND SUNSET
JANUARY 28 2015.......SUNRISE   715 AM EST   SUNSET   559 PM EST
JANUARY 29 2015.......SUNRISE   715 AM EST   SUNSET   600 PM EST


-  INDICATES NEGATIVE NUMBERS.
R  INDICATES RECORD WAS SET OR TIED.
MM INDICATES DATA IS MISSING.
T  INDICATES TRACE AMOUNT.




$$
