000
CDUS42 KMLB 070630
CLIDAB


CLIMATE REPORT
NATIONAL WEATHER SERVICE MELBOURNE FL
128 AM EST WED DEC 7 2016


...................................

...THE DAYTONA BEACH CLIMATE SUMMARY FOR DECEMBER 6 2016...

CLIMATE NORMAL PERIOD 1981 TO 2010
CLIMATE RECORD PERIOD 1923 TO 2016


WEATHER ITEM   OBSERVED TIME   RECORD YEAR NORMAL DEPARTURE LAST
                VALUE   (LST)  VALUE       VALUE  FROM      YEAR
                                                  NORMAL
..................................................................
TEMPERATURE (F)
 YESTERDAY
  MAXIMUM         84   1151 AM  85    1972  72     12       75
  MINIMUM         62   1159 PM  34    1962  53      9       63
  AVERAGE         73                        62     11       69

PRECIPITATION (IN)
  YESTERDAY        0.56          0.60 1954   0.08   0.48      T
  MONTH TO DATE    0.56                      0.46   0.10     0.15
  SINCE DEC 1      0.56                      0.46   0.10     0.15
  SINCE JAN 1     44.50                     47.45  -2.95    43.50

SNOWFALL (IN)
  YESTERDAY        0.0
  MONTH TO DATE    0.0
  SINCE JUL 1      0.0

DEGREE DAYS
 HEATING
  YESTERDAY        0                         5     -5        0
  MONTH TO DATE    8                        26    -18        0
  SINCE DEC 1      8                        26    -18        0
  SINCE JUL 1     45                       100    -55       12

 COOLING
  YESTERDAY        8                         2      6        4
  MONTH TO DATE   30                        12     18       36
  SINCE DEC 1     30                        12     18       36
  SINCE JAN 1   3409                      2924    485     3584
..................................................................


WIND (MPH)
  HIGHEST WIND SPEED    28   HIGHEST WIND DIRECTION     W (270)
  HIGHEST GUST SPEED    37   HIGHEST GUST DIRECTION     W (280)
  AVERAGE WIND SPEED    12.6


SKY COVER
  AVERAGE SKY COVER 0.6


WEATHER CONDITIONS
 THE FOLLOWING WEATHER WAS RECORDED YESTERDAY.
  THUNDERSTORM
  HEAVY RAIN
  RAIN
  LIGHT RAIN
  FOG


RELATIVE HUMIDITY (PERCENT)
 HIGHEST    93           600 AM
 LOWEST     69           400 PM
 AVERAGE    81

..........................................................


THE DAYTONA BEACH CLIMATE NORMALS FOR TODAY
                         NORMAL    RECORD    YEAR
 MAXIMUM TEMPERATURE (F)   72        84      1978
                                             1943
 MINIMUM TEMPERATURE (F)   52        24      1937


SUNRISE AND SUNSET
DECEMBER  7 2016......SUNRISE   706 AM EST   SUNSET   526 PM EST
DECEMBER  8 2016......SUNRISE   706 AM EST   SUNSET   526 PM EST


-  INDICATES NEGATIVE NUMBERS.
R  INDICATES RECORD WAS SET OR TIED.
MM INDICATES DATA IS MISSING.
T  INDICATES TRACE AMOUNT.




$$
