532
CDUS42 KMLB 140632
CLIDAB


CLIMATE REPORT
NATIONAL WEATHER SERVICE MELBOURNE FL
132 AM EST SUN FEB 14 2016


...................................

...THE DAYTONA BEACH CLIMATE SUMMARY FOR FEBRUARY 13 2016...

CLIMATE NORMAL PERIOD 1981 TO 2010
CLIMATE RECORD PERIOD 1923 TO 2016


WEATHER ITEM   OBSERVED TIME   RECORD YEAR NORMAL DEPARTURE LAST
                VALUE   (LST)  VALUE       VALUE  FROM      YEAR
                                                  NORMAL
..................................................................
TEMPERATURE (F)
 YESTERDAY
  MAXIMUM         62    133 PM  86    1935  71     -9       58
                                      1923
  MINIMUM         52   1159 PM  29    2006  50      2       40
  AVERAGE         57                        60     -3       49

PRECIPITATION (IN)
  YESTERDAY        0.00          3.15 1937   0.09  -0.09     0.00
  MONTH TO DATE    2.85                      1.24   1.61     1.00
  SINCE DEC 1     10.47                      6.61   3.86     6.38
  SINCE JAN 1      9.90                      3.98   5.92     3.55

SNOWFALL (IN)
  YESTERDAY        0.0
  MONTH TO DATE    0.0
  SINCE JUL 1      0.0

DEGREE DAYS
 HEATING
  YESTERDAY        8                         6      2       16
  MONTH TO DATE  105                        87     18       95
  SINCE DEC 1    373                       530   -157      408
  SINCE JUL 1    385                       604   -219      537

 COOLING
  YESTERDAY        0                         1     -1        0
  MONTH TO DATE   21                        13      8        0
  SINCE DEC 1    243                        93    150      114
  SINCE JAN 1     34                        42     -8       31
..................................................................


WIND (MPH)
  HIGHEST WIND SPEED    17   HIGHEST WIND DIRECTION    NE (40)
  HIGHEST GUST SPEED    22   HIGHEST GUST DIRECTION    NE (40)
  AVERAGE WIND SPEED     9.8


SKY COVER
  AVERAGE SKY COVER 0.2


WEATHER CONDITIONS
 THE FOLLOWING WEATHER WAS RECORDED YESTERDAY.
  NO SIGNIFICANT WEATHER WAS OBSERVED.


RELATIVE HUMIDITY (PERCENT)
 HIGHEST   100           600 AM
 LOWEST     46           100 PM
 AVERAGE    73

..........................................................


THE DAYTONA BEACH CLIMATE NORMALS FOR TODAY
                         NORMAL    RECORD    YEAR
 MAXIMUM TEMPERATURE (F)   71        89      1935
 MINIMUM TEMPERATURE (F)   50        28      1958


SUNRISE AND SUNSET
FEBRUARY 14 2016......SUNRISE   704 AM EST   SUNSET   613 PM EST
FEBRUARY 15 2016......SUNRISE   703 AM EST   SUNSET   614 PM EST


-  INDICATES NEGATIVE NUMBERS.
R  INDICATES RECORD WAS SET OR TIED.
MM INDICATES DATA IS MISSING.
T  INDICATES TRACE AMOUNT.




$$
