000
CDUS41 KRNK 220913
CLIDAN


CLIMATE REPORT
NATIONAL WEATHER SERVICE BLACKSBURG VA
509 AM EDT MON SEP 22 2014


...................................

...THE DANVILLE VA CLIMATE SUMMARY FOR SEPTEMBER 21 2014...

CLIMATE NORMAL PERIOD 1981 TO 2010
CLIMATE RECORD PERIOD 1948 TO 2014


WEATHER ITEM   OBSERVED TIME   RECORD YEAR NORMAL DEPARTURE LAST
                VALUE   (LST)  VALUE       VALUE  FROM      YEAR
                                                  NORMAL
..................................................................
TEMPERATURE (F)
 YESTERDAY
  MAXIMUM         85    356 PM  95    1948  78      7       75
  MINIMUM         57    617 AM  40    1956  58     -1       65
  AVERAGE         71                        68      3

PRECIPITATION (IN)
  YESTERDAY        0.00          1.24 1966   0.11  -0.11     0.42
  MONTH TO DATE    3.10                      2.78   0.32     1.11
  SINCE SEP 1      3.10                      2.78   0.32     1.11
  SINCE JAN 1     32.85                     33.07  -0.22    42.42

SNOWFALL (IN)
  YESTERDAY        0.0
  MONTH TO DATE    0.0
  SINCE SEP 1      0.0
  SINCE JUL 1      0.0
  SNOW DEPTH       0

DEGREE DAYS
 HEATING
  YESTERDAY        0                         1     -1
  MONTH TO DATE    0                         8     -8
  SINCE SEP 1      0                         8     -8
  SINCE JUL 1      0                         8     -8

 COOLING
  YESTERDAY        6                         4      2
  MONTH TO DATE  181                       147     34
  SINCE SEP 1    181                       147     34
  SINCE JAN 1   1370                      1374     -4
..................................................................


WIND (MPH)
  HIGHEST WIND SPEED    15   HIGHEST WIND DIRECTION     W (250)
  HIGHEST GUST SPEED    20   HIGHEST GUST DIRECTION    NW (320)
  AVERAGE WIND SPEED     5.3


SKY COVER
  POSSIBLE SUNSHINE  MM
  AVERAGE SKY COVER 0.1


WEATHER CONDITIONS
 THE FOLLOWING WEATHER WAS RECORDED YESTERDAY.
  FOG


RELATIVE HUMIDITY (PERCENT)
 HIGHEST    93           300 AM
 LOWEST     51           100 PM
 AVERAGE    72

..........................................................


THE DANVILLE VA CLIMATE NORMALS FOR TODAY
                         NORMAL    RECORD    YEAR
 MAXIMUM TEMPERATURE (F)   78        96      1965
 MINIMUM TEMPERATURE (F)   58        41      1962


SUNRISE AND SUNSET
SEPTEMBER 22 2014.....SUNRISE   705 AM EDT   SUNSET   714 PM EDT
SEPTEMBER 23 2014.....SUNRISE   706 AM EDT   SUNSET   713 PM EDT


-  INDICATES NEGATIVE NUMBERS.
R  INDICATES RECORD WAS SET OR TIED.
MM INDICATES DATA IS MISSING.
T  INDICATES TRACE AMOUNT.




$$
