000
CDUS41 KRNK 292127
CLIDAN


CLIMATE REPORT
NATIONAL WEATHER SERVICE BLACKSBURG VA
523 PM EDT TUE JUL 29 2014


...................................

...THE DANVILLE VA CLIMATE SUMMARY FOR JULY 29 2014...
VALID TODAY AS OF 0500 PM LOCAL TIME.

CLIMATE NORMAL PERIOD 1981 TO 2010
CLIMATE RECORD PERIOD 1948 TO 2014


WEATHER ITEM   OBSERVED TIME   RECORD YEAR NORMAL DEPARTURE LAST
                VALUE   (LST)  VALUE       VALUE  FROM      YEAR
                                                  NORMAL
..................................................................
TEMPERATURE (F)
 TODAY
  MAXIMUM         80    403 PM 104    1952  87     -7       84
  MINIMUM         63    553 AM  58    1962  69     -6       63
  AVERAGE         72                        78     -6

PRECIPITATION (IN)
  TODAY            0.00          2.71 2000   0.14  -0.14     0.22
  MONTH TO DATE    3.63                      4.30  -0.67    10.52
  SINCE JUN 1      4.86                      8.15  -3.29    16.46
  SINCE JAN 1     23.42                     26.03  -2.61    36.67

SNOWFALL (IN)
  TODAY            0.0
  MONTH TO DATE    0.0
  SINCE JUN 1      0.0
  SINCE JUL 1      0.0
  SNOW DEPTH       0

DEGREE DAYS
 HEATING
  TODAY            0                         0      0
  MONTH TO DATE    0                         0      0
  SINCE JUN 1      0                         3     -3
  SINCE JUL 1      0                         0      0

 COOLING
  TODAY            7                        13     -6
  MONTH TO DATE  371                       377     -6
  SINCE JUN 1    716                       674     42
  SINCE JAN 1    877                       818     59
..................................................................


WIND (MPH)
  HIGHEST WIND SPEED     9   HIGHEST WIND DIRECTION    SW (230)
  HIGHEST GUST SPEED    12   HIGHEST GUST DIRECTION    SW (230)
  AVERAGE WIND SPEED     3.3


SKY COVER
  POSSIBLE SUNSHINE  MM
  AVERAGE SKY COVER 0.5


WEATHER CONDITIONS
 THE FOLLOWING WEATHER WAS RECORDED TODAY.
  NO SIGNIFICANT WEATHER WAS OBSERVED.


RELATIVE HUMIDITY (PERCENT)
 HIGHEST    84           600 AM
 LOWEST     42           100 PM
 AVERAGE    63

..........................................................


THE DANVILLE VA CLIMATE NORMALS FOR TOMORROW
                         NORMAL    RECORD    YEAR
 MAXIMUM TEMPERATURE (F)   87       101      1953
 MINIMUM TEMPERATURE (F)   69        60      2013
                                             1983


SUNRISE AND SUNSET
JULY 29 2014..........SUNRISE   621 AM EDT   SUNSET   826 PM EDT
JULY 30 2014..........SUNRISE   622 AM EDT   SUNSET   825 PM EDT


-  INDICATES NEGATIVE NUMBERS.
R  INDICATES RECORD WAS SET OR TIED.
MM INDICATES DATA IS MISSING.
T  INDICATES TRACE AMOUNT.



$$
