000
CDUS41 KRNK 170729
CLIDAN


CLIMATE REPORT
NATIONAL WEATHER SERVICE BLACKSBURG VA
223 AM EST SUN DEC 17 2017


...................................

...THE DANVILLE VA CLIMATE SUMMARY FOR DECEMBER 16 2017...

CLIMATE NORMAL PERIOD 1981 TO 2010
CLIMATE RECORD PERIOD 1948 TO 2017


WEATHER ITEM   OBSERVED TIME   RECORD YEAR NORMAL DEPARTURE LAST
                VALUE   (LST)  VALUE       VALUE  FROM      YEAR
                                                  NORMAL
..................................................................
TEMPERATURE (F)
 YESTERDAY
  MAXIMUM         50    329 PM  75    1971  49      1       30
  MINIMUM         22    752 AM   5    1958  30     -8       15
  AVERAGE         36                        40     -4       23

PRECIPITATION (IN)
  YESTERDAY        0.00          1.22 1982   0.10  -0.10     0.00
  MONTH TO DATE    0.61                      1.78  -1.17     1.30
  SINCE DEC 1      0.61                      1.78  -1.17     1.30
  SINCE JAN 1     42.30                     42.92  -0.62    46.51

SNOWFALL (IN)
  YESTERDAY        0.0                                       0.0
  MONTH TO DATE    4.9                                       0.0
  SINCE DEC 1      4.9                                       0.0
  SINCE JUL 1      4.9                                       0.0
  SNOW DEPTH       0

DEGREE DAYS
 HEATING
  YESTERDAY       29                        25      4       42
  MONTH TO DATE  399                       375     24      412
  SINCE DEC 1    399                       375     24      412
  SINCE JUL 1   1121                      1084     37      982

 COOLING
  YESTERDAY        0                         0      0        0
  MONTH TO DATE    0                         0      0        0
  SINCE DEC 1      0                         0      0        0
  SINCE JAN 1   1401                      1439    -38     1651
..................................................................


WIND (MPH)
  HIGHEST WIND SPEED    15   HIGHEST WIND DIRECTION    SW (230)
  HIGHEST GUST SPEED    20   HIGHEST GUST DIRECTION    SW (230)
  AVERAGE WIND SPEED     5.0


SKY COVER
  AVERAGE SKY COVER 0.0


WEATHER CONDITIONS
 THE FOLLOWING WEATHER WAS RECORDED YESTERDAY.
  NO SIGNIFICANT WEATHER WAS OBSERVED.


RELATIVE HUMIDITY (PERCENT)
 HIGHEST    88           500 AM
 LOWEST     38           100 PM
 AVERAGE    63

..........................................................


THE DANVILLE VA CLIMATE NORMALS FOR TODAY
                         NORMAL    RECORD    YEAR
 MAXIMUM TEMPERATURE (F)   49        79      1971
 MINIMUM TEMPERATURE (F)   30         8      1951


SUNRISE AND SUNSET
DECEMBER 17 2017......SUNRISE   724 AM EST   SUNSET   504 PM EST
DECEMBER 18 2017......SUNRISE   724 AM EST   SUNSET   504 PM EST


-  INDICATES NEGATIVE NUMBERS.
R  INDICATES RECORD WAS SET OR TIED.
MM INDICATES DATA IS MISSING.
T  INDICATES TRACE AMOUNT.


REMARKS:
DUE TO MISSING RAINFALL ON AUGUST 21-24...ALL PRECIPITATION DATA
WILL BE CALCULATED WITHOUT DATA FROM THESE DATES.


$$
