000
CDUS41 KRNK 300921
CLIDAN


CLIMATE REPORT
NATIONAL WEATHER SERVICE BLACKSBURG VA
517 AM EDT TUE SEP 30 2014


...................................

...THE DANVILLE VA CLIMATE SUMMARY FOR SEPTEMBER 29 2014...

CLIMATE NORMAL PERIOD 1981 TO 2010
CLIMATE RECORD PERIOD 1948 TO 2014


WEATHER ITEM   OBSERVED TIME   RECORD YEAR NORMAL DEPARTURE LAST
                VALUE   (LST)  VALUE       VALUE  FROM      YEAR
                                                  NORMAL
..................................................................
TEMPERATURE (F)
 YESTERDAY
  MAXIMUM         69   1208 PM  92    1998  75     -6       74
  MINIMUM         62   1159 PM  41    1951  55      7       50
  AVERAGE         66                        65      1

PRECIPITATION (IN)
  YESTERDAY        0.10          2.50 1948   0.13  -0.03     0.00
  MONTH TO DATE    3.88                      3.83   0.05     1.15
  SINCE SEP 1      3.88                      3.83   0.05     1.15
  SINCE JAN 1     33.63                     34.12  -0.49    42.46

SNOWFALL (IN)
  YESTERDAY        0.0
  MONTH TO DATE    0.0
  SINCE SEP 1      0.0
  SINCE JUL 1      0.0
  SNOW DEPTH       0

DEGREE DAYS
 HEATING
  YESTERDAY        0                         3     -3
  MONTH TO DATE   12                        24    -12
  SINCE SEP 1     12                        24    -12
  SINCE JUL 1     12                        24    -12

 COOLING
  YESTERDAY        1                         3     -2
  MONTH TO DATE  190                       174     16
  SINCE SEP 1    190                       174     16
  SINCE JAN 1   1379                      1401    -22
..................................................................


WIND (MPH)
  HIGHEST WIND SPEED     8   HIGHEST WIND DIRECTION     W (270)
  HIGHEST GUST SPEED    11   HIGHEST GUST DIRECTION     W (280)
  AVERAGE WIND SPEED     2.2


SKY COVER
  POSSIBLE SUNSHINE  MM
  AVERAGE SKY COVER 0.7


WEATHER CONDITIONS
 THE FOLLOWING WEATHER WAS RECORDED YESTERDAY.
  LIGHT RAIN
  FOG
  FOG W/VISIBILITY <= 1/4 MILE


RELATIVE HUMIDITY (PERCENT)
 HIGHEST    93          1200 AM
 LOWEST     73          1100 AM
 AVERAGE    83

..........................................................


THE DANVILLE VA CLIMATE NORMALS FOR TODAY
                         NORMAL    RECORD    YEAR
 MAXIMUM TEMPERATURE (F)   75        92      1973
 MINIMUM TEMPERATURE (F)   55        34      1951


SUNRISE AND SUNSET
SEPTEMBER 30 2014.....SUNRISE   712 AM EDT   SUNSET   702 PM EDT
OCTOBER  1 2014.......SUNRISE   713 AM EDT   SUNSET   701 PM EDT


-  INDICATES NEGATIVE NUMBERS.
R  INDICATES RECORD WAS SET OR TIED.
MM INDICATES DATA IS MISSING.
T  INDICATES TRACE AMOUNT.



$$
