000
CDUS41 KRNK 210927
CLIDAN


CLIMATE REPORT
NATIONAL WEATHER SERVICE BLACKSBURG VA
523 AM EDT TUE OCT 21 2014


...................................

...THE DANVILLE VA CLIMATE SUMMARY FOR OCTOBER 20 2014...

CLIMATE NORMAL PERIOD 1981 TO 2010
CLIMATE RECORD PERIOD 1948 TO 2014


WEATHER ITEM   OBSERVED TIME   RECORD YEAR NORMAL DEPARTURE LAST
                VALUE   (LST)  VALUE       VALUE  FROM      YEAR
                                                  NORMAL
..................................................................
TEMPERATURE (F)
 YESTERDAY
  MAXIMUM         70    319 PM  88    1984  69      1       64
  MINIMUM         39    625 AM  28    1992  48     -9       39
  AVERAGE         55                        58     -3

PRECIPITATION (IN)
  YESTERDAY        0.00          0.86 1976   0.12  -0.12     0.00
  MONTH TO DATE    3.37                      2.32   1.05     1.20
  SINCE SEP 1      7.25                      6.28   0.97     2.35
  SINCE JAN 1     37.00                     36.57   0.43    43.66

SNOWFALL (IN)
  YESTERDAY        0.0
  MONTH TO DATE    0.0
  SINCE SEP 1      0.0
  SINCE JUL 1      0.0
  SNOW DEPTH       0

DEGREE DAYS
 HEATING
  YESTERDAY       10                         8      2
  MONTH TO DATE   73                       104    -31
  SINCE SEP 1     85                       132    -47
  SINCE JUL 1     85                       132    -47

 COOLING
  YESTERDAY        0                         1     -1
  MONTH TO DATE   32                        27      5
  SINCE SEP 1    228                       203     25
  SINCE JAN 1   1417                      1430    -13
..................................................................


WIND (MPH)
  HIGHEST WIND SPEED    16   HIGHEST WIND DIRECTION    SW (230)
  HIGHEST GUST SPEED    22   HIGHEST GUST DIRECTION     W (250)
  AVERAGE WIND SPEED     4.4


SKY COVER
  POSSIBLE SUNSHINE  MM
  AVERAGE SKY COVER 0.1


WEATHER CONDITIONS
 THE FOLLOWING WEATHER WAS RECORDED YESTERDAY.
  FOG


RELATIVE HUMIDITY (PERCENT)
 HIGHEST    96           800 AM
 LOWEST     40           300 PM
 AVERAGE    68

..........................................................


THE DANVILLE VA CLIMATE NORMALS FOR TODAY
                         NORMAL    RECORD    YEAR
 MAXIMUM TEMPERATURE (F)   69        88      1984
 MINIMUM TEMPERATURE (F)   47        25      1952


SUNRISE AND SUNSET
OCTOBER 21 2014.......SUNRISE   730 AM EDT   SUNSET   633 PM EDT
OCTOBER 22 2014.......SUNRISE   731 AM EDT   SUNSET   632 PM EDT


-  INDICATES NEGATIVE NUMBERS.
R  INDICATES RECORD WAS SET OR TIED.
MM INDICATES DATA IS MISSING.
T  INDICATES TRACE AMOUNT.

REMARKS

PENDING EVALUATION OF PRECIPITATION DATA ON OCTOBER 12-13...ALL
TOTALS AND DEPARTURES FROM NORMAL FOR PRECIPITATION WILL BE CALCULATED
WITHOUT DATA FROM THOSE DATES.

$$

MBS
