000
CDUS41 KRNK 222117
CLIDAN


CLIMATE REPORT
NATIONAL WEATHER SERVICE BLACKSBURG VA
511 PM EDT FRI SEP 22 2017


...................................

...THE DANVILLE VA CLIMATE SUMMARY FOR SEPTEMBER 22 2017...
VALID TODAY AS OF 0500 PM LOCAL TIME.

CLIMATE NORMAL PERIOD 1981 TO 2010
CLIMATE RECORD PERIOD 1948 TO 2017


WEATHER ITEM   OBSERVED TIME   RECORD YEAR NORMAL DEPARTURE LAST
                VALUE   (LST)  VALUE       VALUE  FROM      YEAR
                                                  NORMAL
..................................................................
TEMPERATURE (F)
 TODAY
  MAXIMUM         88    235 PM  96    1965  78     10       80
  MINIMUM         61    558 AM  41    1962  58      3       69
  AVERAGE         75                        68      7       75

PRECIPITATION (IN)
  TODAY            0.00          3.70 1979   0.12  -0.12     0.21
  MONTH TO DATE    2.60                      2.90  -0.30     1.12
  SINCE SEP 1      2.60                      2.90  -0.30     1.12
  SINCE JAN 1     36.70                     33.19   3.51    37.38

SNOWFALL (IN)
  TODAY            0.0                                       0.0
  MONTH TO DATE    0.0                                       0.0
  SINCE SEP 1      0.0                                       0.0
  SINCE JUL 1      0.0                                       0.0
  SNOW DEPTH       0

DEGREE DAYS
 HEATING
  TODAY            0                         1     -1        0
  MONTH TO DATE   30                         9     21        0
  SINCE SEP 1     30                         9     21        0
  SINCE JUL 1     30                         9     21        0

 COOLING
  TODAY           10                         4      6       10
  MONTH TO DATE  101                       151    -50      237
  SINCE SEP 1    101                       151    -50      237
  SINCE JAN 1   1275                      1378   -103     1542
..................................................................


WIND (MPH)
  HIGHEST WIND SPEED     9   HIGHEST WIND DIRECTION    NW (320)
  HIGHEST GUST SPEED    12   HIGHEST GUST DIRECTION    NW (310)
  AVERAGE WIND SPEED     2.0


SKY COVER
  AVERAGE SKY COVER 0.1


WEATHER CONDITIONS
 THE FOLLOWING WEATHER WAS RECORDED TODAY.
  FOG


RELATIVE HUMIDITY (PERCENT)
 HIGHEST   100          1200 AM
 LOWEST     50           300 PM
 AVERAGE    75

..........................................................


THE DANVILLE VA CLIMATE NORMALS FOR TOMORROW
                         NORMAL    RECORD    YEAR
 MAXIMUM TEMPERATURE (F)   77        98      1980
 MINIMUM TEMPERATURE (F)   57        38      1983


SUNRISE AND SUNSET
SEPTEMBER 22 2017.....SUNRISE   705 AM EDT   SUNSET   714 PM EDT
SEPTEMBER 23 2017.....SUNRISE   706 AM EDT   SUNSET   712 PM EDT


-  INDICATES NEGATIVE NUMBERS.
R  INDICATES RECORD WAS SET OR TIED.
MM INDICATES DATA IS MISSING.
T  INDICATES TRACE AMOUNT.


REMARKS:
DUE TO MISSING RAINFALL ON AUGUST 21-24...ALL PRECIPITATION DATA
WILL BE CALCULATED WITHOUT DATA FROM THESE DATES.


$$

PW
