000
CDUS41 KILN 040614
CLIDAY


CLIMATE REPORT
NATIONAL WEATHER SERVICE WILMINGTON OH
114 AM EST SUN DEC 4 2016


...................................

...THE DAYTON OH CLIMATE SUMMARY FOR DECEMBER 3 2016...

CLIMATE NORMAL PERIOD 1981 TO 2010
CLIMATE RECORD PERIOD 1869 TO 2016


WEATHER ITEM   OBSERVED TIME   RECORD YEAR NORMAL DEPARTURE LAST
                VALUE   (LST)  VALUE       VALUE  FROM      YEAR
                                                  NORMAL
..................................................................
TEMPERATURE (F)
 YESTERDAY
  MAXIMUM         39    219 PM  71    1982  42     -3       40
  MINIMUM         32   1159 PM   0    1929  28      4       28
  AVERAGE         36                        35      1       34

PRECIPITATION (IN)
  YESTERDAY        0.00          1.58 1990   0.10  -0.10     0.00
  MONTH TO DATE    T                         0.30  -0.30     0.05
  SINCE DEC 1      T                         0.30  -0.30     0.05
  SINCE JAN 1     32.79                     38.23  -5.44    36.78

SNOWFALL (IN)
  YESTERDAY        0.0           2.5  1957   0.0    0.0      0.0
  MONTH TO DATE    0.0                       0.2   -0.2      0.2
  SINCE DEC 1      0.0                       0.2   -0.2      0.2
  SINCE JUL 1      T                         1.2   -1.2      0.2
  SNOW DEPTH       0

DEGREE DAYS
 HEATING
  YESTERDAY       29                        30     -1       31
  MONTH TO DATE   85                        88     -3       76
  SINCE DEC 1     85                        88     -3       76
  SINCE JUL 1    858                      1199   -341      912

 COOLING
  YESTERDAY        0                         0      0        0
  MONTH TO DATE    0                         0      0        0
  SINCE DEC 1      0                         0      0        0
  SINCE JAN 1   1247                       891    356     1078
..................................................................


WIND (MPH)
  RESULTANT WIND SPEED   4   RESULTANT WIND DIRECTION   W (270)
  HIGHEST WIND SPEED    12   HIGHEST WIND DIRECTION     W (270)
  HIGHEST GUST SPEED    13   HIGHEST GUST DIRECTION     W (280)
  AVERAGE WIND SPEED     5.0



WEATHER CONDITIONS
 THE FOLLOWING WEATHER WAS RECORDED YESTERDAY.
  NO SIGNIFICANT WEATHER WAS OBSERVED.


RELATIVE HUMIDITY (PERCENT)
 HIGHEST    89           700 AM
 LOWEST     59          1100 AM
 AVERAGE    74

..........................................................


THE DAYTON OH CLIMATE NORMALS FOR TODAY
                         NORMAL    RECORD    YEAR
 MAXIMUM TEMPERATURE (F)   42        68      1998
 MINIMUM TEMPERATURE (F)   28         9      1991
                                             1935


SUNRISE AND SUNSET
DECEMBER  4 2016......SUNRISE   742 AM EST   SUNSET   512 PM EST
DECEMBER  5 2016......SUNRISE   743 AM EST   SUNSET   512 PM EST


-  INDICATES NEGATIVE NUMBERS.
R  INDICATES RECORD WAS SET OR TIED.
MM INDICATES DATA IS MISSING.
T  INDICATES TRACE AMOUNT.




$$
