000
CDUS41 KILN 190551
CLIDAY


CLIMATE REPORT
NATIONAL WEATHER SERVICE WILMINGTON OH
1242 AM EST THU JAN 19 2017


...................................

...THE DAYTON OH CLIMATE SUMMARY FOR JANUARY 18 2017...

CLIMATE NORMAL PERIOD 1981 TO 2010
CLIMATE RECORD PERIOD 1869 TO 2017


WEATHER ITEM   OBSERVED TIME   RECORD YEAR NORMAL DEPARTURE LAST
                VALUE   (LST)  VALUE       VALUE  FROM      YEAR
                                                  NORMAL
..................................................................
TEMPERATURE (F)
 YESTERDAY
  MAXIMUM         42   1218 AM  67    1929  35      7       14
  MINIMUM         35    725 AM -25    1994  20     15        2
  AVERAGE         39                        27     12        8

PRECIPITATION (IN)
  YESTERDAY        0.01          1.12 1929   0.09  -0.08      T
  MONTH TO DATE    2.48                      1.67   0.81     1.35
  SINCE DEC 1      5.47                      4.79   0.68     5.74
  SINCE JAN 1      2.48                      1.67   0.81     1.35

SNOWFALL (IN)
  YESTERDAY        0.0           3.6  2014   0.3   -0.3       T
  MONTH TO DATE    1.2                       4.6   -3.4      3.3
  SINCE DEC 1      5.3                       9.1   -3.8      3.5
  SINCE JUL 1      5.3                      10.1   -4.8      3.5
  SNOW DEPTH       0

DEGREE DAYS
 HEATING
  YESTERDAY       26                        38    -12       57
  MONTH TO DATE  601                       678    -77      676
  SINCE DEC 1   1669                      1726    -57     1329
  SINCE JUL 1   2442                      2837   -395     2165

 COOLING
  YESTERDAY        0                         0      0        0
  MONTH TO DATE    0                         0      0        0
  SINCE DEC 1      0                         0      0        0
  SINCE JAN 1      0                         0      0        0
..................................................................


WIND (MPH)
  RESULTANT WIND SPEED  10   RESULTANT WIND DIRECTION   W (260)
  HIGHEST WIND SPEED    21   HIGHEST WIND DIRECTION     W (290)
  HIGHEST GUST SPEED    26   HIGHEST GUST DIRECTION     W (270)
  AVERAGE WIND SPEED    11.3



WEATHER CONDITIONS
 THE FOLLOWING WEATHER WAS RECORDED YESTERDAY.
  LIGHT RAIN
  FOG


RELATIVE HUMIDITY (PERCENT)
 HIGHEST   100           100 AM
 LOWEST     85          1100 AM
 AVERAGE    93

..........................................................


THE DAYTON OH CLIMATE NORMALS FOR TODAY
                         NORMAL    RECORD    YEAR
 MAXIMUM TEMPERATURE (F)   35        68      1907
 MINIMUM TEMPERATURE (F)   20       -25      1994


SUNRISE AND SUNSET
JANUARY 19 2017.......SUNRISE   754 AM EST   SUNSET   541 PM EST
JANUARY 20 2017.......SUNRISE   754 AM EST   SUNSET   542 PM EST


-  INDICATES NEGATIVE NUMBERS.
R  INDICATES RECORD WAS SET OR TIED.
MM INDICATES DATA IS MISSING.
T  INDICATES TRACE AMOUNT.




$$
