000
CDUS41 KILN 310616
CLIDAY


CLIMATE REPORT
NATIONAL WEATHER SERVICE WILMINGTON OH
115 AM EST SAT JAN 31 2015


...................................

...THE DAYTON OH CLIMATE SUMMARY FOR JANUARY 30 2015...

CLIMATE NORMAL PERIOD 1981 TO 2010
CLIMATE RECORD PERIOD 1869 TO 2015


WEATHER ITEM   OBSERVED TIME   RECORD YEAR NORMAL DEPARTURE LAST
                VALUE   (LST)  VALUE       VALUE  FROM      YEAR
                                                  NORMAL
..................................................................
TEMPERATURE (F)
 YESTERDAY
  MAXIMUM         33    326 AM  66    2013  36     -3       32
  MINIMUM         17   1159 PM -10    1966  21     -4       11
  AVERAGE         25                        28     -3       22

PRECIPITATION (IN)
  YESTERDAY        0.01          1.23 1982   0.08  -0.07     0.00
  MONTH TO DATE    2.93                      2.63   0.30     2.79
  SINCE DEC 1      5.72                      5.75  -0.03     7.37
  SINCE JAN 1      2.93                      2.63   0.30     2.79

SNOWFALL (IN)
  YESTERDAY        T             4.0  1909   0.3   -0.3      0.0
  MONTH TO DATE    7.7                       7.7    0.0     21.2
  SINCE DEC 1      7.8                      12.2   -4.4     33.8
  SINCE JUL 1     11.9                      13.2   -1.3     35.8
  SNOW DEPTH       0

DEGREE DAYS
 HEATING
  YESTERDAY       40                        37      3       43
  MONTH TO DATE 1155                      1127     28     1314
  SINCE DEC 1   2068                      2175   -107     2309
  SINCE JUL 1   3284                      3286     -2     3433

 COOLING
  YESTERDAY        0                         0      0        0
  MONTH TO DATE    0                         0      0        0
  SINCE DEC 1      0                         0      0        0
  SINCE JAN 1      0                         0      0        0
..................................................................


WIND (MPH)
  RESULTANT WIND SPEED  11   RESULTANT WIND DIRECTION  NW (330)
  HIGHEST WIND SPEED    26   HIGHEST WIND DIRECTION    NW (330)
  HIGHEST GUST SPEED    34   HIGHEST GUST DIRECTION    NW (330)
  AVERAGE WIND SPEED    11.5



WEATHER CONDITIONS
 THE FOLLOWING WEATHER WAS RECORDED YESTERDAY.
  LIGHT SNOW


RELATIVE HUMIDITY (PERCENT)
 HIGHEST    89           100 AM
 LOWEST     55           300 PM
 AVERAGE    72

..........................................................


THE DAYTON OH CLIMATE NORMALS FOR TODAY
                         NORMAL    RECORD    YEAR
 MAXIMUM TEMPERATURE (F)   36        64      1917
 MINIMUM TEMPERATURE (F)   21       -10      2004


SUNRISE AND SUNSET
JANUARY 31 2015.......SUNRISE   746 AM EST   SUNSET   555 PM EST
FEBRUARY  1 2015......SUNRISE   745 AM EST   SUNSET   556 PM EST


-  INDICATES NEGATIVE NUMBERS.
R  INDICATES RECORD WAS SET OR TIED.
MM INDICATES DATA IS MISSING.
T  INDICATES TRACE AMOUNT.




$$
