000
CDUS41 KILN 270533
CLIDAY


CLIMATE REPORT
NATIONAL WEATHER SERVICE WILMINGTON OH
132 AM EDT SAT AUG 27 2016


...................................

...THE DAYTON OH CLIMATE SUMMARY FOR AUGUST 26 2016...

CLIMATE NORMAL PERIOD 1981 TO 2010
CLIMATE RECORD PERIOD 1869 TO 2016


WEATHER ITEM   OBSERVED TIME   RECORD YEAR NORMAL DEPARTURE LAST
                VALUE   (LST)  VALUE       VALUE  FROM      YEAR
                                                  NORMAL
..................................................................
TEMPERATURE (F)
 YESTERDAY
  MAXIMUM         89    423 PM  96    1948  82      7       70
  MINIMUM         71    638 AM  48    1963  62      9       54
  AVERAGE         80                        72      8       62

PRECIPITATION (IN)
  YESTERDAY        0.02          2.16 1992   0.10  -0.08     0.00
  MONTH TO DATE    2.97                      2.47   0.50     1.75
  SINCE JUN 1      9.54                     10.75  -1.21    14.23
  SINCE JAN 1     25.76                     27.79  -2.03    29.55

SNOWFALL (IN)
  YESTERDAY        0.0           0.0         0.0    0.0      0.0
  MONTH TO DATE    0.0                       0.0    0.0      0.0
  SINCE JUN 1      0.0                       0.0    0.0      0.0
  SINCE JUL 1      0.0                       0.0    0.0      0.0
  SNOW DEPTH       0

DEGREE DAYS
 HEATING
  YESTERDAY        0                         0      0        3
  MONTH TO DATE    0                         0      0        9
  SINCE JUN 1      7                        22    -15       29
  SINCE JUL 1      3                         0      3        9

 COOLING
  YESTERDAY       15                         7      8        0
  MONTH TO DATE  306                       210     96      157
  SINCE JUN 1    883                       679    204      690
  SINCE JAN 1    962                       749    213      865
..................................................................


WIND (MPH)
  RESULTANT WIND SPEED   2   RESULTANT WIND DIRECTION   N (350)
  HIGHEST WIND SPEED    28   HIGHEST WIND DIRECTION     E (110)
  HIGHEST GUST SPEED    35   HIGHEST GUST DIRECTION     S (160)
  AVERAGE WIND SPEED     4.2



WEATHER CONDITIONS
 THE FOLLOWING WEATHER WAS RECORDED YESTERDAY.
  THUNDERSTORM
  RAIN
  LIGHT RAIN
  FOG


RELATIVE HUMIDITY (PERCENT)
 HIGHEST   100           500 AM
 LOWEST     55           400 PM
 AVERAGE    78

..........................................................


THE DAYTON OH CLIMATE NORMALS FOR TODAY
                         NORMAL    RECORD    YEAR
 MAXIMUM TEMPERATURE (F)   82        97      1948
                                             1899
 MINIMUM TEMPERATURE (F)   61        43      1910


SUNRISE AND SUNSET
AUGUST 27 2016........SUNRISE   700 AM EDT   SUNSET   815 PM EDT
AUGUST 28 2016........SUNRISE   701 AM EDT   SUNSET   814 PM EDT


-  INDICATES NEGATIVE NUMBERS.
R  INDICATES RECORD WAS SET OR TIED.
MM INDICATES DATA IS MISSING.
T  INDICATES TRACE AMOUNT.




$$
