000
CDUS41 KILN 260558
CLIDAY


CLIMATE REPORT
NATIONAL WEATHER SERVICE WILMINGTON OH
151 AM EDT TUE MAY 26 2015


...................................

...THE DAYTON OH CLIMATE SUMMARY FOR MAY 25 2015...

CLIMATE NORMAL PERIOD 1981 TO 2010
CLIMATE RECORD PERIOD 1869 TO 2015


WEATHER ITEM   OBSERVED TIME   RECORD YEAR NORMAL DEPARTURE LAST
                VALUE   (LST)  VALUE       VALUE  FROM      YEAR
                                                  NORMAL
..................................................................
TEMPERATURE (F)
 YESTERDAY
  MAXIMUM         77    605 PM  92    1939  74      3       80
  MINIMUM         69   1155 PM  33    1925  54     15       55
  AVERAGE         73                        64      9       68

PRECIPITATION (IN)
  YESTERDAY        0.02          1.56 1939   0.15  -0.13     0.00
  MONTH TO DATE    1.30                      3.75  -2.45     4.60
  SINCE MAR 1     10.47                     11.18  -0.71    13.02
  SINCE JAN 1     14.83                     16.13  -1.30    18.00

SNOWFALL (IN)
  YESTERDAY        0.0           0.0    MM   0.0    0.0      0.0
  MONTH TO DATE    0.0                       0.0    0.0      0.0
  SINCE MAR 1      5.7                       4.0    1.7      8.2
  SINCE JUL 1     27.7                      23.3    4.4     53.6
  SNOW DEPTH       0

DEGREE DAYS
 HEATING
  YESTERDAY        0                         4     -4        0
  MONTH TO DATE   67                       151    -84      130
  SINCE MAR 1   1198                      1327   -129     1339
  SINCE JUL 1   5761                      5602    159     5938

 COOLING
  YESTERDAY        8                         3      5        3
  MONTH TO DATE  117                        41     76       67
  SINCE MAR 1    121                        51     70       75
  SINCE JAN 1    121                        51     70       75
..................................................................


WIND (MPH)
  RESULTANT WIND SPEED  14   RESULTANT WIND DIRECTION   S (200)
  HIGHEST WIND SPEED    29   HIGHEST WIND DIRECTION    SW (210)
  HIGHEST GUST SPEED    39   HIGHEST GUST DIRECTION    SW (220)
  AVERAGE WIND SPEED    15.6



WEATHER CONDITIONS
 THE FOLLOWING WEATHER WAS RECORDED YESTERDAY.
  LIGHT RAIN


RELATIVE HUMIDITY (PERCENT)
 HIGHEST    79           900 PM
 LOWEST     47          1200 AM
 AVERAGE    63

..........................................................


THE DAYTON OH CLIMATE NORMALS FOR TODAY
                         NORMAL    RECORD    YEAR
 MAXIMUM TEMPERATURE (F)   74        95      1911
 MINIMUM TEMPERATURE (F)   55        37      1983
                                             1897


SUNRISE AND SUNSET
MAY 26 2015...........SUNRISE   614 AM EDT   SUNSET   854 PM EDT
MAY 27 2015...........SUNRISE   613 AM EDT   SUNSET   855 PM EDT


-  INDICATES NEGATIVE NUMBERS.
R  INDICATES RECORD WAS SET OR TIED.
MM INDICATES DATA IS MISSING.
T  INDICATES TRACE AMOUNT.




$$
