000
CDUS41 KILN 170529
CLIDAY


CLIMATE REPORT
NATIONAL WEATHER SERVICE WILMINGTON OH
128 AM EDT THU AUG 17 2017


...................................

...THE DAYTON OH CLIMATE SUMMARY FOR AUGUST 16 2017...

CLIMATE NORMAL PERIOD 1981 TO 2010
CLIMATE RECORD PERIOD 1869 TO 2017


WEATHER ITEM   OBSERVED TIME   RECORD YEAR NORMAL DEPARTURE LAST
                VALUE   (LST)  VALUE       VALUE  FROM      YEAR
                                                  NORMAL
..................................................................
TEMPERATURE (F)
 YESTERDAY
  MAXIMUM         89    437 PM  98    1965  83      6       78
  MINIMUM         66    610 AM  47    1963  63      3       72
  AVERAGE         78                        73      5       75

PRECIPITATION (IN)
  YESTERDAY        0.00          1.35 1900   0.10  -0.10     0.13
  MONTH TO DATE    0.55                      1.50  -0.95     2.40
  SINCE JUN 1     12.78                      9.78   3.00     8.97
  SINCE JAN 1     34.63                     26.82   7.81    25.19

SNOWFALL (IN)
  YESTERDAY        0.0           0.0         0.0    0.0      0.0
  MONTH TO DATE    0.0                       0.0    0.0      0.0
  SINCE JUN 1      0.0                       0.0    0.0      0.0
  SINCE JUL 1      0.0                       0.0    0.0      0.0
  SNOW DEPTH       0

DEGREE DAYS
 HEATING
  YESTERDAY        0                         0      0        0
  MONTH TO DATE    0                         0      0        0
  SINCE JUN 1     14                        22     -8        7
  SINCE JUL 1      0                         0      0        3

 COOLING
  YESTERDAY       13                         8      5       10
  MONTH TO DATE  100                       134    -34      212
  SINCE JUN 1    569                       603    -34      789
  SINCE JAN 1    661                       673    -12      868
..................................................................


WIND (MPH)
  RESULTANT WIND SPEED   2   RESULTANT WIND DIRECTION   S (190)
  HIGHEST WIND SPEED    13   HIGHEST WIND DIRECTION     S (180)
  HIGHEST GUST SPEED    16   HIGHEST GUST DIRECTION     S (180)
  AVERAGE WIND SPEED     4.8



WEATHER CONDITIONS
 THE FOLLOWING WEATHER WAS RECORDED YESTERDAY.
  FOG
  HAZE


RELATIVE HUMIDITY (PERCENT)
 HIGHEST   100           600 AM
 LOWEST     43           500 PM
 AVERAGE    72

..........................................................


THE DAYTON OH CLIMATE NORMALS FOR TODAY
                         NORMAL    RECORD    YEAR
 MAXIMUM TEMPERATURE (F)   83       102      1988
 MINIMUM TEMPERATURE (F)   63        43      1902


SUNRISE AND SUNSET
AUGUST 17 2017........SUNRISE   651 AM EDT   SUNSET   830 PM EDT
AUGUST 18 2017........SUNRISE   652 AM EDT   SUNSET   829 PM EDT


-  INDICATES NEGATIVE NUMBERS.
R  INDICATES RECORD WAS SET OR TIED.
MM INDICATES DATA IS MISSING.
T  INDICATES TRACE AMOUNT.




$$
