000
CDUS41 KILN 260611
CLIDAY


CLIMATE REPORT
NATIONAL WEATHER SERVICE WILMINGTON OH
110 AM EST FRI DEC 26 2014


...................................

...THE DAYTON OH CLIMATE SUMMARY FOR DECEMBER 25 2014...

CLIMATE NORMAL PERIOD 1981 TO 2010
CLIMATE RECORD PERIOD 1869 TO 2014


WEATHER ITEM   OBSERVED TIME   RECORD YEAR NORMAL DEPARTURE LAST
                VALUE   (LST)  VALUE       VALUE  FROM      YEAR
                                                  NORMAL
..................................................................
TEMPERATURE (F)
 YESTERDAY
  MAXIMUM         40    616 PM  65    1893  36      4       31
  MINIMUM         34    952 PM -13    1983  22     12       16
  AVERAGE         37                        29      8       24

PRECIPITATION (IN)
  YESTERDAY        T             0.82 1957   0.10  -0.10     0.00
  MONTH TO DATE    2.40                      2.51  -0.11     4.42
  SINCE DEC 1      2.40                      2.51  -0.11     4.42
  SINCE JAN 1     35.59                     40.44  -4.85    36.37

SNOWFALL (IN)
  YESTERDAY        0.0           5.2  1909   0.2   -0.2      0.0
  MONTH TO DATE    0.1                       3.3   -3.2     12.5
  SINCE DEC 1      0.1                       3.3   -3.2     12.5
  SINCE JUL 1      4.2                       4.3   -0.1     14.5
  SNOW DEPTH       0

DEGREE DAYS
 HEATING
  YESTERDAY       28                        36     -8       41
  MONTH TO DATE  719                       827   -108      810
  SINCE DEC 1    719                       827   -108      810
  SINCE JUL 1   1935                      1938     -3     1934

 COOLING
  YESTERDAY        0                         0      0        0
  MONTH TO DATE    0                         0      0        0
  SINCE DEC 1      0                         0      0        0
  SINCE JAN 1    977                       891     86     1062
..................................................................


WIND (MPH)
  RESULTANT WIND SPEED  13   RESULTANT WIND DIRECTION  SW (240)
  HIGHEST WIND SPEED    24   HIGHEST WIND DIRECTION    SW (240)
  HIGHEST GUST SPEED    31   HIGHEST GUST DIRECTION    SW (230)
  AVERAGE WIND SPEED    14.0



WEATHER CONDITIONS
 THE FOLLOWING WEATHER WAS RECORDED YESTERDAY.
  LIGHT RAIN
  FOG


RELATIVE HUMIDITY (PERCENT)
 HIGHEST    85          1200 AM
 LOWEST     70          1000 AM
 AVERAGE    78

..........................................................


THE DAYTON OH CLIMATE NORMALS FOR TODAY
                         NORMAL    RECORD    YEAR
 MAXIMUM TEMPERATURE (F)   36        59      1922
 MINIMUM TEMPERATURE (F)   22        -6      1983


SUNRISE AND SUNSET
DECEMBER 26 2014......SUNRISE   757 AM EST   SUNSET   518 PM EST
DECEMBER 27 2014......SUNRISE   757 AM EST   SUNSET   519 PM EST


-  INDICATES NEGATIVE NUMBERS.
R  INDICATES RECORD WAS SET OR TIED.
MM INDICATES DATA IS MISSING.
T  INDICATES TRACE AMOUNT.




$$
