000
CDUS41 KILN 062159
CLIDAY


CLIMATE REPORT
NATIONAL WEATHER SERVICE WILMINGTON OH
458 PM EST FRI MAR 6 2015


...................................

...THE DAYTON OH CLIMATE SUMMARY FOR MARCH 6 2015...
VALID TODAY AS OF 0400 PM LOCAL TIME.

CLIMATE NORMAL PERIOD 1981 TO 2010
CLIMATE RECORD PERIOD 1869 TO 2015


WEATHER ITEM   OBSERVED TIME   RECORD YEAR NORMAL DEPARTURE LAST
                VALUE   (LST)  VALUE       VALUE  FROM      YEAR
                                                  NORMAL
..................................................................
TEMPERATURE (F)
 TODAY
  MAXIMUM         27    431 PM  74    1910  45    -18       46
  MINIMUM          6    630 AM   0    1901  28    -22       18
  AVERAGE         17                        37    -20       32

PRECIPITATION (IN)
  TODAY            0.00          1.10 1945   0.09  -0.09     0.00
                                      1921
  MONTH TO DATE    1.10                      0.53   0.57     0.24
  SINCE MAR 1      1.10                      0.53   0.57     0.24
  SINCE JAN 1      5.46                      5.48  -0.02     5.22

SNOWFALL (IN)
  TODAY            0.0           2.7  1989   0.1   -0.1      0.0
                                      1967
  MONTH TO DATE    5.0                       0.9    4.1      2.7
  SINCE MAR 1      5.0                       0.9    4.1      2.7
  SINCE JUL 1     27.0                      20.2    6.8     48.1
  SNOW DEPTH       2

DEGREE DAYS
 HEATING
  TODAY           48                        28     20       33
  MONTH TO DATE  244                       175     69      241
  SINCE MAR 1    244                       175     69      241
  SINCE JUL 1   4807                      4450    357     4840

 COOLING
  TODAY            0                         0      0        0
  MONTH TO DATE    0                         0      0        0
  SINCE MAR 1      0                         0      0        0
  SINCE JAN 1      0                         0      0        0
..................................................................


WIND (MPH)
  RESULTANT WIND SPEED   6   RESULTANT WIND DIRECTION  SW (230)
  HIGHEST WIND SPEED    18   HIGHEST WIND DIRECTION    SW (210)
  HIGHEST GUST SPEED    21   HIGHEST GUST DIRECTION    SW (220)
  AVERAGE WIND SPEED     6.3


SKY COVER
  POSSIBLE SUNSHINE  MM
  AVERAGE SKY COVER 0.2


WEATHER CONDITIONS
 THE FOLLOWING WEATHER WAS RECORDED TODAY.
  HAZE


RELATIVE HUMIDITY (PERCENT)
 HIGHEST    80           500 AM
 LOWEST     50           300 PM
 AVERAGE    65

..........................................................


THE DAYTON OH CLIMATE NORMALS FOR TOMORROW
                         NORMAL    RECORD    YEAR
 MAXIMUM TEMPERATURE (F)   46        76      2000
                                             1974
 MINIMUM TEMPERATURE (F)   28         4      1899


SUNRISE AND SUNSET
MARCH  6 2015.........SUNRISE   703 AM EST   SUNSET   634 PM EST
MARCH  7 2015.........SUNRISE   701 AM EST   SUNSET   635 PM EST


-  INDICATES NEGATIVE NUMBERS.
R  INDICATES RECORD WAS SET OR TIED.
MM INDICATES DATA IS MISSING.
T  INDICATES TRACE AMOUNT.




$$
