000
CDUS41 KILN 230558
CLIDAY


CLIMATE REPORT
NATIONAL WEATHER SERVICE WILMINGTON OH
1256 AM EST SUN NOV 23 2014


...................................

...THE DAYTON OH CLIMATE SUMMARY FOR NOVEMBER 22 2014...

CLIMATE NORMAL PERIOD 1981 TO 2010
CLIMATE RECORD PERIOD 1869 TO 2014


WEATHER ITEM   OBSERVED TIME   RECORD YEAR NORMAL DEPARTURE LAST
                VALUE   (LST)  VALUE       VALUE  FROM      YEAR
                                                  NORMAL
..................................................................
TEMPERATURE (F)
 YESTERDAY
  MAXIMUM         55    932 PM  74    1900  48      7       52
  MINIMUM         21   1259 AM   8    1964  32    -11       35
  AVERAGE         38                        40     -2       44

PRECIPITATION (IN)
  YESTERDAY        0.02          1.54 1920   0.13  -0.11     0.15
  MONTH TO DATE    0.75                      2.47  -1.72     1.60
  SINCE SEP 1      4.00                      8.70  -4.70     9.57
  SINCE JAN 1     31.90                     37.01  -5.11    31.95

SNOWFALL (IN)
  YESTERDAY        0.0           0.8  1967   0.0    0.0      0.0
  MONTH TO DATE    4.1                       0.3    3.8      0.9
  SINCE SEP 1      4.1                       0.7    3.4      1.9
  SINCE JUL 1      4.1                       0.7    3.4      1.9
  SNOW DEPTH       0

DEGREE DAYS
 HEATING
  YESTERDAY       27                        25      2       21
  MONTH TO DATE  622                       448    174      450
  SINCE SEP 1   1019                       893    126      825
  SINCE JUL 1   1026                       895    131      837

 COOLING
  YESTERDAY        0                         0      0        0
  MONTH TO DATE    0                         0      0        0
  SINCE SEP 1    107                       109     -2      175
  SINCE JAN 1    977                       891     86     1062
..................................................................


WIND (MPH)
  RESULTANT WIND SPEED  12   RESULTANT WIND DIRECTION   S (190)
  HIGHEST WIND SPEED    22   HIGHEST WIND DIRECTION    SW (210)
  HIGHEST GUST SPEED    29   HIGHEST GUST DIRECTION     S (200)
  AVERAGE WIND SPEED    13.4



WEATHER CONDITIONS
 THE FOLLOWING WEATHER WAS RECORDED YESTERDAY.
  LIGHT RAIN
  LT FREEZING RAIN


RELATIVE HUMIDITY (PERCENT)
 HIGHEST    76          1000 AM
 LOWEST     47           900 PM
 AVERAGE    62

..........................................................


THE DAYTON OH CLIMATE NORMALS FOR TODAY
                         NORMAL    RECORD    YEAR
 MAXIMUM TEMPERATURE (F)   47        72      1931
 MINIMUM TEMPERATURE (F)   32        13      1970
                                             1956
                                             1950


SUNRISE AND SUNSET
NOVEMBER 23 2014......SUNRISE   731 AM EST   SUNSET   515 PM EST
NOVEMBER 24 2014......SUNRISE   732 AM EST   SUNSET   515 PM EST


-  INDICATES NEGATIVE NUMBERS.
R  INDICATES RECORD WAS SET OR TIED.
MM INDICATES DATA IS MISSING.
T  INDICATES TRACE AMOUNT.




$$
