000
CDUS43 KDVN 102229
CLIDBQ


CLIMATE REPORT
NATIONAL WEATHER SERVICE QUAD CITIES IA IL
427 PM CST SAT DEC 10 2016


...................................

...THE DUBUQUE IA CLIMATE SUMMARY FOR DECEMBER 10 2016...
VALID TODAY AS OF 0400 PM LOCAL TIME.

CLIMATE NORMAL PERIOD 1981 TO 2010
CLIMATE RECORD PERIOD 1873 TO 2016


WEATHER ITEM   OBSERVED TIME   RECORD YEAR NORMAL DEPARTURE LAST
                VALUE   (LST)  VALUE       VALUE  FROM      YEAR
                                                  NORMAL
..................................................................
TEMPERATURE (F)
 TODAY
  MAXIMUM         20    359 PM  57    1911  32    -12       54
  MINIMUM         12    621 AM -18    1919  17     -5       37
  AVERAGE         16                        24     -8       46

PRECIPITATION (IN)
  TODAY            0.05          0.67 1970   0.06  -0.01      T
  MONTH TO DATE    0.54                      0.72  -0.18     0.04
  SINCE DEC 1      0.54                      0.72  -0.18     0.04
  SINCE JAN 1     39.97                     35.17   4.80    35.03

SNOWFALL (IN)
  TODAY           MM            MM      MM   0.4   MM        0.0
  MONTH TO DATE    5.6                       3.6    2.0      0.9
  SINCE DEC 1      5.6                       3.6    2.0      0.9
  SINCE JUL 1      5.6                       6.4   -0.8     12.7
  SNOW DEPTH       2

DEGREE DAYS
 HEATING
  TODAY           49                        41      8       19
  MONTH TO DATE  394                       389      5      289
  SINCE DEC 1    394                       389      5      289
  SINCE JUL 1   1386                      1889   -503     1496

 COOLING
  TODAY            0                         0      0        0
  MONTH TO DATE    0                         0      0        0
  SINCE DEC 1      0                         0      0        0
  SINCE JAN 1    781                       643    138      637
..................................................................


WIND (MPH)
  HIGHEST WIND SPEED     9   HIGHEST WIND DIRECTION     S (170)
  HIGHEST GUST SPEED    11   HIGHEST GUST DIRECTION     S (160)
  AVERAGE WIND SPEED     4.0


SKY COVER
  POSSIBLE SUNSHINE  MM
  AVERAGE SKY COVER 1.0


WEATHER CONDITIONS
 THE FOLLOWING WEATHER WAS RECORDED TODAY.
  LIGHT SNOW
  FOG
  HAZE


RELATIVE HUMIDITY (PERCENT)
 HIGHEST    96           500 AM
 LOWEST     84          1000 AM
 AVERAGE    90

..........................................................


THE DUBUQUE IA CLIMATE NORMALS FOR TOMORROW
                         NORMAL    RECORD    YEAR
 MAXIMUM TEMPERATURE (F)   31        62      1949
 MINIMUM TEMPERATURE (F)   16       -15      1976


SUNRISE AND SUNSET
DECEMBER 10 2016......SUNRISE   722 AM CST   SUNSET   430 PM CST
DECEMBER 11 2016......SUNRISE   722 AM CST   SUNSET   430 PM CST


-  INDICATES NEGATIVE NUMBERS.
R  INDICATES RECORD WAS SET OR TIED.
MM INDICATES DATA IS MISSING.
T  INDICATES TRACE AMOUNT.




$$
