000
CDUS43 KDVN 280905
CLIDBQ


CLIMATE REPORT
NATIONAL WEATHER SERVICE QUAD CITIES IA IL
404 AM CDT SAT MAR 28 2015


...................................

...THE DUBUQUE IA CLIMATE SUMMARY FOR MARCH 27 2015...

CLIMATE NORMAL PERIOD 1981 TO 2010
CLIMATE RECORD PERIOD 1873 TO 2015


WEATHER ITEM   OBSERVED TIME   RECORD YEAR NORMAL DEPARTURE LAST
                VALUE   (LST)  VALUE       VALUE  FROM      YEAR
                                                  NORMAL
..................................................................
TEMPERATURE (F)
 YESTERDAY
  MAXIMUM         35    335 PM  80    1945  50    -15       48
                                      1910
  MINIMUM         19   1159 PM   6    1964  31    -12       32
  AVERAGE         27                        40    -13       40

PRECIPITATION (IN)
  YESTERDAY        T             1.50 1880   0.10  -0.10     0.31
  MONTH TO DATE    0.70                      2.03  -1.33     1.11
  SINCE MAR 1      0.70                      2.03  -1.33     1.11
  SINCE JAN 1      2.99                      4.64  -1.65     3.59

SNOWFALL (IN)
  YESTERDAY        T            MM      MM   0.1   -0.1       T
  MONTH TO DATE    4.1                       5.7   -1.6     10.9
  SINCE MAR 1      4.1                       5.7   -1.6     10.9
  SINCE JUL 1     33.7                      39.3   -5.6     62.6
  SNOW DEPTH       0

DEGREE DAYS
 HEATING
  YESTERDAY       38                        25     13       25
  MONTH TO DATE  820                       823     -3     1067
  SINCE MAR 1    820                       823     -3     1067
  SINCE JUL 1   6668                      6216    452     7443

 COOLING
  YESTERDAY        0                         0      0        0
  MONTH TO DATE    0                         0      0        0
  SINCE MAR 1      0                         0      0        0
  SINCE JAN 1      0                         0      0        0
..................................................................


WIND (MPH)
  HIGHEST WIND SPEED    17   HIGHEST WIND DIRECTION    NE (30)
  HIGHEST GUST SPEED    24   HIGHEST GUST DIRECTION     N (20)
  AVERAGE WIND SPEED     8.7


SKY COVER
  POSSIBLE SUNSHINE  MM
  AVERAGE SKY COVER 0.2


WEATHER CONDITIONS
 THE FOLLOWING WEATHER WAS RECORDED YESTERDAY.
  LIGHT SNOW


RELATIVE HUMIDITY (PERCENT)
 HIGHEST    75          1200 AM
 LOWEST     32           200 PM
 AVERAGE    54

..........................................................


THE DUBUQUE IA CLIMATE NORMALS FOR TODAY
                         NORMAL    RECORD    YEAR
 MAXIMUM TEMPERATURE (F)   50        78      1910
 MINIMUM TEMPERATURE (F)   31         3      1970


SUNRISE AND SUNSET
MARCH 28 2015.........SUNRISE   653 AM CDT   SUNSET   724 PM CDT
MARCH 29 2015.........SUNRISE   651 AM CDT   SUNSET   725 PM CDT


-  INDICATES NEGATIVE NUMBERS.
R  INDICATES RECORD WAS SET OR TIED.
MM INDICATES DATA IS MISSING.
T  INDICATES TRACE AMOUNT.




$$
