414
CDUS43 KDVN 250919
CLIDBQ


CLIMATE REPORT
NATIONAL WEATHER SERVICE QUAD CITIES IA IL
419 AM CDT WED MAY 25 2016


...................................

...THE DUBUQUE IA CLIMATE SUMMARY FOR MAY 24 2016...

CLIMATE NORMAL PERIOD 1981 TO 2010
CLIMATE RECORD PERIOD 1873 TO 2016


WEATHER ITEM   OBSERVED TIME   RECORD YEAR NORMAL DEPARTURE LAST
                VALUE   (LST)  VALUE       VALUE  FROM      YEAR
                                                  NORMAL
..................................................................
TEMPERATURE (F)
 YESTERDAY
  MAXIMUM         83    537 PM  92    1880  72     11       67
  MINIMUM         59    341 AM  35    1925  51      8       58
  AVERAGE         71                        61     10       63

PRECIPITATION (IN)
  YESTERDAY        0.08          1.45 1922   0.13  -0.05     0.93
  MONTH TO DATE    3.11                      3.22  -0.11     4.01
  SINCE MAR 1      8.65                      9.29  -0.64     6.71
  SINCE JAN 1      9.73                     11.90  -2.17     9.00

SNOWFALL (IN)
  YESTERDAY        0.0          MM      MM   0.0    0.0      0.0
  MONTH TO DATE    0.0                       0.1   -0.1      0.0
  SINCE MAR 1      3.3                       8.4   -5.1      4.1
  SINCE JUL 1     34.8                      42.0   -7.2     33.7
  SNOW DEPTH       0

DEGREE DAYS
 HEATING
  YESTERDAY        0                         5     -5        2
  MONTH TO DATE  229                       195     34      163
  SINCE MAR 1   1490                      1623   -133     1518
  SINCE JUL 1   5967                      7016  -1049     7366

 COOLING
  YESTERDAY        6                         2      4        0
  MONTH TO DATE   10                        18     -8       19
  SINCE MAR 1     13                        23    -10       19
  SINCE JAN 1     13                        23    -10       19
..................................................................


WIND (MPH)
  HIGHEST WIND SPEED    16   HIGHEST WIND DIRECTION    SW (220)
  HIGHEST GUST SPEED    19   HIGHEST GUST DIRECTION    SW (220)
  AVERAGE WIND SPEED     6.2


SKY COVER
  POSSIBLE SUNSHINE  MM
  AVERAGE SKY COVER 0.2


WEATHER CONDITIONS
 THE FOLLOWING WEATHER WAS RECORDED YESTERDAY.
  THUNDERSTORM
  RAIN


RELATIVE HUMIDITY (PERCENT)
 HIGHEST    76          1100 PM
 LOWEST     47           500 PM
 AVERAGE    62

..........................................................


THE DUBUQUE IA CLIMATE NORMALS FOR TODAY
                         NORMAL    RECORD    YEAR
 MAXIMUM TEMPERATURE (F)   72        91      1911
                                             1880
 MINIMUM TEMPERATURE (F)   51        34      1925


SUNRISE AND SUNSET
MAY 25 2016...........SUNRISE   532 AM CDT   SUNSET   828 PM CDT
MAY 26 2016...........SUNRISE   532 AM CDT   SUNSET   829 PM CDT


-  INDICATES NEGATIVE NUMBERS.
R  INDICATES RECORD WAS SET OR TIED.
MM INDICATES DATA IS MISSING.
T  INDICATES TRACE AMOUNT.




$$
