000
CDUS43 KDVN 282220
CLIDBQ


CLIMATE REPORT
NATIONAL WEATHER SERVICE QUAD CITIES IA IL
420 PM CST SAT FEB 28 2015


...................................

...THE DUBUQUE IA CLIMATE SUMMARY FOR FEBRUARY 28 2015...
VALID TODAY AS OF 0400 PM LOCAL TIME.

CLIMATE NORMAL PERIOD 1981 TO 2010
CLIMATE RECORD PERIOD 1873 TO 2015


WEATHER ITEM   OBSERVED TIME   RECORD YEAR NORMAL DEPARTURE LAST
                VALUE   (LST)  VALUE       VALUE  FROM      YEAR
                                                  NORMAL
..................................................................
TEMPERATURE (F)
 TODAY
  MAXIMUM         13    359 PM  62    1895  36    -23       25
  MINIMUM        -17R   715 AM -10    1962  21    -38       -6
  AVERAGE         -2                        28    -30       10

PRECIPITATION (IN)
  TODAY            0.00          0.79 1987   0.06  -0.06     0.10
  MONTH TO DATE    1.36                      1.44  -0.08     1.53
  SINCE DEC 1      3.22                      4.45  -1.23     3.72
  SINCE JAN 1      2.29                      2.61  -0.32     2.48

SNOWFALL (IN)
  TODAY            0.0          MM      MM   0.3   -0.3      1.2
  MONTH TO DATE   15.4                       9.0    6.4     15.3
  SINCE DEC 1     26.1                      30.8   -4.7     47.8
  SINCE JUL 1     29.6                      33.6   -4.0     51.7
  SNOW DEPTH       6

DEGREE DAYS
 HEATING
  TODAY           67                        37     30       55
  MONTH TO DATE 1521                      1156    365     1534
  SINCE DEC 1   4067                      3893    174     4777
  SINCE JUL 1   5849                      5393    456     6376

 COOLING
  TODAY            0                         0      0        0
  MONTH TO DATE    0                         0      0        0
  SINCE DEC 1      0                         0      0        0
  SINCE JAN 1      0                         0      0        0
..................................................................


WIND (MPH)
  HIGHEST WIND SPEED    14   HIGHEST WIND DIRECTION     S (170)
  HIGHEST GUST SPEED    15   HIGHEST GUST DIRECTION     S (170)
  AVERAGE WIND SPEED     4.3


SKY COVER
  POSSIBLE SUNSHINE  MM
  AVERAGE SKY COVER 0.1


WEATHER CONDITIONS
 THE FOLLOWING WEATHER WAS RECORDED TODAY.
  FOG
  HAZE


RELATIVE HUMIDITY (PERCENT)
 HIGHEST    86           300 AM
 LOWEST     61           100 PM
 AVERAGE    74

..........................................................


THE DUBUQUE IA CLIMATE NORMALS FOR TOMORROW
                         NORMAL    RECORD    YEAR
 MAXIMUM TEMPERATURE (F)   37        63      1992
                                             1923
 MINIMUM TEMPERATURE (F)   21       -20      1962


SUNRISE AND SUNSET
FEBRUARY 28 2015......SUNRISE   640 AM CST   SUNSET   551 PM CST
MARCH  1 2015.........SUNRISE   639 AM CST   SUNSET   552 PM CST


-  INDICATES NEGATIVE NUMBERS.
R  INDICATES RECORD WAS SET OR TIED.
MM INDICATES DATA IS MISSING.
T  INDICATES TRACE AMOUNT.




$$
