000
CDUS43 KDVN 010921
CLIDBQ


CLIMATE REPORT
NATIONAL WEATHER SERVICE QUAD CITIES IA IL
420 AM CDT SUN MAY 1 2016


...................................

...THE DUBUQUE IA CLIMATE SUMMARY FOR APRIL 30 2016...

CLIMATE NORMAL PERIOD 1981 TO 2010
CLIMATE RECORD PERIOD 1873 TO 2016


WEATHER ITEM   OBSERVED TIME   RECORD YEAR NORMAL DEPARTURE LAST
                VALUE   (LST)  VALUE       VALUE  FROM      YEAR
                                                  NORMAL
..................................................................
TEMPERATURE (F)
 YESTERDAY
  MAXIMUM         47    108 PM  89    1952  64    -17       62
  MINIMUM         42   1054 PM  28    1956  43     -1       38
                                      1903
  AVERAGE         45                        54     -9       50

PRECIPITATION (IN)
  YESTERDAY        0.69          2.29 1899   0.14   0.55     0.00
  MONTH TO DATE    2.52                      3.66  -1.14     1.90
  SINCE MAR 1      5.54                      6.07  -0.53     2.70
  SINCE JAN 1      6.62                      8.68  -2.06     4.99

SNOWFALL (IN)
  YESTERDAY        0.0          MM      MM   0.0    0.0      0.0
  MONTH TO DATE    0.5                       2.0   -1.5      0.0
  SINCE MAR 1      3.3                       8.3   -5.0      4.1
  SINCE JUL 1     34.8                      41.9   -7.1     33.7
  SNOW DEPTH       0

DEGREE DAYS
 HEATING
  YESTERDAY       20                        12      8       15
  MONTH TO DATE  516                       510      6      443
  SINCE MAR 1   1261                      1428   -167     1355
  SINCE JUL 1   5738                      6821  -1083     7203

 COOLING
  YESTERDAY        0                         0      0        0
  MONTH TO DATE    3                         5     -2        0
  SINCE MAR 1      3                         5     -2        0
  SINCE JAN 1      3                         5     -2        0
..................................................................


WIND (MPH)
  HIGHEST WIND SPEED    29   HIGHEST WIND DIRECTION    NE (60)
  HIGHEST GUST SPEED    41   HIGHEST GUST DIRECTION    NE (50)
  AVERAGE WIND SPEED    15.8


SKY COVER
  POSSIBLE SUNSHINE  MM
  AVERAGE SKY COVER 0.9


WEATHER CONDITIONS
 THE FOLLOWING WEATHER WAS RECORDED YESTERDAY.
  HEAVY RAIN
  RAIN
  LIGHT RAIN
  FOG
  HAZE


RELATIVE HUMIDITY (PERCENT)
 HIGHEST    96           700 PM
 LOWEST     83           600 AM
 AVERAGE    90

..........................................................


THE DUBUQUE IA CLIMATE NORMALS FOR TODAY
                         NORMAL    RECORD    YEAR
 MAXIMUM TEMPERATURE (F)   64        88      1952
                                             1887
 MINIMUM TEMPERATURE (F)   43        28      1994
                                             1978


SUNRISE AND SUNSET
MAY  1 2016...........SUNRISE   557 AM CDT   SUNSET   803 PM CDT
MAY  2 2016...........SUNRISE   556 AM CDT   SUNSET   804 PM CDT


-  INDICATES NEGATIVE NUMBERS.
R  INDICATES RECORD WAS SET OR TIED.
MM INDICATES DATA IS MISSING.
T  INDICATES TRACE AMOUNT.




$$
