000
CDUS43 KDVN 211019
CLIDBQ


CLIMATE REPORT
NATIONAL WEATHER SERVICE QUAD CITIES IA IL
418 AM CST SUN DEC 21 2014


...................................

...THE DUBUQUE IA CLIMATE SUMMARY FOR DECEMBER 20 2014...

CLIMATE NORMAL PERIOD 1981 TO 2010
CLIMATE RECORD PERIOD 1873 TO 2014


WEATHER ITEM   OBSERVED TIME   RECORD YEAR NORMAL DEPARTURE LAST
                VALUE   (LST)  VALUE       VALUE  FROM      YEAR
                                                  NORMAL
..................................................................
TEMPERATURE (F)
 YESTERDAY
  MAXIMUM         31   1159 PM  64    1877  29      2       29
  MINIMUM         26    731 AM -14    1983  14     12       21
                                      1963
  AVERAGE         29                        21      8       25

PRECIPITATION (IN)
  YESTERDAY        0.00          0.98 1887   0.05  -0.05     0.03
  MONTH TO DATE    0.47                      1.31  -0.84     0.46
  SINCE DEC 1      0.47                      1.31  -0.84     0.46
  SINCE JAN 1     36.99                     35.76   1.23    37.27

SNOWFALL (IN)
  YESTERDAY        0.0          MM      MM   0.4   -0.4       T
  MONTH TO DATE    T                         7.6   -7.6      6.4
  SINCE DEC 1      T                         7.6   -7.6      6.4
  SINCE JUL 1      3.5                      10.4   -6.9     10.3
  SNOW DEPTH       0

DEGREE DAYS
 HEATING
  YESTERDAY       36                        44     -8       40
  MONTH TO DATE  729                       816    -87      947
  SINCE DEC 1    729                       816    -87      947
  SINCE JUL 1   2511                      2316    195     2546

 COOLING
  YESTERDAY        0                         0      0        0
  MONTH TO DATE    0                         0      0        0
  SINCE DEC 1      0                         0      0        0
  SINCE JAN 1    526                       643   -117      640
..................................................................


WIND (MPH)
  HIGHEST WIND SPEED    14   HIGHEST WIND DIRECTION     S (160)
  HIGHEST GUST SPEED    16   HIGHEST GUST DIRECTION    SE (140)
  AVERAGE WIND SPEED     7.9


SKY COVER
  POSSIBLE SUNSHINE  MM
  AVERAGE SKY COVER 1.0


WEATHER CONDITIONS
 THE FOLLOWING WEATHER WAS RECORDED YESTERDAY.
  FOG
  HAZE


RELATIVE HUMIDITY (PERCENT)
 HIGHEST   100           800 PM
 LOWEST     78          1200 PM
 AVERAGE    89

..........................................................


THE DUBUQUE IA CLIMATE NORMALS FOR TODAY
                         NORMAL    RECORD    YEAR
 MAXIMUM TEMPERATURE (F)   28        61      1877
 MINIMUM TEMPERATURE (F)   14       -21      1989


SUNRISE AND SUNSET
DECEMBER 21 2014......SUNRISE   729 AM CST   SUNSET   433 PM CST
DECEMBER 22 2014......SUNRISE   729 AM CST   SUNSET   434 PM CST


-  INDICATES NEGATIVE NUMBERS.
R  INDICATES RECORD WAS SET OR TIED.
MM INDICATES DATA IS MISSING.
T  INDICATES TRACE AMOUNT.




$$
