000
CDUS41 KLWX 142124
CLIDCA


CLIMATE REPORT
NATIONAL WEATHER SERVICE BALTIMORE MD/WASHINGTON DC
424 PM EST SUN FEB 14 2016


...................................

...THE WASHINGTON NATIONAL DC CLIMATE SUMMARY FOR FEBRUARY 14 2016...
VALID TODAY AS OF 0400 PM LOCAL TIME.

CLIMATE NORMAL PERIOD 1981 TO 2010
CLIMATE RECORD PERIOD 1871 TO 2016


WEATHER ITEM   OBSERVED TIME   RECORD YEAR NORMAL DEPARTURE
                VALUE   (LST)  VALUE       VALUE  FROM
                                                  NORMAL
...............................................................
TEMPERATURE (F)
 TODAY
  MAXIMUM         26    329 PM  73    1990  47    -21
  MINIMUM         13    715 AM   4    1905  31    -18
  AVERAGE         20                        39    -19

PRECIPITATION (IN)
  TODAY            0.00          0.98 1940   0.10  -0.10
  MONTH TO DATE    0.91                      1.32  -0.41
  SINCE DEC 1      8.43                      7.18   1.25
  SINCE JAN 1      3.59                      4.13  -0.54

SNOWFALL (IN)
  TODAY            0.0           4.9  1885   0.2   -0.2
  MONTH TO DATE    0.1                       3.2   -3.1
  SINCE JUL 1     18.9                      11.6    7.3
  SNOW DEPTH       0

DEGREE DAYS
 HEATING
  TODAY           45                               19
  MONTH TO DATE  399                               17
  SINCE DEC 1   1743                             -324
  SINCE JUL 1   2278                             -484

 COOLING
  TODAY            0                                0
  MONTH TO DATE    0                                0
  SINCE DEC 1      1                                1
  SINCE JAN 1      0                                0
...............................................................


WIND (MPH)
  HIGHEST WIND SPEED    17   HIGHEST WIND DIRECTION    NW (320)
  HIGHEST GUST SPEED    22   HIGHEST GUST DIRECTION    NW (320)
  AVERAGE WIND SPEED     9.0




RELATIVE HUMIDITY (PERCENT)
 HIGHEST    53
 LOWEST     32
 AVERAGE    43

..........................................................


THE WASHINGTON NATIONAL DC CLIMATE NORMALS FOR TOMORROW
                         NORMAL    RECORD    YEAR
 MAXIMUM TEMPERATURE (F)   47        77      1949
 MINIMUM TEMPERATURE (F)   31        -6      1899


SUNRISE AND SUNSET
FEBRUARY 14 2016......SUNRISE   701 AM EST   SUNSET   544 PM EST
FEBRUARY 15 2016......SUNRISE   700 AM EST   SUNSET   545 PM EST


-  INDICATES NEGATIVE NUMBERS.
R  INDICATES RECORD WAS SET OR TIED.
MM INDICATES DATA IS MISSING.
T  INDICATES TRACE AMOUNT.




$$
