000
CDUS41 KALY 190622
CLIDDH


CLIMATE REPORT
NATIONAL WEATHER SERVICE ALBANY NY
222 AM EDT THU OCT 19 2017


...................................

...THE BENNINGTON VT CLIMATE SUMMARY FOR OCTOBER 18 2017...

CLIMATE NORMAL PERIOD 1981 TO 2010
CLIMATE RECORD PERIOD 9999 TO 9999


WEATHER ITEM   OBSERVED TIME   NORMAL DEPARTURE LAST
                VALUE   (LST)  VALUE  FROM      YEAR
                                      NORMAL
......................................................
TEMPERATURE (F)
 YESTERDAY
  MAXIMUM         69    345 PM  58     11       82
  MINIMUM         33    636 AM  36     -3       56
  AVERAGE         51            47      4       69

PRECIPITATION (IN)
  YESTERDAY        0.00          0.12  -0.12     0.06
  MONTH TO DATE    0.74          2.25  -1.51     0.68
  SINCE SEP 1      4.24          5.82  -1.58     3.71
  SINCE JAN 1     36.59         33.36   3.23    25.02

DEGREE DAYS
 HEATING
  YESTERDAY       14            18     -4        0
  MONTH TO DATE  166           277   -111      196
  SINCE SEP 1    302           483   -181      319
  SINCE JUL 1    369           555   -186      341

 COOLING
  YESTERDAY        0             0      0        4
  MONTH TO DATE    8             0      8        4
  SINCE SEP 1     84            23     61       49
  SINCE JAN 1    391           311     80      488
......................................................


WIND (MPH)
  HIGHEST WIND SPEED     9   HIGHEST WIND DIRECTION     W (260)
  HIGHEST GUST SPEED    12   HIGHEST GUST DIRECTION     W (270)
  AVERAGE WIND SPEED     1.5


SKY COVER
  AVERAGE SKY COVER 0.1



RELATIVE HUMIDITY (PERCENT)
 HIGHEST    92           700 AM
 LOWEST     42           200 PM
 AVERAGE    67

..........................................................


THE BENNINGTON VT CLIMATE NORMALS FOR TODAY
                         NORMAL
 MAXIMUM TEMPERATURE (F)   58
 MINIMUM TEMPERATURE (F)   35


SUNRISE AND SUNSET
OCTOBER 19 2017.......SUNRISE   711 AM EDT   SUNSET   604 PM EDT
OCTOBER 20 2017.......SUNRISE   713 AM EDT   SUNSET   602 PM EDT


-  INDICATES NEGATIVE NUMBERS.
R  INDICATES RECORD WAS SET OR TIED.
MM INDICATES DATA IS MISSING.
T  INDICATES TRACE AMOUNT.




$$
