000
CDUS41 KALY 220625
CLIDDH


CLIMATE REPORT
NATIONAL WEATHER SERVICE ALBANY NY
225 AM EDT TUE JUL 22 2014


...................................

...THE BENNINGTON VT CLIMATE SUMMARY FOR JULY 21 2014...

CLIMATE NORMAL PERIOD 1981 TO 2010
CLIMATE RECORD PERIOD 9999 TO 9999


WEATHER ITEM   OBSERVED TIME   NORMAL DEPARTURE LAST
                VALUE   (LST)  VALUE  FROM      YEAR
                                      NORMAL
......................................................
TEMPERATURE (F)
 YESTERDAY
  MAXIMUM         83    224 PM  80      3       81
  MINIMUM         56    518 AM  57     -1       57
  AVERAGE         70            68      2       69

PRECIPITATION (IN)
  YESTERDAY        T             0.15  -0.15     0.00
  MONTH TO DATE    4.65          2.91   1.74     2.55
  SINCE JUN 1      7.98          7.04   0.94     9.84
  SINCE JAN 1     20.81         22.11  -1.30    24.31

DEGREE DAYS
 HEATING
  YESTERDAY        0             1     -1        0
  MONTH TO DATE    6            21    -15        0
  SINCE JUN 1     53           118    -65      100
  SINCE JUL 1      6            21    -15        0

 COOLING
  YESTERDAY        5             4      1        4
  MONTH TO DATE   95            83     12      226
  SINCE JUN 1    157           141     16      324
  SINCE JAN 1    173           155     18      356
......................................................


WIND (MPH)
  HIGHEST WIND SPEED     7   HIGHEST WIND DIRECTION     W (290)
  HIGHEST GUST SPEED    11   HIGHEST GUST DIRECTION    SE (120)
  AVERAGE WIND SPEED     2.1


SKY COVER
  AVERAGE SKY COVER 0.2



RELATIVE HUMIDITY (PERCENT)
 HIGHEST    93           500 AM
 LOWEST     51           300 PM
 AVERAGE    72

..........................................................


THE BENNINGTON VT CLIMATE NORMALS FOR TODAY
                         NORMAL
 MAXIMUM TEMPERATURE (F)   80
 MINIMUM TEMPERATURE (F)   57


SUNRISE AND SUNSET
JULY 22 2014..........SUNRISE   534 AM EDT   SUNSET   824 PM EDT
JULY 23 2014..........SUNRISE   535 AM EDT   SUNSET   823 PM EDT


-  INDICATES NEGATIVE NUMBERS.
R  INDICATES RECORD WAS SET OR TIED.
MM INDICATES DATA IS MISSING.
T  INDICATES TRACE AMOUNT.




$$
