000
CDUS41 KALY 300626
CLIDDH


CLIMATE REPORT
NATIONAL WEATHER SERVICE ALBANY NY
225 AM EDT SUN APR 30 2017


...................................

...THE BENNINGTON VT CLIMATE SUMMARY FOR APRIL 29 2017...

CLIMATE NORMAL PERIOD 1981 TO 2010
CLIMATE RECORD PERIOD 9999 TO 9999


WEATHER ITEM   OBSERVED TIME   NORMAL DEPARTURE LAST
                VALUE   (LST)  VALUE  FROM      YEAR
                                      NORMAL
......................................................
TEMPERATURE (F)
 YESTERDAY
  MAXIMUM         73    941 AM  62     11       62
  MINIMUM         49   1155 PM  39     10       36
  AVERAGE         61            50     11       49

PRECIPITATION (IN)
  YESTERDAY        0.00          0.11  -0.11     0.00
  MONTH TO DATE    2.35          3.15  -0.80     2.63
  SINCE MAR 1      5.46          6.30  -0.84     5.09
  SINCE JAN 1      9.09         11.29  -2.20    10.13

DEGREE DAYS
 HEATING
  YESTERDAY        4            15    -11       16
  MONTH TO DATE  420           573   -153      634
  SINCE MAR 1   1526          1557    -31     1398
  SINCE JUL 1   6061          6808   -747     5731

 COOLING
  YESTERDAY        0             0      0        0
  MONTH TO DATE    3             0      3        1
  SINCE MAR 1      3             0      3        1
  SINCE JAN 1      3             0      3        1
......................................................


WIND (MPH)
  HIGHEST WIND SPEED    20   HIGHEST WIND DIRECTION     W (270)
  HIGHEST GUST SPEED    31   HIGHEST GUST DIRECTION     W (250)
  AVERAGE WIND SPEED     6.6


SKY COVER
  AVERAGE SKY COVER 0.8



RELATIVE HUMIDITY (PERCENT)
 HIGHEST    83           400 AM
 LOWEST     41           900 AM
 AVERAGE    62

..........................................................


THE BENNINGTON VT CLIMATE NORMALS FOR TODAY
                         NORMAL
 MAXIMUM TEMPERATURE (F)   63
 MINIMUM TEMPERATURE (F)   39


SUNRISE AND SUNSET
APRIL 30 2017.........SUNRISE   548 AM EDT   SUNSET   753 PM EDT
MAY  1 2017...........SUNRISE   547 AM EDT   SUNSET   754 PM EDT


-  INDICATES NEGATIVE NUMBERS.
R  INDICATES RECORD WAS SET OR TIED.
MM INDICATES DATA IS MISSING.
T  INDICATES TRACE AMOUNT.




$$
