000
CDUS43 KILX 270703
CLIDEC


CLIMATE REPORT
NATIONAL WEATHER SERVICE LINCOLN IL
203 AM CDT MON MAR 27 2017


...................................

...THE DECATUR IL AIRPORT CLIMATE SUMMARY FOR MARCH 26 2017...

CLIMATE NORMAL PERIOD 1981 TO 2010
CLIMATE RECORD PERIOD 9999 TO 9999


WEATHER ITEM   OBSERVED TIME   RECORD YEAR NORMAL DEPARTURE LAST
                VALUE   (LST)  VALUE       VALUE  FROM      YEAR
                                                  NORMAL
..................................................................
TEMPERATURE (F)
 YESTERDAY
  MAXIMUM         58   1146 AM  MM      MM  56      2       62
  MINIMUM         46   1143 PM  MM      MM  35     11       31
  AVERAGE         52                        45      7       47

PRECIPITATION (IN)
  YESTERDAY        T            MM      MM   0.09  -0.09     0.00
  MONTH TO DATE    1.24                      2.16  -0.92     1.90
  SINCE MAR 1      1.24                      2.16  -0.92     1.90
  SINCE JAN 1      3.34                      5.88  -2.54     3.09

DEGREE DAYS
 HEATING
  YESTERDAY       13                        20     -7       18
  MONTH TO DATE  586                       633    -47      433
  SINCE MAR 1    586                       633    -47      433
  SINCE JUL 1   3945                      4890   -945     3925

 COOLING
  YESTERDAY        0                         0      0        0
  MONTH TO DATE    0                         0      0        0
  SINCE MAR 1      0                         0      0        0
  SINCE JAN 1      0                         0      0        0
..................................................................


WIND (MPH)
  HIGHEST WIND SPEED    21   HIGHEST WIND DIRECTION    SW (230)
  HIGHEST GUST SPEED    26   HIGHEST GUST DIRECTION    SW (230)
  AVERAGE WIND SPEED     9.8


SKY COVER
  POSSIBLE SUNSHINE  MM
  AVERAGE SKY COVER 0.8


WEATHER CONDITIONS
 THE FOLLOWING WEATHER WAS RECORDED YESTERDAY.
  LIGHT RAIN


RELATIVE HUMIDITY (PERCENT)
 HIGHEST    93           200 AM
 LOWEST     72          1100 AM
 AVERAGE    83

..........................................................


THE DECATUR IL AIRPORT CLIMATE NORMALS FOR TODAY
                         NORMAL    RECORD    YEAR
 MAXIMUM TEMPERATURE (F)   56        MM        MM
 MINIMUM TEMPERATURE (F)   35        MM        MM


SUNRISE AND SUNSET
MARCH 27 2017.........SUNRISE   647 AM CDT   SUNSET   715 PM CDT
MARCH 28 2017.........SUNRISE   646 AM CDT   SUNSET   716 PM CDT


-  INDICATES NEGATIVE NUMBERS.
R  INDICATES RECORD WAS SET OR TIED.
MM INDICATES DATA IS MISSING.
T  INDICATES TRACE AMOUNT.




$$
