000
CDUS43 KILX 030651
CLIDEC


CLIMATE REPORT
NATIONAL WEATHER SERVICE LINCOLN IL
151 AM CDT TUE MAY 3 2016


...................................

...THE DECATUR IL AIRPORT CLIMATE SUMMARY FOR MAY 2 2016...

CLIMATE NORMAL PERIOD 1981 TO 2010
CLIMATE RECORD PERIOD 9999 TO 9999


WEATHER ITEM   OBSERVED TIME   RECORD YEAR NORMAL DEPARTURE LAST
                VALUE   (LST)  VALUE       VALUE  FROM      YEAR
                                                  NORMAL
..................................................................
TEMPERATURE (F)
 YESTERDAY
  MAXIMUM         57    340 PM  MM      MM  70    -13       76
  MINIMUM         50   1159 PM  MM      MM  47      3       45
  AVERAGE         54                        59     -5       61

PRECIPITATION (IN)
  YESTERDAY        0.00         MM      MM   0.16  -0.16     0.00
  MONTH TO DATE    0.00                      0.32  -0.32     0.00
  SINCE MAR 1      6.52                      6.76  -0.24     3.63
  SINCE JAN 1      7.71                     10.48  -2.77     4.88

DEGREE DAYS
 HEATING
  YESTERDAY       11                         7      4        4
  MONTH TO DATE   15                        14      1       17
  SINCE MAR 1    870                      1120   -250     1107
  SINCE JUL 1   4362                      5377  -1015     5753

 COOLING
  YESTERDAY        0                         1     -1        0
  MONTH TO DATE    0                         2     -2        0
  SINCE MAR 1      7                        16     -9        3
  SINCE JAN 1      7                        16     -9        3
..................................................................


WIND (MPH)
  HIGHEST WIND SPEED    15   HIGHEST WIND DIRECTION    NW (330)
  HIGHEST GUST SPEED    20   HIGHEST GUST DIRECTION    NW (330)
  AVERAGE WIND SPEED     8.8


SKY COVER
  POSSIBLE SUNSHINE  MM
  AVERAGE SKY COVER 1.0


WEATHER CONDITIONS
 THE FOLLOWING WEATHER WAS RECORDED YESTERDAY.
  FOG
  HAZE


RELATIVE HUMIDITY (PERCENT)
 HIGHEST    89           100 AM
 LOWEST     71          1100 PM
 AVERAGE    80

..........................................................


THE DECATUR IL AIRPORT CLIMATE NORMALS FOR TODAY
                         NORMAL    RECORD    YEAR
 MAXIMUM TEMPERATURE (F)   70        MM        MM
 MINIMUM TEMPERATURE (F)   48        MM        MM


SUNRISE AND SUNSET
MAY  3 2016...........SUNRISE   553 AM CDT   SUNSET   752 PM CDT
MAY  4 2016...........SUNRISE   552 AM CDT   SUNSET   753 PM CDT


-  INDICATES NEGATIVE NUMBERS.
R  INDICATES RECORD WAS SET OR TIED.
MM INDICATES DATA IS MISSING.
T  INDICATES TRACE AMOUNT.




$$
