525
CDUS43 KILX 180655
CLIDEC


CLIMATE REPORT
NATIONAL WEATHER SERVICE LINCOLN IL
1249 AM CST SUN FEB 18 2018


...................................

...THE DECATUR IL AIRPORT CLIMATE SUMMARY FOR FEBRUARY 17 2018...

CLIMATE NORMAL PERIOD 1981 TO 2010
CLIMATE RECORD PERIOD 9999 TO 9999


WEATHER ITEM   OBSERVED TIME   RECORD YEAR NORMAL DEPARTURE LAST
                VALUE   (LST)  VALUE       VALUE  FROM      YEAR
                                                  NORMAL
..................................................................
TEMPERATURE (F)
 YESTERDAY
  MAXIMUM         37    525 PM  MM      MM  40     -3       70
  MINIMUM         20    226 AM  MM      MM  23     -3       42
  AVERAGE         29                        32     -3       56

PRECIPITATION (IN)
  YESTERDAY        0.06         MM      MM   0.07  -0.01     0.00
  MONTH TO DATE    0.10                      1.15  -1.05     0.29
  SINCE DEC 1      1.25                      5.43  -4.18     2.63
  SINCE JAN 1      1.13                      2.89  -1.76     1.94

DEGREE DAYS
 HEATING
  YESTERDAY       36                        33      3        9
  MONTH TO DATE  652                       604     48      484
  SINCE DEC 1   2971                      2830    141     2504
  SINCE JUL 1   3913                      3911      2     3200

 COOLING
  YESTERDAY        0                         0      0        0
  MONTH TO DATE    0                         0      0        0
  SINCE DEC 1      0                         0      0        0
  SINCE JAN 1      0                         0      0        0
..................................................................


WIND (MPH)
  HIGHEST WIND SPEED    21   HIGHEST WIND DIRECTION     W (280)
  HIGHEST GUST SPEED    28   HIGHEST GUST DIRECTION     W (290)
  AVERAGE WIND SPEED     9.0


SKY COVER
  POSSIBLE SUNSHINE  MM
  AVERAGE SKY COVER 0.5


WEATHER CONDITIONS
 THE FOLLOWING WEATHER WAS RECORDED YESTERDAY.
  LIGHT SNOW
  FOG


RELATIVE HUMIDITY (PERCENT)
 HIGHEST   100           200 PM
 LOWEST     84          1200 AM
 AVERAGE    92

..........................................................


THE DECATUR IL AIRPORT CLIMATE NORMALS FOR TODAY
                         NORMAL    RECORD    YEAR
 MAXIMUM TEMPERATURE (F)   40        MM        MM
 MINIMUM TEMPERATURE (F)   24        MM        MM


SUNRISE AND SUNSET
FEBRUARY 18 2018......SUNRISE   644 AM CST   SUNSET   535 PM CST
FEBRUARY 19 2018......SUNRISE   643 AM CST   SUNSET   536 PM CST


-  INDICATES NEGATIVE NUMBERS.
R  INDICATES RECORD WAS SET OR TIED.
MM INDICATES DATA IS MISSING.
T  INDICATES TRACE AMOUNT.




$$
