000
CDUS43 KILX 252244
CLIDEC


CLIMATE REPORT
NATIONAL WEATHER SERVICE LINCOLN IL
433 PM CST THU DEC 25 2014


...................................

...THE DECATUR IL AIRPORT CLIMATE SUMMARY FOR DECEMBER 25 2014...
VALID TODAY AS OF 0400 PM LOCAL TIME.

CLIMATE NORMAL PERIOD 1981 TO 2010
CLIMATE RECORD PERIOD 9999 TO 9999


WEATHER ITEM   OBSERVED TIME   RECORD YEAR NORMAL DEPARTURE LAST
                VALUE   (LST)  VALUE       VALUE  FROM      YEAR
                                                  NORMAL
..................................................................
TEMPERATURE (F)
 TODAY
  MAXIMUM         47    320 PM  MM      MM  37     10       32
  MINIMUM         36    814 AM  MM      MM  21     15       21
  AVERAGE         42                        29     13       27

PRECIPITATION (IN)
  TODAY            T            MM      MM   0.09  -0.09     0.00
  MONTH TO DATE    1.82                      2.00  -0.18     1.54
  SINCE DEC 1      1.82                      2.00  -0.18     1.54
  SINCE JAN 1     36.70                     37.91  -1.21    33.56

DEGREE DAYS
 HEATING
  TODAY           23                        36    -13       38
  MONTH TO DATE  744                       837    -93      913
  SINCE DEC 1    744                       837    -93      913
  SINCE JUL 1   2017                      1918     99     2061

 COOLING
  TODAY            0                         0      0        0
  MONTH TO DATE    0                         0      0        0
  SINCE DEC 1      0                         0      0        0
  SINCE JAN 1   1011                      1048    -37     1079
..................................................................


WIND (MPH)
  HIGHEST WIND SPEED    21   HIGHEST WIND DIRECTION    SW (210)
  HIGHEST GUST SPEED    27   HIGHEST GUST DIRECTION    SW (220)
  AVERAGE WIND SPEED    13.3


SKY COVER
  POSSIBLE SUNSHINE  MM
  AVERAGE SKY COVER 0.6


WEATHER CONDITIONS
 THE FOLLOWING WEATHER WAS RECORDED TODAY.
  LIGHT SNOW


RELATIVE HUMIDITY (PERCENT)
 HIGHEST    82          1200 AM
 LOWEST     60           200 PM
 AVERAGE    71

..........................................................


THE DECATUR IL AIRPORT CLIMATE NORMALS FOR TOMORROW
                         NORMAL    RECORD    YEAR
 MAXIMUM TEMPERATURE (F)   36        MM        MM
 MINIMUM TEMPERATURE (F)   21        MM        MM


SUNRISE AND SUNSET
DECEMBER 25 2014......SUNRISE   715 AM CST   SUNSET   436 PM CST
DECEMBER 26 2014......SUNRISE   715 AM CST   SUNSET   437 PM CST


-  INDICATES NEGATIVE NUMBERS.
R  INDICATES RECORD WAS SET OR TIED.
MM INDICATES DATA IS MISSING.
T  INDICATES TRACE AMOUNT.




$$
