000
CDUS43 KILX 030649
CLIDEC


CLIMATE REPORT
NATIONAL WEATHER SERVICE LINCOLN IL
148 AM CDT WED SEP 3 2014


...................................

...THE DECATUR IL AIRPORT CLIMATE SUMMARY FOR SEPTEMBER 2 2014...

CLIMATE NORMAL PERIOD 1981 TO 2010
CLIMATE RECORD PERIOD 9999 TO 9999


WEATHER ITEM   OBSERVED TIME   RECORD YEAR NORMAL DEPARTURE LAST
                VALUE   (LST)  VALUE       VALUE  FROM      YEAR
                                                  NORMAL
..................................................................
TEMPERATURE (F)
 YESTERDAY
  MAXIMUM         81    505 PM  MM      MM  83     -2       85
  MINIMUM         68    337 AM  MM      MM  60      8       62
  AVERAGE         75                        71      4       74

PRECIPITATION (IN)
  YESTERDAY        0.20         MM      MM   0.12   0.08     0.00
  MONTH TO DATE    0.58                      0.26   0.32     0.00
  SINCE SEP 1      0.58                      0.26   0.32     0.00
  SINCE JAN 1     24.51                     26.57  -2.06    26.37

DEGREE DAYS
 HEATING
  YESTERDAY        0                         0      0        0
  MONTH TO DATE    0                         0      0        0
  SINCE SEP 1      0                         0      0        0
  SINCE JUL 1      2                         6     -4       10

 COOLING
  YESTERDAY       10                         7      3        9
  MONTH TO DATE   22                        14      8       20
  SINCE SEP 1     22                        14      8       20
  SINCE JAN 1    926                       932     -6      892
..................................................................


WIND (MPH)
  HIGHEST WIND SPEED    14   HIGHEST WIND DIRECTION     S (190)
  HIGHEST GUST SPEED    17   HIGHEST GUST DIRECTION     S (190)
  AVERAGE WIND SPEED     6.1


SKY COVER
  POSSIBLE SUNSHINE  MM
  AVERAGE SKY COVER 0.6


WEATHER CONDITIONS
 THE FOLLOWING WEATHER WAS RECORDED YESTERDAY.
  LIGHT RAIN
  FOG


RELATIVE HUMIDITY (PERCENT)
 HIGHEST    97          1200 AM
 LOWEST     62           300 PM
 AVERAGE    80

..........................................................


THE DECATUR IL AIRPORT CLIMATE NORMALS FOR TODAY
                         NORMAL    RECORD    YEAR
 MAXIMUM TEMPERATURE (F)   83        MM        MM
 MINIMUM TEMPERATURE (F)   60        MM        MM


SUNRISE AND SUNSET
SEPTEMBER  3 2014.....SUNRISE   625 AM CDT   SUNSET   724 PM CDT
SEPTEMBER  4 2014.....SUNRISE   626 AM CDT   SUNSET   722 PM CDT


-  INDICATES NEGATIVE NUMBERS.
R  INDICATES RECORD WAS SET OR TIED.
MM INDICATES DATA IS MISSING.
T  INDICATES TRACE AMOUNT.




$$
