000
CDUS45 KBOU 262331
CLIDEN


CLIMATE REPORT
NATIONAL WEATHER SERVICE DENVER CO
530 PM MDT TUE MAY 26 2015


...................................

...THE DENVER CO CLIMATE SUMMARY FOR MAY 26 2015...
VALID TODAY AS OF 0500 PM LOCAL TIME.

CLIMATE NORMAL PERIOD 1981 TO 2010
CLIMATE RECORD PERIOD 1872 TO 2015


WEATHER ITEM   OBSERVED TIME   RECORD YEAR NORMAL DEPARTURE LAST
                VALUE   (LST)  VALUE       VALUE  FROM      YEAR
                                                  NORMAL
..................................................................
TEMPERATURE (F)
 TODAY
  MAXIMUM         71    206 PM  95    1942  75     -4       75
  MINIMUM         46    440 AM  32    1950  46      0       50
  AVERAGE         59                        61     -2       63

PRECIPITATION (IN)
  TODAY            T             1.02 1967   0.07  -0.07      T
  MONTH TO DATE    3.72                      1.74   1.98     3.46
  SINCE MAR 1      7.16                      4.37   2.79     5.53
  SINCE JAN 1      8.79                      5.15   3.64     6.66

DEGREE DAYS
 HEATING
  TODAY            6                         5      1        2
  MONTH TO DATE  345                       240    105      242
  SINCE MAR 1   1437                      1532    -95     1453
  SINCE JUL 1   5550                      5971   -421     5972

 COOLING
  TODAY            0                         1     -1        0
  MONTH TO DATE    0                        11    -11        6
  SINCE MAR 1      0                        12    -12        6
  SINCE JAN 1      0                        12    -12        6
..................................................................


WIND (MPH)
  HIGHEST WIND SPEED    26   HIGHEST WIND DIRECTION    NW (320)
  HIGHEST GUST SPEED    37   HIGHEST GUST DIRECTION     W (270)
  AVERAGE WIND SPEED     7.6


SKY COVER **
  POSSIBLE SUNSHINE  MM
  AVERAGE SKY COVER 0.7


WEATHER CONDITIONS
 THE FOLLOWING WEATHER WAS RECORDED TODAY.
  THUNDERSTORM
  LIGHT RAIN


RELATIVE HUMIDITY (PERCENT)
 HIGHEST    86           300 AM
 LOWEST     33           200 PM
 AVERAGE    60

..........................................................


THE DENVER CO CLIMATE NORMALS FOR TOMORROW
                         NORMAL    RECORD    YEAR
 MAXIMUM TEMPERATURE (F)   76        93      2006
 MINIMUM TEMPERATURE (F)   46        34      1950


SUNRISE AND SUNSET
MAY 26 2015...........SUNRISE   536 AM MST   SUNSET   815 PM MST
MAY 27 2015...........SUNRISE   535 AM MST   SUNSET   816 PM MST


-  INDICATES NEGATIVE NUMBERS.
R  INDICATES RECORD WAS SET OR TIED.
MM INDICATES DATA IS MISSING.
T  INDICATES TRACE AMOUNT.




$$
