000
CDUS45 KBOU 132332
CLIDEN


CLIMATE REPORT
NATIONAL WEATHER SERVICE DENVER CO
532 PM MDT SUN JUL 13 2014


...................................

...THE DENVER CO CLIMATE SUMMARY FOR JULY 13 2014...
VALID TODAY AS OF 0500 PM LOCAL TIME.

CLIMATE NORMAL PERIOD 1981 TO 2010
CLIMATE RECORD PERIOD 1872 TO 2014


WEATHER ITEM   OBSERVED TIME   RECORD YEAR NORMAL DEPARTURE LAST
                VALUE   (LST)  VALUE       VALUE  FROM      YEAR
                                                  NORMAL
..................................................................
TEMPERATURE (F)
 TODAY
  MAXIMUM         85    250 PM 100    2003  90     -5       94
  MINIMUM         59    155 AM  47    1987  59      0       63
  AVERAGE         72                        74     -2       79

PRECIPITATION (IN)
  TODAY            0.00          1.03 2011   0.07  -0.07     0.50
  MONTH TO DATE    0.57                      0.76  -0.19     0.61
  SINCE JUN 1      2.39                      2.74  -0.35     1.36
  SINCE JAN 1      9.10                      8.27   0.83     6.60

DEGREE DAYS
 HEATING
  TODAY            0                         0      0        0
  MONTH TO DATE    0                         1     -1        0
  SINCE JUN 1     30                        63    -33       29
  SINCE JUL 1      0                         1     -1        0

 COOLING
  TODAY            7                         9     -2       14
  MONTH TO DATE  134                       110     24      157
  SINCE JUN 1    240                       243     -3      378
  SINCE JAN 1    261                       265     -4      420
..................................................................


WIND (MPH)
  HIGHEST WIND SPEED    14   HIGHEST WIND DIRECTION    SE (140)
  HIGHEST GUST SPEED    19   HIGHEST GUST DIRECTION    SE (130)
  AVERAGE WIND SPEED     6.9


SKY COVER **
  POSSIBLE SUNSHINE  MM
  AVERAGE SKY COVER 0.6


WEATHER CONDITIONS
 THE FOLLOWING WEATHER WAS RECORDED TODAY.
  NO SIGNIFICANT WEATHER WAS OBSERVED.


RELATIVE HUMIDITY (PERCENT)
 HIGHEST    90           100 AM
 LOWEST     32           200 PM
 AVERAGE    61

..........................................................


THE DENVER CO CLIMATE NORMALS FOR TOMORROW
                         NORMAL    RECORD    YEAR
 MAXIMUM TEMPERATURE (F)   90       100      1878
 MINIMUM TEMPERATURE (F)   59        49      1952


SUNRISE AND SUNSET
JULY 13 2014..........SUNRISE   542 AM MDT   SUNSET   827 PM MDT
JULY 14 2014..........SUNRISE   542 AM MDT   SUNSET   827 PM MDT


-  INDICATES NEGATIVE NUMBERS.
R  INDICATES RECORD WAS SET OR TIED.
MM INDICATES DATA IS MISSING.
T  INDICATES TRACE AMOUNT.




$$
