000
CDUS45 KBOU 302329
CLIDEN


CLIMATE REPORT
NATIONAL WEATHER SERVICE DENVER CO
529 PM MDT SUN AUG 30 2015


...................................

...THE DENVER CO CLIMATE SUMMARY FOR AUGUST 30 2015...
VALID TODAY AS OF 0500 PM LOCAL TIME.

CLIMATE NORMAL PERIOD 1981 TO 2010
CLIMATE RECORD PERIOD 1872 TO 2015


WEATHER ITEM   OBSERVED TIME   RECORD YEAR NORMAL DEPARTURE LAST
                VALUE   (LST)  VALUE       VALUE  FROM      YEAR
                                                  NORMAL
..................................................................
TEMPERATURE (F)
 TODAY
  MAXIMUM         96    120 PM  98    1990  85     11       87
  MINIMUM         63    526 AM  42    1968  55      8       52
  AVERAGE         80                        70     10       70

PRECIPITATION (IN)
  TODAY            0.00          0.77 2003   0.03  -0.03      T
  MONTH TO DATE    1.06                      1.65  -0.59     2.73
  SINCE JUN 1      4.65                      5.79  -1.14     8.40
  SINCE JAN 1     13.48                     11.32   2.16    15.11

DEGREE DAYS
 HEATING
  TODAY            0                         1     -1        0
  MONTH TO DATE   13                         4      9        2
  SINCE JUN 1     29                        72    -43       37
  SINCE JUL 1     18                        10      8        7

 COOLING
  TODAY           15                         5     10        5
  MONTH TO DATE  295                       239     56      182
  SINCE JUN 1    700                       661     39      592
  SINCE JAN 1    704                       683     21      613
..................................................................


WIND (MPH)
  HIGHEST WIND SPEED    21   HIGHEST WIND DIRECTION     S (190)
  HIGHEST GUST SPEED    27   HIGHEST GUST DIRECTION     S (190)
  AVERAGE WIND SPEED     9.0


SKY COVER **
  POSSIBLE SUNSHINE  MM
  AVERAGE SKY COVER 0.4


WEATHER CONDITIONS
 THE FOLLOWING WEATHER WAS RECORDED TODAY.
  NO SIGNIFICANT WEATHER WAS OBSERVED.


RELATIVE HUMIDITY (PERCENT)
 HIGHEST    44           600 AM
 LOWEST      9           300 PM
 AVERAGE    27

..........................................................


THE DENVER CO CLIMATE NORMALS FOR TOMORROW
                         NORMAL    RECORD    YEAR
 MAXIMUM TEMPERATURE (F)   84        98      2011
                                             1960
 MINIMUM TEMPERATURE (F)   54        43      1962


SUNRISE AND SUNSET
AUGUST 30 2015........SUNRISE   624 AM MST   SUNSET   735 PM MST
AUGUST 31 2015........SUNRISE   625 AM MST   SUNSET   733 PM MST


-  INDICATES NEGATIVE NUMBERS.
R  INDICATES RECORD WAS SET OR TIED.
MM INDICATES DATA IS MISSING.
T  INDICATES TRACE AMOUNT.




$$
