000
CDUS45 KBOU 230801
CLIDEN


CLIMATE REPORT
NATIONAL WEATHER SERVICE DENVER/BOULDER CO
101 AM MST THU FEB 23 2017


...................................

...THE DENVER CO CLIMATE SUMMARY FOR FEBRUARY 22 2017...

CLIMATE NORMAL PERIOD 1981 TO 2010
CLIMATE RECORD PERIOD 1872 TO 2017


WEATHER ITEM   OBSERVED TIME   RECORD YEAR NORMAL DEPARTURE LAST
                VALUE   (LST)  VALUE       VALUE  FROM      YEAR
                                                  NORMAL
..................................................................
TEMPERATURE (F)
 YESTERDAY
  MAXIMUM         57    320 PM  72    1936  48      9       51
  MINIMUM         30    652 AM  -6    1913  20     10       28
  AVERAGE         44                        34     10       40

PRECIPITATION (IN)
  YESTERDAY        0.00          0.29 1914   0.02  -0.02      T
  MONTH TO DATE    T                         0.28  -0.28     0.48
  SINCE DEC 1      1.32                      1.04   0.28     1.69
  SINCE JAN 1      0.54                      0.69  -0.15     0.98

SNOWFALL (IN)
  YESTERDAY        0.0
  MONTH TO DATE      T
  SINCE DEC 1       16
  SINCE JUL 1     17.7
  SNOW DEPTH       0


DEGREE DAYS
 HEATING
  YESTERDAY       21                        31    -10       25
  MONTH TO DATE  461                       728   -267      618
  SINCE DEC 1   2682                      2877   -195     2736
  SINCE JUL 1   3578                      4259   -681     3826

 COOLING
  YESTERDAY        0                         0      0        0
  MONTH TO DATE    0                         0      0        0
  SINCE DEC 1      0                         0      0        0
  SINCE JAN 1      0                         0      0        0
..................................................................


WIND (MPH)
  HIGHEST WIND SPEED    26   HIGHEST WIND DIRECTION     E (70)
  HIGHEST GUST SPEED    33   HIGHEST GUST DIRECTION     E (80)
  AVERAGE WIND SPEED    14.1


SKY COVER **
  POSSIBLE SUNSHINE  MM
  AVERAGE SKY COVER 0.3


WEATHER CONDITIONS
 THE FOLLOWING WEATHER WAS RECORDED YESTERDAY.
  NO SIGNIFICANT WEATHER WAS OBSERVED.


RELATIVE HUMIDITY (PERCENT)
 HIGHEST    69           700 AM
 LOWEST     20          1200 AM
 AVERAGE    45

..........................................................


THE DENVER CO CLIMATE NORMALS FOR TODAY
                         NORMAL    RECORD    YEAR
 MAXIMUM TEMPERATURE (F)   48        72      2002
 MINIMUM TEMPERATURE (F)   21        -4      1899


SUNRISE AND SUNSET
FEBRUARY 23 2017......SUNRISE   640 AM MST   SUNSET   544 PM MST
FEBRUARY 24 2017......SUNRISE   638 AM MST   SUNSET   545 PM MST


-  INDICATES NEGATIVE NUMBERS.
R  INDICATES RECORD WAS SET OR TIED.
MM INDICATES DATA IS MISSING.
T  INDICATES TRACE AMOUNT.

&&

** SUNSHINE DATA WILL NO LONGER BE AVAILABLE EFFECTIVE OCTOBER 1ST 2009.




$$
