000
CDUS45 KBOU 050758
CLIDEN


CLIMATE REPORT
NATIONAL WEATHER SERVICE DENVER CO
157 AM MDT WED AUG 5 2015


...................................

...THE DENVER CO CLIMATE SUMMARY FOR AUGUST 4 2015...

CLIMATE NORMAL PERIOD 1981 TO 2010
CLIMATE RECORD PERIOD 1872 TO 2015


WEATHER ITEM   OBSERVED TIME   RECORD YEAR NORMAL DEPARTURE LAST
                VALUE   (LST)  VALUE       VALUE  FROM      YEAR
                                                  NORMAL
..................................................................
TEMPERATURE (F)
 YESTERDAY
  MAXIMUM         91    300 PM  98    1981  89      2       88
                                      1979
  MINIMUM         59    533 AM  50    1978  60     -1       61
  AVERAGE         75                        74      1       75

PRECIPITATION (IN)
  YESTERDAY        0.00          0.70 1999   0.07  -0.07     0.00
  MONTH TO DATE    0.00                      0.29  -0.29     0.00
  SINCE JUN 1      3.59                      4.43  -0.84     5.67
  SINCE JAN 1     12.42                      9.96   2.46    12.38

SNOWFALL (IN)
  YESTERDAY        0.0
  MONTH TO DATE      0
  SINCE JUN 1        0
  SINCE JUL 1        0
  SNOW DEPTH       0


DEGREE DAYS
 HEATING
  YESTERDAY        0                         0      0        0
  MONTH TO DATE    0                         0      0        0
  SINCE JUN 1     16                        68    -52       35
  SINCE JUL 1      5                         6     -1        5

 COOLING
  YESTERDAY       10                        10      0       10
  MONTH TO DATE   49                        40      9       25
  SINCE JUN 1    454                       462     -8      435
  SINCE JAN 1    458                       484    -26      456
..................................................................


WIND (MPH)
  HIGHEST WIND SPEED    23   HIGHEST WIND DIRECTION     W (280)
  HIGHEST GUST SPEED    29   HIGHEST GUST DIRECTION     W (290)
  AVERAGE WIND SPEED     8.3


SKY COVER **
  POSSIBLE SUNSHINE  MM
  AVERAGE SKY COVER 0.4


WEATHER CONDITIONS
 THE FOLLOWING WEATHER WAS RECORDED YESTERDAY.
  NO SIGNIFICANT WEATHER WAS OBSERVED.


RELATIVE HUMIDITY (PERCENT)
 HIGHEST    72           100 AM
 LOWEST     13           300 PM
 AVERAGE    43

..........................................................


THE DENVER CO CLIMATE NORMALS FOR TODAY
                         NORMAL    RECORD    YEAR
 MAXIMUM TEMPERATURE (F)   89        99      1877
 MINIMUM TEMPERATURE (F)   60        48      1978


SUNRISE AND SUNSET
AUGUST  5 2015........SUNRISE   601 AM MST   SUNSET   809 PM MST
AUGUST  6 2015........SUNRISE   602 AM MST   SUNSET   808 PM MST


-  INDICATES NEGATIVE NUMBERS.
R  INDICATES RECORD WAS SET OR TIED.
MM INDICATES DATA IS MISSING.
T  INDICATES TRACE AMOUNT.

&&

** SUNSHINE DATA WILL NO LONGER BE AVAILABLE EFFECTIVE OCTOBER 1ST 2009.




$$
