000
CDUS45 KBOU 251946
CLIDEN


CLIMATE REPORT
NATIONAL WEATHER SERVICE DENVER/BOULDER CO
145 PM MDT SAT MAR 25 2017


...................................

...THE DENVER CO CLIMATE SUMMARY FOR MARCH 24 2017...

CLIMATE NORMAL PERIOD 1981 TO 2010
CLIMATE RECORD PERIOD 1872 TO 2017


WEATHER ITEM   OBSERVED TIME   RECORD YEAR NORMAL DEPARTURE LAST
                VALUE   (LST)  VALUE       VALUE  FROM      YEAR
                                                  NORMAL
..................................................................
TEMPERATURE (F)
 YESTERDAY
  MAXIMUM         53    302 PM  76    1896  57     -4       40
  MINIMUM         31   1123 PM  -3    1965  29      2       10
  AVERAGE         42                        43     -1       25

PRECIPITATION (IN)
  YESTERDAY        0.45          1.23 1909   0.04   0.41     0.00
  MONTH TO DATE    0.55                      0.65  -0.10     1.06
  SINCE MAR 1      0.55                      0.65  -0.10     1.06
  SINCE JAN 1      1.32                      1.43  -0.11     2.04

SNOWFALL (IN)
  YESTERDAY          T
  MONTH TO DATE      T
  SINCE MAR 1        T
  SINCE JUL 1     19.3
  SNOW DEPTH       T


DEGREE DAYS
 HEATING
  YESTERDAY       23                        22      1       40
  MONTH TO DATE  383                       611   -228      532
  SINCE MAR 1    383                       611   -228      532
  SINCE JUL 1   4185                      5050   -865     4520

 COOLING
  YESTERDAY        0                         0      0        0
  MONTH TO DATE    0                         0      0        0
  SINCE MAR 1      0                         0      0        0
  SINCE JAN 1      0                         0      0        0
..................................................................


WIND (MPH)
  HIGHEST WIND SPEED    37   HIGHEST WIND DIRECTION     N (340)
  HIGHEST GUST SPEED    44   HIGHEST GUST DIRECTION     N (350)
  AVERAGE WIND SPEED    19.2


SKY COVER **
  POSSIBLE SUNSHINE  MM
  AVERAGE SKY COVER 0.7


WEATHER CONDITIONS
 THE FOLLOWING WEATHER WAS RECORDED YESTERDAY.
  THUNDERSTORM
  RAIN
  LIGHT RAIN
  SNOW
  LIGHT SNOW
  FOG


RELATIVE HUMIDITY (PERCENT)
 HIGHEST    96           200 AM
 LOWEST     44           400 PM
 AVERAGE    70

..........................................................


THE DENVER CO CLIMATE NORMALS FOR TODAY
                         NORMAL    RECORD    YEAR
 MAXIMUM TEMPERATURE (F)   57        75      2012
                                             1998
                                             1956
 MINIMUM TEMPERATURE (F)   29        -2      1996


SUNRISE AND SUNSET
MARCH 25 2017.........SUNRISE   653 AM MDT   SUNSET   716 PM MDT
MARCH 26 2017.........SUNRISE   651 AM MDT   SUNSET   717 PM MDT


-  INDICATES NEGATIVE NUMBERS.
R  INDICATES RECORD WAS SET OR TIED.
MM INDICATES DATA IS MISSING.
T  INDICATES TRACE AMOUNT.

&&

** SUNSHINE DATA WILL NO LONGER BE AVAILABLE EFFECTIVE OCTOBER 1ST 2009.




$$
