000
CDUS45 KBOU 250733
CLIDEN


CLIMATE REPORT
NATIONAL WEATHER SERVICE DENVER/BOULDER CO
1232 AM MST SUN FEB 25 2018


...................................

...THE DENVER CO CLIMATE SUMMARY FOR FEBRUARY 24 2018...

CLIMATE NORMAL PERIOD 1981 TO 2010
CLIMATE RECORD PERIOD 1872 TO 2018


WEATHER ITEM   OBSERVED TIME   RECORD YEAR NORMAL DEPARTURE LAST
                VALUE   (LST)  VALUE       VALUE  FROM      YEAR
                                                  NORMAL
..................................................................
TEMPERATURE (F)
 YESTERDAY
  MAXIMUM         36    314 PM  71    1995  48    -12       26
  MINIMUM         15   1159 PM  -8    1874  21     -6       17
  AVERAGE         26                        34     -8       22

PRECIPITATION (IN)
  YESTERDAY        0.00          0.54 1959   0.01  -0.01     0.05
  MONTH TO DATE    0.31                      0.30   0.01     0.21
  SINCE DEC 1      1.06                      1.06   0.00     1.53
  SINCE JAN 1      0.85                      0.71   0.14     0.75

SNOWFALL (IN)
  YESTERDAY        0.0
  MONTH TO DATE    6.2
  SINCE DEC 1     16.6
  SINCE JUL 1     19.4
  SNOW DEPTH       T

DEGREE DAYS
 HEATING
  YESTERDAY       39                        31      8       43
  MONTH TO DATE  856                       790     66      543
  SINCE DEC 1   2767                      2939   -172     2764
  SINCE JUL 1   3938                      4321   -383     3660

 COOLING
  YESTERDAY        0                         0      0        0
  MONTH TO DATE    0                         0      0        0
  SINCE DEC 1      0                         0      0        0
  SINCE JAN 1      0                         0      0        0
..................................................................


WIND (MPH)
  HIGHEST WIND SPEED    38   HIGHEST WIND DIRECTION     W (270)
  HIGHEST GUST SPEED    47   HIGHEST GUST DIRECTION     W (270)
  AVERAGE WIND SPEED    14.7


SKY COVER
  POSSIBLE SUNSHINE  MM
  AVERAGE SKY COVER 0.5


WEATHER CONDITIONS
 THE FOLLOWING WEATHER WAS RECORDED YESTERDAY.
  FOG
  FOG W/VISIBILITY <= 1/4 MILE
  HAZE


RELATIVE HUMIDITY (PERCENT)
 HIGHEST    96           400 AM
 LOWEST     22           300 PM
 AVERAGE    59

..........................................................


THE DENVER CO CLIMATE NORMALS FOR TODAY
                         NORMAL    RECORD    YEAR
 MAXIMUM TEMPERATURE (F)   49        74      1986
 MINIMUM TEMPERATURE (F)   21       -11      1874


SUNRISE AND SUNSET
FEBRUARY 25 2018......SUNRISE   638 AM MST   SUNSET   546 PM MST
FEBRUARY 26 2018......SUNRISE   636 AM MST   SUNSET   547 PM MST


-  INDICATES NEGATIVE NUMBERS.
R  INDICATES RECORD WAS SET OR TIED.
MM INDICATES DATA IS MISSING.
T  INDICATES TRACE AMOUNT.




$$
