000
CDUS44 KSHV 262234
CLIDEQ


CLIMATE REPORT
NATIONAL WEATHER SERVICE SHREVEPORT, LA
431 PM CST MON JAN 26 2015


...................................

...THE DE QUEEN CLIMATE SUMMARY FOR JANUARY 26 2015...
VALID TODAY AS OF 0400 PM LOCAL TIME.

CLIMATE NORMAL PERIOD 1981 TO 2010
CLIMATE RECORD PERIOD 1902 TO 2015


WEATHER ITEM   OBSERVED TIME   RECORD YEAR NORMAL DEPARTURE LAST
                VALUE   (LST)  VALUE       VALUE  FROM      YEAR
                                                  NORMAL
..................................................................
TEMPERATURE (F)
 TODAY
  MAXIMUM         64    359 PM  80    1952  54     10       66
  MINIMUM         28    757 AM   9    1940  29     -1       28
  AVERAGE         46                        42      4       47

PRECIPITATION (IN)
  TODAY            0.00          3.72 1994   0.11  -0.11     0.00
  MONTH TO DATE    5.08                      2.77   2.31     0.92
  SINCE DEC 1      6.80                      7.13  -0.33     2.85
  SINCE JAN 1      5.08                      2.77   2.31     0.92

SNOWFALL (IN)
  TODAY            0.0
  MONTH TO DATE    T
  SINCE DEC 1      T
  SINCE JUL 1      0.5
  SNOW DEPTH       0

DEGREE DAYS
 HEATING
  TODAY           19                        23     -4       18
  MONTH TO DATE  663                       615     48      683
  SINCE DEC 1   1262                      1298    -36     1383
  SINCE JUL 1   1884                      1824     60     1996

 COOLING
  TODAY            0                         0      0        0
  MONTH TO DATE    0                         0      0        0
  SINCE DEC 1      0                         0      0        3
  SINCE JAN 1      0                         0      0        0
..................................................................


WIND (MPH)
  HIGHEST WIND SPEED    16   HIGHEST WIND DIRECTION     W (260)
  HIGHEST GUST SPEED    20   HIGHEST GUST DIRECTION     W (270)
  AVERAGE WIND SPEED     5.7


SKY COVER
  POSSIBLE SUNSHINE  MM
  AVERAGE SKY COVER 0.0


WEATHER CONDITIONS
 THE FOLLOWING WEATHER WAS RECORDED TODAY.
  FOG


RELATIVE HUMIDITY (PERCENT)
 HIGHEST    92           600 AM
 LOWEST     31           300 PM
 AVERAGE    62

..........................................................


THE DE QUEEN CLIMATE NORMALS FOR TOMORROW
                         NORMAL    RECORD    YEAR
 MAXIMUM TEMPERATURE (F)   54        75      1970
 MINIMUM TEMPERATURE (F)   29         7      1963


SUNRISE AND SUNSET
JANUARY 26 2015.......SUNRISE   719 AM CST   SUNSET   542 PM CST
JANUARY 27 2015.......SUNRISE   718 AM CST   SUNSET   543 PM CST


-  INDICATES NEGATIVE NUMBERS.
R  INDICATES RECORD WAS SET OR TIED.
MM INDICATES DATA IS MISSING.
T  INDICATES TRACE AMOUNT.




$$
