000
CDUS44 KSHV 210737
CLIDEQ


CLIMATE REPORT
NATIONAL WEATHER SERVICE SHREVEPORT, LA
233 AM CDT TUE OCT 21 2014


...................................

...THE DE QUEEN CLIMATE SUMMARY FOR OCTOBER 20 2014...

CLIMATE NORMAL PERIOD 1981 TO 2010
CLIMATE RECORD PERIOD 1902 TO 2014


WEATHER ITEM   OBSERVED TIME   RECORD YEAR NORMAL DEPARTURE LAST
                VALUE   (LST)  VALUE       VALUE  FROM      YEAR
                                                  NORMAL
..................................................................
TEMPERATURE (F)
 YESTERDAY
  MAXIMUM         76    401 PM  90    1969  75      1       69
  MINIMUM         47    435 AM  27    2011  49     -2       35
                                      1989
  AVERAGE         62                        62      0       52

PRECIPITATION (IN)
  YESTERDAY        0.00          3.11 1993   0.15  -0.15     0.00
  MONTH TO DATE    2.62                      2.98  -0.36     1.22
  SINCE DEC 1     37.99                     42.54  -4.55    31.52
  SINCE JAN 1     36.06                     38.18  -2.12    27.47

SNOWFALL (IN)
  YESTERDAY        0.0
  MONTH TO DATE    0.0
  SINCE SEP 1      0.0
  SINCE JUL 1      0.0
  SNOW DEPTH       0

DEGREE DAYS
 HEATING
  YESTERDAY        3                         5     -2       13
  MONTH TO DATE   43                        58    -15       70
  SINCE SEP 1     44                        67    -23       70
  SINCE JUL 1     44                        67    -23       70

 COOLING
  YESTERDAY        0                         2     -2        0
  MONTH TO DATE   67                        54     13       79
  SINCE SEP 1    369                       327     42      452
  SINCE JAN 1   1699                      1919   -220     2015
..................................................................


WIND (MPH)
  HIGHEST WIND SPEED     9   HIGHEST WIND DIRECTION    SW (240)
  HIGHEST GUST SPEED    11   HIGHEST GUST DIRECTION     W (280)
  AVERAGE WIND SPEED     0.8


SKY COVER
  POSSIBLE SUNSHINE  MM
  AVERAGE SKY COVER 0.4


WEATHER CONDITIONS
 THE FOLLOWING WEATHER WAS RECORDED YESTERDAY.
  FOG
  FOG W/VISIBILITY <= 1/4 MILE
  HAZE


RELATIVE HUMIDITY (PERCENT)
 HIGHEST   100          1200 AM
 LOWEST     53          1200 PM
 AVERAGE    77

..........................................................


THE DE QUEEN CLIMATE NORMALS FOR TODAY
                         NORMAL    RECORD    YEAR
 MAXIMUM TEMPERATURE (F)   75        92      1939
 MINIMUM TEMPERATURE (F)   49        22      1989


SUNRISE AND SUNSET
OCTOBER 21 2014.......SUNRISE   728 AM CDT   SUNSET   636 PM CDT
OCTOBER 22 2014.......SUNRISE   728 AM CDT   SUNSET   635 PM CDT


-  INDICATES NEGATIVE NUMBERS.
R  INDICATES RECORD WAS SET OR TIED.
MM INDICATES DATA IS MISSING.
T  INDICATES TRACE AMOUNT.




$$
