000
CDUS44 KSHV 232234
CLIDEQ


CLIMATE REPORT
NATIONAL WEATHER SERVICE SHREVEPORT, LA
431 PM CST TUE JAN 23 2018


...................................

...THE DE QUEEN CLIMATE SUMMARY FOR JANUARY 23 2018...
VALID TODAY AS OF 0400 PM LOCAL TIME.

CLIMATE NORMAL PERIOD 1981 TO 2010
CLIMATE RECORD PERIOD 1902 TO 2018


WEATHER ITEM   OBSERVED TIME   RECORD YEAR NORMAL DEPARTURE LAST
                VALUE   (LST)  VALUE       VALUE  FROM      YEAR
                                                  NORMAL
..................................................................
TEMPERATURE (F)
 TODAY
  MAXIMUM         57    359 PM  82    1943  54      3       64
  MINIMUM         25    735 AM  12    1966  29     -4       33
  AVERAGE         41                        42     -1       49

PRECIPITATION (IN)
  TODAY            0.00          3.95 1938   0.10  -0.10     0.00
  MONTH TO DATE    1.27                      2.45  -1.18     2.61
  SINCE DEC 1      6.52                      6.81  -0.29     5.32
  SINCE JAN 1      1.27                      2.45  -1.18     2.61

SNOWFALL (IN)
  TODAY            0.0
  MONTH TO DATE    0.1
  SINCE DEC 1      0.1
  SINCE JUL 1      0.1
  SNOW DEPTH       0

DEGREE DAYS
 HEATING
  TODAY           24                        24      0       16
  MONTH TO DATE  641                       546     95      392
  SINCE DEC 1   1272                      1229     43      983
  SINCE JUL 1   1735                      1755    -20     1297

 COOLING
  TODAY            0                         0      0        0
  MONTH TO DATE    0                         0      0        3
  SINCE DEC 1      1                         0      1        5
  SINCE JAN 1      0                         0      0        3
..................................................................


WIND (MPH)
  HIGHEST WIND SPEED    14   HIGHEST WIND DIRECTION     W (270)
  HIGHEST GUST SPEED    18   HIGHEST GUST DIRECTION     W (270)
  AVERAGE WIND SPEED     5.6


SKY COVER
  POSSIBLE SUNSHINE  MM
  AVERAGE SKY COVER 0.0


WEATHER CONDITIONS
 THE FOLLOWING WEATHER WAS RECORDED TODAY.
  NO SIGNIFICANT WEATHER WAS OBSERVED.


RELATIVE HUMIDITY (PERCENT)
 HIGHEST    85           800 AM
 LOWEST     24           200 PM
 AVERAGE    55

..........................................................


THE DE QUEEN CLIMATE NORMALS FOR TOMORROW
                         NORMAL    RECORD    YEAR
 MAXIMUM TEMPERATURE (F)   54        80      1950
 MINIMUM TEMPERATURE (F)   29         1      1963


SUNRISE AND SUNSET
JANUARY 23 2018.......SUNRISE   720 AM CST   SUNSET   539 PM CST
JANUARY 24 2018.......SUNRISE   720 AM CST   SUNSET   540 PM CST


-  INDICATES NEGATIVE NUMBERS.
R  INDICATES RECORD WAS SET OR TIED.
MM INDICATES DATA IS MISSING.
T  INDICATES TRACE AMOUNT.




$$
