000
CDUS44 KSHV 292134
CLIDEQ


CLIMATE REPORT
NATIONAL WEATHER SERVICE SHREVEPORT, LA
431 PM CDT MON SEP 29 2014


...................................

...THE DE QUEEN CLIMATE SUMMARY FOR SEPTEMBER 29 2014...
VALID TODAY AS OF 0400 PM LOCAL TIME.

CLIMATE NORMAL PERIOD 1981 TO 2010
CLIMATE RECORD PERIOD 1902 TO 2014


WEATHER ITEM   OBSERVED TIME   RECORD YEAR NORMAL DEPARTURE LAST
                VALUE   (LST)  VALUE       VALUE  FROM      YEAR
                                                  NORMAL
..................................................................
TEMPERATURE (F)
 TODAY
  MAXIMUM         87    120 PM 101    1953  81      6       84
  MINIMUM         60    630 AM  35    1967  56      4       69
  AVERAGE         74                        68      6       77

PRECIPITATION (IN)
  TODAY            0.00          3.12 1980   0.12  -0.12     0.00
  MONTH TO DATE    7.09                      3.51   3.58     5.95
  SINCE DEC 1     35.37                     39.46  -4.09    30.30
  SINCE JAN 1     33.44                     35.10  -1.66    26.25

DEGREE DAYS
 HEATING
  TODAY            0                         1     -1        0
  MONTH TO DATE    1                         6     -5        0
  SINCE SEP 1      1                         6     -5        0
  SINCE JUL 1      1                         6     -5        0

 COOLING
  TODAY            9                         5      4       12
  MONTH TO DATE  293                       270     23      363
  SINCE SEP 1    293                       270     23      363
  SINCE JAN 1   1623                      1862   -239     1926
..................................................................


WIND (MPH)
  HIGHEST WIND SPEED    14   HIGHEST WIND DIRECTION     E (80)
  HIGHEST GUST SPEED    18   HIGHEST GUST DIRECTION     E (80)
  AVERAGE WIND SPEED     3.4


SKY COVER
  POSSIBLE SUNSHINE  MM
  AVERAGE SKY COVER 0.0


WEATHER CONDITIONS
 THE FOLLOWING WEATHER WAS RECORDED TODAY.
  FOG


RELATIVE HUMIDITY (PERCENT)
 HIGHEST   100          1200 AM
 LOWEST     42           300 PM
 AVERAGE    71

..........................................................


THE DE QUEEN CLIMATE NORMALS FOR TOMORROW
                         NORMAL    RECORD    YEAR
 MAXIMUM TEMPERATURE (F)   81       103      1953
 MINIMUM TEMPERATURE (F)   56        40      1992


SUNRISE AND SUNSET
SEPTEMBER 29 2014.....SUNRISE   711 AM CDT   SUNSET   705 PM CDT
SEPTEMBER 30 2014.....SUNRISE   711 AM CDT   SUNSET   703 PM CDT


-  INDICATES NEGATIVE NUMBERS.
R  INDICATES RECORD WAS SET OR TIED.
MM INDICATES DATA IS MISSING.
T  INDICATES TRACE AMOUNT.




$$
