434
CDUS44 KSHV 030837
CLIDEQ


CLIMATE REPORT
NATIONAL WEATHER SERVICE SHREVEPORT, LA
236 AM CST SAT DEC 3 2016


...................................

...THE DE QUEEN CLIMATE SUMMARY FOR DECEMBER 2 2016...

CLIMATE NORMAL PERIOD 1981 TO 2010
CLIMATE RECORD PERIOD 1902 TO 2016


WEATHER ITEM   OBSERVED TIME   RECORD YEAR NORMAL DEPARTURE LAST
                VALUE   (LST)  VALUE       VALUE  FROM      YEAR
                                                  NORMAL
..................................................................
TEMPERATURE (F)
 YESTERDAY
  MAXIMUM         63    100 PM  80    1982  58      5       55
  MINIMUM         31    726 AM  16    1960  33     -2       30
  AVERAGE         47                        45      2       43

PRECIPITATION (IN)
  YESTERDAY        0.00          6.24 1982   0.11  -0.11     0.00
  MONTH TO DATE    0.00                      0.25  -0.25     0.00
  SINCE DEC 1      0.00                      0.25  -0.25     0.00
  SINCE JAN 1     34.83                     44.88 -10.05    50.05

SNOWFALL (IN)
  YESTERDAY        0.0
  MONTH TO DATE    0.0
  SINCE DEC 1      0.0
  SINCE JUL 1      0.0
  SNOW DEPTH       0

DEGREE DAYS
 HEATING
  YESTERDAY       18                        20     -2       22
  MONTH TO DATE   38                        39     -1       46
  SINCE DEC 1     38                        39     -1       46
  SINCE JUL 1    352                       565   -213      387

 COOLING
  YESTERDAY        0                         0      0        0
  MONTH TO DATE    0                         0      0        0
  SINCE DEC 1      0                         0      0        0
  SINCE JAN 1   2239                      1941    298     2149
..................................................................


WIND (MPH)
  HIGHEST WIND SPEED    10   HIGHEST WIND DIRECTION     E (90)
  HIGHEST GUST SPEED    14   HIGHEST GUST DIRECTION     E (110)
  AVERAGE WIND SPEED     3.5


SKY COVER
  POSSIBLE SUNSHINE  MM
  AVERAGE SKY COVER 0.1


WEATHER CONDITIONS
 THE FOLLOWING WEATHER WAS RECORDED YESTERDAY.
  NO SIGNIFICANT WEATHER WAS OBSERVED.


RELATIVE HUMIDITY (PERCENT)
 HIGHEST   100          1200 AM
 LOWEST     34           100 PM
 AVERAGE    67

..........................................................


THE DE QUEEN CLIMATE NORMALS FOR TODAY
                         NORMAL    RECORD    YEAR
 MAXIMUM TEMPERATURE (F)   58        82      2005
 MINIMUM TEMPERATURE (F)   32        19      1976


SUNRISE AND SUNSET
DECEMBER  3 2016......SUNRISE   707 AM CST   SUNSET   508 PM CST
DECEMBER  4 2016......SUNRISE   708 AM CST   SUNSET   508 PM CST


-  INDICATES NEGATIVE NUMBERS.
R  INDICATES RECORD WAS SET OR TIED.
MM INDICATES DATA IS MISSING.
T  INDICATES TRACE AMOUNT.




$$
