000
CDUS44 KSHV 242153
CLIDEQ


CLIMATE REPORT
NATIONAL WEATHER SERVICE SHREVEPORT, LA
450 PM CDT WED AUG 24 2016


...................................

...THE DE QUEEN CLIMATE SUMMARY FOR AUGUST 24 2016...
VALID TODAY AS OF 0400 PM LOCAL TIME.

CLIMATE NORMAL PERIOD 1981 TO 2010
CLIMATE RECORD PERIOD 1902 TO 2016


WEATHER ITEM   OBSERVED TIME   RECORD YEAR NORMAL DEPARTURE LAST
                VALUE   (LST)  VALUE       VALUE  FROM      YEAR
                                                  NORMAL
..................................................................
TEMPERATURE (F)
 TODAY
  MAXIMUM         92    259 PM 106    1987  94     -2       91
  MINIMUM         70    545 AM  57    1980  68      2       70
  AVERAGE         81                        81      0       81

PRECIPITATION (IN)
  TODAY            0.00          1.12 1979   0.08  -0.08     0.00
  MONTH TO DATE    4.31                      1.67   2.64     0.82
  SINCE DEC 1     38.01                     35.45   2.56    38.35
  SINCE JAN 1     27.73                     31.09  -3.36    36.63

DEGREE DAYS
 HEATING
  TODAY            0                         0      0        0
  MONTH TO DATE    0                         0      0        0
  SINCE JUN 1      0                         0      0        0
  SINCE JUL 1      0                         0      0        0

 COOLING
  TODAY           16                        16      0       16
  MONTH TO DATE  396                       397     -1      405
  SINCE JUN 1   1421                      1272    149     1382
  SINCE JAN 1   1618                      1489    129     1616
..................................................................


WIND (MPH)
  HIGHEST WIND SPEED    12   HIGHEST WIND DIRECTION     S (190)
  HIGHEST GUST SPEED    16   HIGHEST GUST DIRECTION     S (180)
  AVERAGE WIND SPEED     3.2


SKY COVER
  POSSIBLE SUNSHINE  MM
  AVERAGE SKY COVER 0.2


WEATHER CONDITIONS
 THE FOLLOWING WEATHER WAS RECORDED TODAY.
  FOG
  FOG W/VISIBILITY <= 1/4 MILE


RELATIVE HUMIDITY (PERCENT)
 HIGHEST   100           100 AM
 LOWEST     52           100 PM
 AVERAGE    76

..........................................................


THE DE QUEEN CLIMATE NORMALS FOR TOMORROW
                         NORMAL    RECORD    YEAR
 MAXIMUM TEMPERATURE (F)   94       104      1938
 MINIMUM TEMPERATURE (F)   68        53      1966


SUNRISE AND SUNSET
AUGUST 24 2016........SUNRISE   646 AM CDT   SUNSET   753 PM CDT
AUGUST 25 2016........SUNRISE   647 AM CDT   SUNSET   752 PM CDT


-  INDICATES NEGATIVE NUMBERS.
R  INDICATES RECORD WAS SET OR TIED.
MM INDICATES DATA IS MISSING.
T  INDICATES TRACE AMOUNT.




$$
