000
CDUS44 KSHV 190850
CLIDEQ


CLIMATE REPORT
NATIONAL WEATHER SERVICE SHREVEPORT, LA
249 AM CST SUN NOV 19 2017


...................................

...THE DE QUEEN CLIMATE SUMMARY FOR NOVEMBER 18 2017...

CLIMATE NORMAL PERIOD 1981 TO 2010
CLIMATE RECORD PERIOD 1902 TO 2017


WEATHER ITEM   OBSERVED TIME   RECORD YEAR NORMAL DEPARTURE LAST
                VALUE   (LST)  VALUE       VALUE  FROM      YEAR
                                                  NORMAL
..................................................................
TEMPERATURE (F)
 YESTERDAY
  MAXIMUM         78   1014 AM  79    1938  64     14       70
  MINIMUM         36   1159 PM  13    1951  38     -2       45
  AVERAGE         57                        51      6       58

PRECIPITATION (IN)
  YESTERDAY        T             2.83 1952   0.18  -0.18     1.91
  MONTH TO DATE    0.58                      3.10  -2.52     1.96
  SINCE DEC 1     38.23                     47.18  -8.95    43.03
  SINCE JAN 1     35.52                     42.82  -7.30    32.75

SNOWFALL (IN)
  YESTERDAY        0.0
  MONTH TO DATE    0.0
  SINCE SEP 1      0.0
  SINCE JUL 1      0.0
  SNOW DEPTH       0

DEGREE DAYS
 HEATING
  YESTERDAY        8                        14     -6        7
  MONTH TO DATE  115                       191    -76      101
  SINCE SEP 1    286                       324    -38      129
  SINCE JUL 1    286                       324    -38      129

 COOLING
  YESTERDAY        0                         0      0        0
  MONTH TO DATE   45                         5     40       16
  SINCE SEP 1    454                       347    107      502
  SINCE JAN 1   2088                      1939    149     2239
..................................................................


WIND (MPH)
  HIGHEST WIND SPEED    28   HIGHEST WIND DIRECTION    NW (320)
  HIGHEST GUST SPEED    42   HIGHEST GUST DIRECTION     N (350)
  AVERAGE WIND SPEED    10.1


SKY COVER
  POSSIBLE SUNSHINE  MM
  AVERAGE SKY COVER 0.7


WEATHER CONDITIONS
 THE FOLLOWING WEATHER WAS RECORDED YESTERDAY.
  LIGHT RAIN


RELATIVE HUMIDITY (PERCENT)
 HIGHEST    93          1200 AM
 LOWEST     52           200 PM
 AVERAGE    73

..........................................................


THE DE QUEEN CLIMATE NORMALS FOR TODAY
                         NORMAL    RECORD    YEAR
 MAXIMUM TEMPERATURE (F)   64        81      1942
 MINIMUM TEMPERATURE (F)   38        14      1951


SUNRISE AND SUNSET
NOVEMBER 19 2017......SUNRISE   654 AM CST   SUNSET   512 PM CST
NOVEMBER 20 2017......SUNRISE   655 AM CST   SUNSET   511 PM CST


-  INDICATES NEGATIVE NUMBERS.
R  INDICATES RECORD WAS SET OR TIED.
MM INDICATES DATA IS MISSING.
T  INDICATES TRACE AMOUNT.




$$
