713
CDUS44 KSHV 240951
CLIDEQ


CLIMATE REPORT
NATIONAL WEATHER SERVICE SHREVEPORT, LA
325 AM CST TUE JAN 24 2017


...................................

...THE DE QUEEN CLIMATE SUMMARY FOR JANUARY 23 2017...

CLIMATE NORMAL PERIOD 1981 TO 2010
CLIMATE RECORD PERIOD 1902 TO 2017


WEATHER ITEM   OBSERVED TIME   RECORD YEAR NORMAL DEPARTURE LAST
                VALUE   (LST)  VALUE       VALUE  FROM      YEAR
                                                  NORMAL
..................................................................
TEMPERATURE (F)
 YESTERDAY
  MAXIMUM         64    316 PM  82    1943  54     10       46
  MINIMUM         33    607 AM  12    1966  29      4       22
  AVERAGE         49                        42      7       34

PRECIPITATION (IN)
  YESTERDAY        0.00          3.95 1938   0.10  -0.10     0.00
  MONTH TO DATE    2.61                      2.45   0.16     0.87
  SINCE DEC 1      5.32                      6.81  -1.49    11.15
  SINCE JAN 1      2.61                      2.45   0.16     0.87

SNOWFALL (IN)
  YESTERDAY        0.0
  MONTH TO DATE    0.3
  SINCE DEC 1      0.3
  SINCE JUL 1      0.3
  SNOW DEPTH       0

DEGREE DAYS
 HEATING
  YESTERDAY       16                        24     -8       31
  MONTH TO DATE  392                       546   -154      548
  SINCE DEC 1    983                      1229   -246     1000
  SINCE JUL 1   1297                      1755   -458     1341

 COOLING
  YESTERDAY        0                         0      0        0
  MONTH TO DATE    3                         0      3        0
  SINCE DEC 1      5                         0      5        3
  SINCE JAN 1      3                         0      3        0
..................................................................


WIND (MPH)
  HIGHEST WIND SPEED    14   HIGHEST WIND DIRECTION    NW (310)
  HIGHEST GUST SPEED    18   HIGHEST GUST DIRECTION    NW (300)
  AVERAGE WIND SPEED     3.9


SKY COVER
  POSSIBLE SUNSHINE  MM
  AVERAGE SKY COVER 0.0


WEATHER CONDITIONS
 THE FOLLOWING WEATHER WAS RECORDED YESTERDAY.
  NO SIGNIFICANT WEATHER WAS OBSERVED.


RELATIVE HUMIDITY (PERCENT)
 HIGHEST   100           600 AM
 LOWEST     31           300 PM
 AVERAGE    66

..........................................................


THE DE QUEEN CLIMATE NORMALS FOR TODAY
                         NORMAL    RECORD    YEAR
 MAXIMUM TEMPERATURE (F)   54        80      1950
 MINIMUM TEMPERATURE (F)   29         1      1963


SUNRISE AND SUNSET
JANUARY 24 2017.......SUNRISE   719 AM CST   SUNSET   540 PM CST
JANUARY 25 2017.......SUNRISE   719 AM CST   SUNSET   541 PM CST


-  INDICATES NEGATIVE NUMBERS.
R  INDICATES RECORD WAS SET OR TIED.
MM INDICATES DATA IS MISSING.
T  INDICATES TRACE AMOUNT.




$$
