000
CDUS44 KSHV 012134
CLIDEQ


CLIMATE REPORT
NATIONAL WEATHER SERVICE SHREVEPORT, LA
432 PM CDT MON SEP 1 2014


...................................

...THE DE QUEEN CLIMATE SUMMARY FOR SEPTEMBER 1 2014...
VALID TODAY AS OF 0400 PM LOCAL TIME.

CLIMATE NORMAL PERIOD 1981 TO 2010
CLIMATE RECORD PERIOD 1902 TO 2014


WEATHER ITEM   OBSERVED TIME   RECORD YEAR NORMAL DEPARTURE LAST
                VALUE   (LST)  VALUE       VALUE  FROM      YEAR
                                                  NORMAL
..................................................................
TEMPERATURE (F)
 TODAY
  MAXIMUM         92    257 PM 108    2000  92      0      101
  MINIMUM         74    451 AM  52    1967  66      8       69
  AVERAGE         83                        79      4       85

PRECIPITATION (IN)
  TODAY            0.00          4.00 1937   0.11  -0.11      T
  MONTH TO DATE    0.00                      0.11  -0.11      T
  SINCE DEC 1     28.28                     36.06  -7.78    24.35
  SINCE JAN 1     26.35                     31.70  -5.35    20.30

DEGREE DAYS
 HEATING
  TODAY            0                         0      0        0
  MONTH TO DATE    0                         0      0        0
  SINCE SEP 1      0                         0      0        0
  SINCE JUL 1      0                         0      0        0

 COOLING
  TODAY           18                        14      4       20
  MONTH TO DATE   18                        14      4       20
  SINCE SEP 1     18                        14      4       20
  SINCE JAN 1   1348                      1606   -258     1583
..................................................................


WIND (MPH)
  HIGHEST WIND SPEED    14   HIGHEST WIND DIRECTION     S (200)
  HIGHEST GUST SPEED    18   HIGHEST GUST DIRECTION    SE (150)
  AVERAGE WIND SPEED     4.1


SKY COVER
  POSSIBLE SUNSHINE  MM
  AVERAGE SKY COVER 0.5


WEATHER CONDITIONS
 THE FOLLOWING WEATHER WAS RECORDED TODAY.
  FOG


RELATIVE HUMIDITY (PERCENT)
 HIGHEST    94           600 AM
 LOWEST     52           300 PM
 AVERAGE    73

..........................................................


THE DE QUEEN CLIMATE NORMALS FOR TOMORROW
                         NORMAL    RECORD    YEAR
 MAXIMUM TEMPERATURE (F)   92       106      1985
 MINIMUM TEMPERATURE (F)   66        50      1967


SUNRISE AND SUNSET
SEPTEMBER  1 2014.....SUNRISE   651 AM CDT   SUNSET   743 PM CDT
SEPTEMBER  2 2014.....SUNRISE   652 AM CDT   SUNSET   742 PM CDT


-  INDICATES NEGATIVE NUMBERS.
R  INDICATES RECORD WAS SET OR TIED.
MM INDICATES DATA IS MISSING.
T  INDICATES TRACE AMOUNT.




$$
