000
CDUS46 KOTX 020829
CLIDEW


CLIMATE REPORT
NATIONAL WEATHER SERVICE SPOKANE, WA
1229 AM PST MON MAR 2 2015


...................................

...THE DEER_PARK WA AIRPORT CLIMATE SUMMARY FOR MARCH 1 2015...

CLIMATE NORMAL PERIOD 1981 TO 2010
CLIMATE RECORD PERIOD 9999 TO 9999


WEATHER ITEM   OBSERVED TIME   RECORD YEAR NORMAL DEPARTURE LAST
                VALUE   (LST)  VALUE       VALUE  FROM      YEAR
                                                  NORMAL
..................................................................
TEMPERATURE (F)
 YESTERDAY
  MAXIMUM         41    435 PM  MM      MM  44     -3       19
  MINIMUM         13    640 AM  MM      MM  23    -10       11
  AVERAGE         27                        33     -6       15

PRECIPITATION (IN)
  YESTERDAY        0.00         MM      MM   0.05  -0.05     0.04
  MONTH TO DATE    0.00                      0.05  -0.05     0.04
  SINCE OCT 1     10.58                     12.10  -1.52     7.56
  SINCE JAN 1      4.19                      4.28  -0.09     3.76

SNOWFALL (IN)
  YESTERDAY       MM

DEGREE DAYS
 HEATING
  YESTERDAY       38                        32      6       50
  MONTH TO DATE   38                        32      6       50
  SINCE MAR 1     38                        32      6       50
  SINCE JUL 1   4607                      5397   -790     5444

 COOLING
  YESTERDAY        0                         0      0        0
  MONTH TO DATE    0                         0      0        0
  SINCE MAR 1      0                         0      0        0
  SINCE JAN 1      0                         0      0        0
..................................................................


WIND (MPH)
  HIGHEST WIND SPEED     9   HIGHEST WIND DIRECTION     S (170)
  HIGHEST GUST SPEED    12   HIGHEST GUST DIRECTION     S (170)
  AVERAGE WIND SPEED     2.2


SKY COVER
  POSSIBLE SUNSHINE  MM
  AVERAGE SKY COVER 0.3


WEATHER CONDITIONS
 THE FOLLOWING WEATHER WAS RECORDED YESTERDAY.
  NO SIGNIFICANT WEATHER WAS OBSERVED.


RELATIVE HUMIDITY (PERCENT)
 HIGHEST    84           600 AM
 LOWEST     25          1200 PM
 AVERAGE    55

..........................................................


THE DEER_PARK WA AIRPORT CLIMATE NORMALS FOR TODAY
                         NORMAL    RECORD    YEAR
 MAXIMUM TEMPERATURE (F)   44        MM        MM
 MINIMUM TEMPERATURE (F)   23        MM        MM


SUNRISE AND SUNSET
MARCH  2 2015.........SUNRISE   629 AM PST   SUNSET   535 PM PST
MARCH  3 2015.........SUNRISE   627 AM PST   SUNSET   537 PM PST


-  INDICATES NEGATIVE NUMBERS.
R  INDICATES RECORD WAS SET OR TIED.
MM INDICATES DATA IS MISSING.
T  INDICATES TRACE AMOUNT.




$$
