000
CDUS46 KOTX 230826
CLIDEW


CLIMATE REPORT
NATIONAL WEATHER SERVICE SPOKANE, WA
125 AM PDT WED AUG 23 2017


...................................

...THE DEER_PARK WA AIRPORT CLIMATE SUMMARY FOR AUGUST 22 2017...

CLIMATE NORMAL PERIOD 1981 TO 2010
CLIMATE RECORD PERIOD 9999 TO 9999


WEATHER ITEM   OBSERVED TIME   RECORD YEAR NORMAL DEPARTURE LAST
                VALUE   (LST)  VALUE       VALUE  FROM      YEAR
                                                  NORMAL
..................................................................
TEMPERATURE (F)
 YESTERDAY
  MAXIMUM         91    248 PM  MM      MM  82      9       74
  MINIMUM         47    444 AM  MM      MM  46      1       44
  AVERAGE         69                        64      5       59

PRECIPITATION (IN)
  YESTERDAY        0.00         MM      MM   0.03  -0.03     0.00
  MONTH TO DATE    0.02                      0.52  -0.50     0.17
  SINCE OCT 1     28.41                     20.94   7.47    23.24
  SINCE JAN 1     16.97                     13.12   3.85    14.25

SNOWFALL (IN)
  YESTERDAY       MM

DEGREE DAYS
 HEATING
  YESTERDAY        0                         3     -3        6
  MONTH TO DATE   14                        43    -29       29
  SINCE JUN 1    181                       311   -130      282
  SINCE JUL 1     25                       111    -86      111

 COOLING
  YESTERDAY        4                         2      2        0
  MONTH TO DATE  100                        60     40       69
  SINCE JUN 1    236                       154     82      190
  SINCE JAN 1    242                       157     85      190
..................................................................


WIND (MPH)
  HIGHEST WIND SPEED    12   HIGHEST WIND DIRECTION     S (200)
  HIGHEST GUST SPEED    15   HIGHEST GUST DIRECTION    SW (210)
  AVERAGE WIND SPEED     3.1


SKY COVER
  POSSIBLE SUNSHINE  MM
  AVERAGE SKY COVER 0.0


WEATHER CONDITIONS
 THE FOLLOWING WEATHER WAS RECORDED YESTERDAY.
  HAZE


RELATIVE HUMIDITY (PERCENT)
 HIGHEST    71           400 AM
 LOWEST     13           300 PM
 AVERAGE    42

..........................................................


THE DEER_PARK WA AIRPORT CLIMATE NORMALS FOR TODAY
                         NORMAL    RECORD    YEAR
 MAXIMUM TEMPERATURE (F)   82        MM        MM
 MINIMUM TEMPERATURE (F)   46        MM        MM


SUNRISE AND SUNSET
AUGUST 23 2017........SUNRISE   556 AM PDT   SUNSET   747 PM PDT
AUGUST 24 2017........SUNRISE   557 AM PDT   SUNSET   746 PM PDT


-  INDICATES NEGATIVE NUMBERS.
R  INDICATES RECORD WAS SET OR TIED.
MM INDICATES DATA IS MISSING.
T  INDICATES TRACE AMOUNT.




$$
