000
CDUS44 KFWD 290650
CLIDFW

CLIMATE REPORT
NATIONAL WEATHER SERVICE FORT WORTH TX
1248 AM CST MON DEC 29 2014


...................................

...THE DALLAS FORT WORTH CLIMATE SUMMARY FOR DECEMBER 28 2014...

CLIMATE NORMAL PERIOD 1981 TO 2010
CLIMATE RECORD PERIOD 1898 TO 2014


WEATHER ITEM   OBSERVED TIME   RECORD YEAR NORMAL DEPARTURE LAST
                VALUE   (LST)  VALUE       VALUE  FROM      YEAR
                                                  NORMAL
..................................................................
TEMPERATURE (F)
 YESTERDAY
  MAXIMUM         49    403 PM  81    1928  56     -7       60
                                      1921
  MINIMUM         33   1155 PM  11    1924  36     -3       35
  AVERAGE         41                        46     -5       48

PRECIPITATION (IN)
  YESTERDAY        0.00          0.91 1937   0.08  -0.08      T
  MONTH TO DATE    1.13                      2.34  -1.21     2.76
  SINCE DEC 1      1.13                      2.34  -1.21     2.76
  SINCE JAN 1     21.32                     35.93 -14.61    29.40

SNOWFALL (IN)
  YESTERDAY        0.0           1.5  1915   0.0    0.0      0.0
  MONTH TO DATE    0.0                       0.3   -0.3      2.1
  SINCE DEC 1      0.0                       0.3   -0.3      2.1
  SINCE JUL 1      T                         0.3   -0.3      2.1
  SNOW DEPTH       0

DEGREE DAYS
 HEATING
  YESTERDAY       24                        20      4       17
  MONTH TO DATE  377                       499   -122      593
  SINCE DEC 1    377                       499   -122      593
  SINCE JUL 1    795                       853    -58      994

 COOLING
  YESTERDAY        0                         0      0        0
  MONTH TO DATE    1                         0      1        0
  SINCE DEC 1      1                         0      1        0
  SINCE JAN 1   2952                      2752    200     2930
..................................................................


WIND (MPH)
  HIGHEST WIND SPEED    14   HIGHEST WIND DIRECTION     N (340)
  HIGHEST GUST SPEED    17   HIGHEST GUST DIRECTION     N (340)
  AVERAGE WIND SPEED     7.2


SKY COVER
  POSSIBLE SUNSHINE  MM
  AVERAGE SKY COVER 0.5


WEATHER CONDITIONS
 THE FOLLOWING WEATHER WAS RECORDED YESTERDAY.
  NO SIGNIFICANT WEATHER WAS OBSERVED.


RELATIVE HUMIDITY (PERCENT)
 HIGHEST    69           700 AM
 LOWEST     31           400 PM
 AVERAGE    50

..........................................................


THE DALLAS FORT WORTH CLIMATE NORMALS FOR TODAY
                         NORMAL    RECORD    YEAR
 MAXIMUM TEMPERATURE (F)   56        81      1923
 MINIMUM TEMPERATURE (F)   36        10      1983


SUNRISE AND SUNSET
DECEMBER 29 2014......SUNRISE   730 AM CST   SUNSET   530 PM CST
DECEMBER 30 2014......SUNRISE   730 AM CST   SUNSET   531 PM CST


-  INDICATES NEGATIVE NUMBERS.
R  INDICATES RECORD WAS SET OR TIED.
MM INDICATES DATA IS MISSING.
T  INDICATES TRACE AMOUNT.




$$
