000
CDUS44 KFWD 300701
CLIDFW

CLIMATE REPORT
NATIONAL WEATHER SERVICE FORT WORTH TX
159 AM CDT WED JUL 30 2014


...................................

...THE DALLAS FORT WORTH CLIMATE SUMMARY FOR JULY 29 2014...

CLIMATE NORMAL PERIOD 1981 TO 2010
CLIMATE RECORD PERIOD 1898 TO 2014


WEATHER ITEM   OBSERVED TIME   RECORD YEAR NORMAL DEPARTURE LAST
                VALUE   (LST)  VALUE       VALUE  FROM      YEAR
                                                  NORMAL
..................................................................
TEMPERATURE (F)
 YESTERDAY
  MAXIMUM         85   1204 PM 109    1912  97    -12       97
  MINIMUM         73    357 AM  67    1984  76     -3       78
  AVERAGE         79                        86     -7       88

PRECIPITATION (IN)
  YESTERDAY        T             1.71 2004   0.05  -0.05     0.00
  MONTH TO DATE    0.81                      2.05  -1.24     2.05
  SINCE JUN 1      4.07                      5.84  -1.77     4.19
  SINCE JAN 1     11.40                     22.09 -10.69    17.35

DEGREE DAYS
 HEATING
  YESTERDAY        0                         0      0        0
  MONTH TO DATE    0                         0      0        0
  SINCE JUN 1      0                         0      0        0
  SINCE JUL 1      0                         0      0        0

 COOLING
  YESTERDAY       14                        21     -7       23
  MONTH TO DATE  561                       588    -27      559
  SINCE JUN 1   1088                      1079      9     1097
  SINCE JAN 1   1564                      1501     63     1486
..................................................................


WIND (MPH)
  HIGHEST WIND SPEED    17   HIGHEST WIND DIRECTION     W (260)
  HIGHEST GUST SPEED    22   HIGHEST GUST DIRECTION     W (260)
  AVERAGE WIND SPEED     4.0


SKY COVER
  POSSIBLE SUNSHINE  MM
  AVERAGE SKY COVER 0.8


WEATHER CONDITIONS
 THE FOLLOWING WEATHER WAS RECORDED YESTERDAY.
  LIGHT RAIN


RELATIVE HUMIDITY (PERCENT)
 HIGHEST    64           400 AM
 LOWEST     43           600 PM
 AVERAGE    54

..........................................................


THE DALLAS FORT WORTH CLIMATE NORMALS FOR TODAY
                         NORMAL    RECORD    YEAR
 MAXIMUM TEMPERATURE (F)   97       106      1986
                                             1980
                                             1957
 MINIMUM TEMPERATURE (F)   76        63      1971


SUNRISE AND SUNSET
JULY 30 2014..........SUNRISE   640 AM CDT   SUNSET   828 PM CDT
JULY 31 2014..........SUNRISE   641 AM CDT   SUNSET   828 PM CDT


-  INDICATES NEGATIVE NUMBERS.
R  INDICATES RECORD WAS SET OR TIED.
MM INDICATES DATA IS MISSING.
T  INDICATES TRACE AMOUNT.




$$
