000
CDUS44 KFWD 020658
CLIDFW

CLIMATE REPORT
NATIONAL WEATHER SERVICE FORT WORTH TX
1257 AM CST MON MAR 2 2015

...................................

...THE DALLAS FORT WORTH CLIMATE SUMMARY FOR MARCH 1 2015...

CLIMATE NORMAL PERIOD 1981 TO 2010
CLIMATE RECORD PERIOD 1898 TO 2015


WEATHER ITEM   OBSERVED TIME   RECORD YEAR NORMAL DEPARTURE LAST
                VALUE   (LST)  VALUE       VALUE  FROM      YEAR
                                                  NORMAL
..................................................................
TEMPERATURE (F)
 YESTERDAY
  MAXIMUM         37   1014 PM  93    2006  64    -27       81
  MINIMUM         32    812 AM  18    1922  43    -11       46
  AVERAGE         35                        54    -19       64

PRECIPITATION (IN)
  YESTERDAY        0.07          1.67 1934   0.11  -0.04     0.00
  MONTH TO DATE    0.07                      0.11  -0.04     0.00
  SINCE MAR 1      0.07                      0.11  -0.04     0.00
  SINCE JAN 1      6.65                      4.90   1.75     0.74

SNOWFALL (IN)
  YESTERDAY        0.0           4.5  1942   0.0    0.0      0.0
  MONTH TO DATE    0.0                       0.0    0.0      0.0
  SINCE MAR 1      0.0                       0.0    0.0      0.0
  SINCE JUL 1      2.3                       1.0    1.3      2.8
  SNOW DEPTH       0

DEGREE DAYS
 HEATING
  YESTERDAY       30                        12     18        1
  MONTH TO DATE   30                        12     18        1
  SINCE MAR 1     30                        12     18        1
  SINCE JUL 1   2066                      1944    122     2174

 COOLING
  YESTERDAY        0                         0      0        0
  MONTH TO DATE    0                         0      0        0
  SINCE MAR 1      0                         0      0        0
  SINCE JAN 1      0                         7     -7        0
..................................................................


WIND (MPH)
  HIGHEST WIND SPEED    17   HIGHEST WIND DIRECTION     N (10)
  HIGHEST GUST SPEED    21   HIGHEST GUST DIRECTION     N (10)
  AVERAGE WIND SPEED     9.6


SKY COVER
  POSSIBLE SUNSHINE  MM
  AVERAGE SKY COVER 1.0


WEATHER CONDITIONS
 THE FOLLOWING WEATHER WAS RECORDED YESTERDAY.
  LIGHT RAIN
  LT FREEZING RAIN
  FOG


RELATIVE HUMIDITY (PERCENT)
 HIGHEST    96          1000 AM
 LOWEST     85           300 PM
 AVERAGE    91

..........................................................


THE DALLAS FORT WORTH CLIMATE NORMALS FOR TODAY
                         NORMAL    RECORD    YEAR
 MAXIMUM TEMPERATURE (F)   64        90      1901
 MINIMUM TEMPERATURE (F)   44        15      1980


SUNRISE AND SUNSET
MARCH  2 2015.........SUNRISE   655 AM CST   SUNSET   626 PM CST
MARCH  3 2015.........SUNRISE   654 AM CST   SUNSET   627 PM CST


-  INDICATES NEGATIVE NUMBERS.
R  INDICATES RECORD WAS SET OR TIED.
MM INDICATES DATA IS MISSING.
T  INDICATES TRACE AMOUNT.




$$


58
