000
CDUS44 KFWD 040651
CLIDFW


CLIMATE REPORT
NATIONAL WEATHER SERVICE FORT WORTH TX
150 AM CDT FRI SEP 4 2015

...THE DALLAS FORT WORTH CLIMATE SUMMARY FOR SEPTEMBER 3 2015...

CLIMATE NORMAL PERIOD 1981 TO 2010
CLIMATE RECORD PERIOD 1898 TO 2015


WEATHER ITEM   OBSERVED TIME   RECORD YEAR NORMAL DEPARTURE LAST
                VALUE   (LST)  VALUE       VALUE  FROM      YEAR
                                                  NORMAL
..................................................................
TEMPERATURE (F)
 YESTERDAY
  MAXIMUM         95    355 PM 109    2000  93      2       97
  MINIMUM         75    605 AM  60    1974  72      3       78
  AVERAGE         85                        82      3       88

PRECIPITATION (IN)
  YESTERDAY        0.00          2.18 1976   0.10  -0.10     0.00
  MONTH TO DATE    0.00                      0.29  -0.29     0.00
  SINCE SEP 1      0.00                      0.29  -0.29     0.00
  SINCE JAN 1     36.96                     24.40  12.56    15.91

DEGREE DAYS
 HEATING
  YESTERDAY        0                         0      0        0
  MONTH TO DATE    0                         0      0        0
  SINCE SEP 1      0                         0      0        0
  SINCE JUL 1      0                         0      0        0

 COOLING
  YESTERDAY       20                        17      3       23
  MONTH TO DATE   59                        53      6       69
  SINCE SEP 1     59                        53      6       69
  SINCE JAN 1   2291                      2235     56     2325
..................................................................


WIND (MPH)
  HIGHEST WIND SPEED    14   HIGHEST WIND DIRECTION     E (110)
  HIGHEST GUST SPEED    19   HIGHEST GUST DIRECTION    SE (130)
  AVERAGE WIND SPEED     8.2


SKY COVER
  POSSIBLE SUNSHINE  MM
  AVERAGE SKY COVER 0.4


WEATHER CONDITIONS
 THE FOLLOWING WEATHER WAS RECORDED YESTERDAY.
  NO SIGNIFICANT WEATHER WAS OBSERVED.


RELATIVE HUMIDITY (PERCENT)
 HIGHEST    76           700 AM
 LOWEST     33           400 PM
 AVERAGE    55

..........................................................


THE DALLAS FORT WORTH CLIMATE NORMALS FOR TODAY
                         NORMAL    RECORD    YEAR
 MAXIMUM TEMPERATURE (F)   92       111      2000
 MINIMUM TEMPERATURE (F)   72        55      1974


SUNRISE AND SUNSET
SEPTEMBER  4 2015.....SUNRISE   704 AM CDT   SUNSET   749 PM CDT
SEPTEMBER  5 2015.....SUNRISE   705 AM CDT   SUNSET   748 PM CDT


-  INDICATES NEGATIVE NUMBERS.
R  INDICATES RECORD WAS SET OR TIED.
MM INDICATES DATA IS MISSING.
T  INDICATES TRACE AMOUNT.




$$
