000
CDUS44 KFWD 200655
CLIDFW

CLIMATE REPORT
NATIONAL WEATHER SERVICE FORT WORTH TX
155 AM CDT WED AUG 20 2014

...THE DALLAS FORT WORTH CLIMATE SUMMARY FOR AUGUST 19 2014...

CLIMATE NORMAL PERIOD 1981 TO 2010
CLIMATE RECORD PERIOD 1898 TO 2014


WEATHER ITEM   OBSERVED TIME   RECORD YEAR NORMAL DEPARTURE LAST
                VALUE   (LST)  VALUE       VALUE  FROM      YEAR
                                                  NORMAL
..................................................................
TEMPERATURE (F)
 YESTERDAY
  MAXIMUM         94    145 PM 107    2011  96     -2       94
  MINIMUM         76    606 AM  62    1940  75      1       73
  AVERAGE         85                        86     -1       84

PRECIPITATION (IN)
  YESTERDAY        0.00          2.89 1983   0.06  -0.06     0.00
  MONTH TO DATE    3.94                      1.03   2.91     1.18
  SINCE JUN 1      8.18                      6.98   1.20     5.37
  SINCE JAN 1     15.51                     23.23  -7.72    18.53

DEGREE DAYS
 HEATING
  YESTERDAY        0                         0      0        0
  MONTH TO DATE    0                         0      0        0
  SINCE JUN 1      0                         0      0        0
  SINCE JUL 1      0                         0      0        0

 COOLING
  YESTERDAY       20                        21     -1       19
  MONTH TO DATE  397                       399     -2      423
  SINCE JUN 1   1513                      1521     -8     1570
  SINCE JAN 1   1989                      1943     46     1959
..................................................................


WIND (MPH)
  HIGHEST WIND SPEED    24   HIGHEST WIND DIRECTION    SE (140)
  HIGHEST GUST SPEED    29   HIGHEST GUST DIRECTION    SE (150)
  AVERAGE WIND SPEED    10.5


SKY COVER
  POSSIBLE SUNSHINE  MM
  AVERAGE SKY COVER 0.8


WEATHER CONDITIONS
 THE FOLLOWING WEATHER WAS RECORDED YESTERDAY.
  NO SIGNIFICANT WEATHER WAS OBSERVED.


RELATIVE HUMIDITY (PERCENT)
 HIGHEST    74          1200 AM
 LOWEST     44           200 PM
 AVERAGE    59

..........................................................


THE DALLAS FORT WORTH CLIMATE NORMALS FOR TODAY
                         NORMAL    RECORD    YEAR
 MAXIMUM TEMPERATURE (F)   96       107      2011
 MINIMUM TEMPERATURE (F)   75        58      1940


SUNRISE AND SUNSET
AUGUST 20 2014........SUNRISE   655 AM CDT   SUNSET   808 PM CDT
AUGUST 21 2014........SUNRISE   655 AM CDT   SUNSET   806 PM CDT


-  INDICATES NEGATIVE NUMBERS.
R  INDICATES RECORD WAS SET OR TIED.
MM INDICATES DATA IS MISSING.
T  INDICATES TRACE AMOUNT.




$$
