000
CDUS44 KFWD 010642
CLIDFW


CLIMATE REPORT
NATIONAL WEATHER SERVICE FORT WORTH TX
141 AM CDT SAT AUG 1 2015

...THE DALLAS FORT WORTH CLIMATE SUMMARY FOR JULY 31 2015...

CLIMATE NORMAL PERIOD 1981 TO 2010
CLIMATE RECORD PERIOD 1898 TO 2015


WEATHER ITEM   OBSERVED TIME   RECORD YEAR NORMAL DEPARTURE LAST
                VALUE   (LST)  VALUE       VALUE  FROM      YEAR
                                                  NORMAL
..................................................................
TEMPERATURE (F)
 YESTERDAY
  MAXIMUM         98    354 PM 106    2012  97      1       81
                                      1998
                                      1986
  MINIMUM         81    612 AM  60    1971  76      5       71
  AVERAGE         90                        86      4       76

PRECIPITATION (IN)
  YESTERDAY        0.00          1.76 1992   0.06  -0.06      T
  MONTH TO DATE    0.92                      2.16  -1.24     0.98
  SINCE JUN 1      4.87                      5.95  -1.08     4.24
  SINCE JAN 1     36.50                     22.20  14.30    11.57

DEGREE DAYS
 HEATING
  YESTERDAY        0                         0      0        0
  MONTH TO DATE    0                         0      0        0
  SINCE JUN 1      0                         0      0        0
  SINCE JUL 1      0                         0      0        0

 COOLING
  YESTERDAY       25                        21      4       11
  MONTH TO DATE  694                       631     63      589
  SINCE JUN 1   1214                      1122     92     1116
  SINCE JAN 1   1533                      1544    -11     1592
..................................................................


WIND (MPH)
  HIGHEST WIND SPEED    17   HIGHEST WIND DIRECTION    NE (50)
  HIGHEST GUST SPEED    23   HIGHEST GUST DIRECTION    NE (60)
  AVERAGE WIND SPEED     7.5


SKY COVER
  POSSIBLE SUNSHINE  MM
  AVERAGE SKY COVER 0.4


WEATHER CONDITIONS
 THE FOLLOWING WEATHER WAS RECORDED YESTERDAY.
  NO SIGNIFICANT WEATHER WAS OBSERVED.


RELATIVE HUMIDITY (PERCENT)
 HIGHEST    74           600 AM
 LOWEST     32          1000 PM
 AVERAGE    53

..........................................................


THE DALLAS FORT WORTH CLIMATE NORMALS FOR TODAY
                         NORMAL    RECORD    YEAR
 MAXIMUM TEMPERATURE (F)   97       107      2011
 MINIMUM TEMPERATURE (F)   76        63      1936


SUNRISE AND SUNSET
AUGUST  1 2015........SUNRISE   642 AM CDT   SUNSET   827 PM CDT
AUGUST  2 2015........SUNRISE   642 AM CDT   SUNSET   826 PM CDT


-  INDICATES NEGATIVE NUMBERS.
R  INDICATES RECORD WAS SET OR TIED.
MM INDICATES DATA IS MISSING.
T  INDICATES TRACE AMOUNT.




$$
