451
CDUS44 KFWD 220650
CLIDFW

CLIMATE REPORT
NATIONAL WEATHER SERVICE FORT WORTH TX
1250 AM CST SUN JAN 22 2017

...................................

...THE DALLAS FORT WORTH CLIMATE SUMMARY FOR JANUARY 21 2017...

CLIMATE NORMAL PERIOD 1981 TO 2010
CLIMATE RECORD PERIOD 1898 TO 2017


WEATHER ITEM   OBSERVED TIME   RECORD YEAR NORMAL DEPARTURE LAST
                VALUE   (LST)  VALUE       VALUE  FROM      YEAR
                                                  NORMAL
..................................................................
TEMPERATURE (F)
 YESTERDAY
  MAXIMUM         73    325 PM  79    2005  57     16       52
                                      1952
                                      1909
  MINIMUM         48    348 AM   7    1935  36     12       37
  AVERAGE         61                        46     15       45

PRECIPITATION (IN)
  YESTERDAY        0.02          3.09 1923   0.07  -0.05     0.19
  MONTH TO DATE    4.39                      1.36   3.03     1.04
  SINCE DEC 1      4.99                      3.91   1.08     4.87
  SINCE JAN 1      4.39                      1.36   3.03     1.04

SNOWFALL (IN)
  YESTERDAY        0.0           4.0  1918   0.0    0.0      0.0
  MONTH TO DATE    0.1                       0.1    0.0      0.0
  SINCE DEC 1      0.1                       0.4   -0.3       T
  SINCE JUL 1      0.1                       0.4   -0.3       T
  SNOW DEPTH       0

DEGREE DAYS
 HEATING
  YESTERDAY        4                        19    -15       20
  MONTH TO DATE  318                       410    -92      405
  SINCE DEC 1    802                       968   -166      761
  SINCE JUL 1    904                      1322   -418      976

 COOLING
  YESTERDAY        0                         0      0        0
  MONTH TO DATE    6                         0      6        0
  SINCE DEC 1     22                         4     18        9
  SINCE JAN 1      6                         0      6        0
..................................................................


WIND (MPH)
  HIGHEST WIND SPEED    28   HIGHEST WIND DIRECTION     W (290)
  HIGHEST GUST SPEED    34   HIGHEST GUST DIRECTION    NW (300)
  AVERAGE WIND SPEED     9.2


SKY COVER
  POSSIBLE SUNSHINE  MM
  AVERAGE SKY COVER 0.7


WEATHER CONDITIONS
 THE FOLLOWING WEATHER WAS RECORDED YESTERDAY.
  THUNDERSTORM
  LIGHT RAIN


RELATIVE HUMIDITY (PERCENT)
 HIGHEST    96           800 AM
 LOWEST     51          1000 PM
 AVERAGE    74

..........................................................


THE DALLAS FORT WORTH CLIMATE NORMALS FOR TODAY
                         NORMAL    RECORD    YEAR
 MAXIMUM TEMPERATURE (F)   57        85      1909
 MINIMUM TEMPERATURE (F)   36         6      1918


SUNRISE AND SUNSET
JANUARY 22 2017.......SUNRISE   729 AM CST   SUNSET   551 PM CST
JANUARY 23 2017.......SUNRISE   728 AM CST   SUNSET   552 PM CST


-  INDICATES NEGATIVE NUMBERS.
R  INDICATES RECORD WAS SET OR TIED.
MM INDICATES DATA IS MISSING.
T  INDICATES TRACE AMOUNT.

$$
