000
CDUS44 KFWD 052124
CLIDFW


CLIMATE REPORT
NATIONAL WEATHER SERVICE FORT WORTH TX
423 PM CDT SUN JUL 5 2015


...................................

...THE DALLAS FORT WORTH CLIMATE SUMMARY FOR JULY 5 2015...
VALID AS OF 0400 PM LOCAL TIME.

CLIMATE NORMAL PERIOD 1981 TO 2010
CLIMATE RECORD PERIOD 1898 TO 2015


WEATHER ITEM   OBSERVED TIME   RECORD YEAR NORMAL DEPARTURE LAST
                VALUE   (LST)  VALUE       VALUE  FROM      YEAR
                                                  NORMAL
..................................................................
TEMPERATURE (F)
 TODAY
  MAXIMUM         93    234 PM 103    1996  95     -2       93
                                      1980
  MINIMUM         77    603 AM  56    1924  74      3       73
  AVERAGE         85

PRECIPITATION (IN)
  TODAY            0.00          2.80 1958   0.09  -0.09     0.00
  MONTH TO DATE    0.00                      0.46  -0.46     0.00
  SINCE JUN 1      3.95                      4.25  -0.30     3.26
  SINCE JAN 1     35.58                     20.50  15.08    10.59

..................................................................


WIND (MPH)
  HIGHEST WIND SPEED    24   HIGHEST WIND DIRECTION     S (200)
  HIGHEST GUST SPEED    29   HIGHEST GUST DIRECTION     S (170)
  AVERAGE WIND SPEED    15.0




..........................................................


THE DALLAS FORT WORTH CLIMATE NORMALS FOR TOMORROW
                         NORMAL    RECORD    YEAR
 MAXIMUM TEMPERATURE (F)   95       105      1996
                                             1980
 MINIMUM TEMPERATURE (F)   75        59      1972


SUNRISE AND SUNSET
JULY  5 2015..........SUNRISE   625 AM CDT   SUNSET   840 PM CDT
JULY  6 2015..........SUNRISE   626 AM CDT   SUNSET   840 PM CDT


-  INDICATES NEGATIVE NUMBERS.
R  INDICATES RECORD WAS SET OR TIED.
MM INDICATES DATA IS MISSING.
T  INDICATES TRACE AMOUNT.




$$
