000
CDUS43 KDDC 072327
CLIDGC


CLIMATE REPORT
NATIONAL WEATHER SERVICE DODGE CITY KS
626 PM CDT TUE JUL 7 2015


...................................

...THE DODGE CITY KS CLIMATE SUMMARY FOR JULY 7 2015...
VALID TODAY AS OF 0500 PM LOCAL TIME.

CLIMATE NORMAL PERIOD 1981 TO 2010
CLIMATE RECORD PERIOD 1875 TO 2015


WEATHER ITEM   OBSERVED TIME   RECORD YEAR NORMAL DEPARTURE LAST
                VALUE   (LST)  VALUE       VALUE  FROM      YEAR
                                                  NORMAL
..................................................................
TEMPERATURE (F)
 TODAY
  MAXIMUM         77    340 PM 106    1991  93    -16       98
  MINIMUM         59    630 AM  50    1908  66     -7       67
  AVERAGE         68                        79    -11       83

PRECIPITATION (IN)
  TODAY            0.00          0.83 1928   0.10  -0.10     0.00
  MONTH TO DATE    T                         0.69  -0.69     0.15
  SINCE JUN 1      2.08                      3.93  -1.85     9.24
  SINCE JAN 1     15.80                     11.45   4.35    12.76

SNOWFALL (IN)
  TODAY            0.0           0.0  2002   0.0    0.0      0.0
                                      2001
  MONTH TO DATE    0.0                       0.0    0.0      0.0
  SINCE JUN 1      0.0                       0.0    0.0      0.0
  SINCE JUL 1      0.0                       0.0    0.0      0.0
  SNOW DEPTH       0

DEGREE DAYS
 HEATING
  TODAY            0                         0      0        0
  MONTH TO DATE    0                         0      0        0
  SINCE JUN 1      0                        13    -13        7
  SINCE JUL 1      0                         0      0        0

 COOLING
  TODAY            3                        14    -11       18
  MONTH TO DATE   84                        96    -12       78
  SINCE JUN 1    437                       374     63      362
  SINCE JAN 1    498                       483     15      534
..................................................................


WIND (MPH)
  HIGHEST WIND SPEED    23   HIGHEST WIND DIRECTION    NE (30)
  HIGHEST GUST SPEED    30   HIGHEST GUST DIRECTION    NE (30)
  AVERAGE WIND SPEED    15.3


SKY COVER
  POSSIBLE SUNSHINE  MM
  AVERAGE SKY COVER 0.5


WEATHER CONDITIONS
 THE FOLLOWING WEATHER WAS RECORDED TODAY.
  FOG
  HAZE


RELATIVE HUMIDITY (PERCENT)
 HIGHEST    87           600 AM
 LOWEST     33           300 PM
 AVERAGE    60

..........................................................


THE DODGE CITY KS CLIMATE NORMALS FOR TOMORROW
                         NORMAL    RECORD    YEAR
 MAXIMUM TEMPERATURE (F)   93       109      1978
 MINIMUM TEMPERATURE (F)   66        47      1952


SUNRISE AND SUNSET
JULY  7 2015..........SUNRISE   625 AM CDT   SUNSET   905 PM CDT
JULY  8 2015..........SUNRISE   625 AM CDT   SUNSET   904 PM CDT


-  INDICATES NEGATIVE NUMBERS.
R  INDICATES RECORD WAS SET OR TIED.
MM INDICATES DATA IS MISSING.
T  INDICATES TRACE AMOUNT.




$$
