000
CDUS43 KDDC 290709
CLIDGC


CLIMATE REPORT
NATIONAL WEATHER SERVICE DODGE CITY KS
208 AM CDT MON MAY 29 2017


...................................

...THE DODGE CITY KS CLIMATE SUMMARY FOR MAY 28 2017...

CLIMATE NORMAL PERIOD 1981 TO 2010
CLIMATE RECORD PERIOD 1875 TO 2017


WEATHER ITEM   OBSERVED TIME   RECORD YEAR NORMAL DEPARTURE LAST
                VALUE   (LST)  VALUE       VALUE  FROM      YEAR
                                                  NORMAL
..................................................................
TEMPERATURE (F)
 YESTERDAY
  MAXIMUM         80    356 PM  98    1934  80      0       79
                                      1895
  MINIMUM         49    454 AM  37    1947  56     -7       49
  AVERAGE         65                        68     -3       64

PRECIPITATION (IN)
  YESTERDAY        0.00          1.57 1905   0.11  -0.11     0.00
  MONTH TO DATE    4.57                      2.51   2.06     1.60
  SINCE MAR 1     14.81                      5.92   8.89     9.72
  SINCE JAN 1     17.38                      7.18  10.20    10.31

SNOWFALL (IN)
  YESTERDAY        0.0           0.0  2002   0.0    0.0      0.0
                                      2001
  MONTH TO DATE    0.0                       0.0    0.0      0.0
  SINCE MAR 1      2.5                       6.0   -3.5      0.4
  SINCE JUL 1      7.5                      21.1  -13.6     10.4
  SNOW DEPTH       0

DEGREE DAYS
 HEATING
  YESTERDAY        0                         2     -2        1
  MONTH TO DATE  142                       111     31      161
  SINCE MAR 1    936                      1103   -167      976
  SINCE JUL 1   4170                      4950   -780     4338

 COOLING
  YESTERDAY        0                         5     -5        0
  MONTH TO DATE   49                        74    -25       41
  SINCE MAR 1     90                        93     -3       50
  SINCE JAN 1     90                        93     -3       52
..................................................................


WIND (MPH)
  HIGHEST WIND SPEED    21   HIGHEST WIND DIRECTION    NW (300)
  HIGHEST GUST SPEED    28   HIGHEST GUST DIRECTION    NW (320)
  AVERAGE WIND SPEED     9.1


SKY COVER
  POSSIBLE SUNSHINE  MM
  AVERAGE SKY COVER 0.1


WEATHER CONDITIONS
 THE FOLLOWING WEATHER WAS RECORDED YESTERDAY.
  NO SIGNIFICANT WEATHER WAS OBSERVED.


RELATIVE HUMIDITY (PERCENT)
 HIGHEST    93           500 AM
 LOWEST     25           300 PM
 AVERAGE    59

..........................................................


THE DODGE CITY KS CLIMATE NORMALS FOR TODAY
                         NORMAL    RECORD    YEAR
 MAXIMUM TEMPERATURE (F)   81       106      2011
 MINIMUM TEMPERATURE (F)   56        34      1947


SUNRISE AND SUNSET
MAY 29 2017...........SUNRISE   621 AM CDT   SUNSET   854 PM CDT
MAY 30 2017...........SUNRISE   620 AM CDT   SUNSET   855 PM CDT


-  INDICATES NEGATIVE NUMBERS.
R  INDICATES RECORD WAS SET OR TIED.
MM INDICATES DATA IS MISSING.
T  INDICATES TRACE AMOUNT.




$$
