000
CDUS43 KDDC 012336
CLIDGC


CLIMATE REPORT
NATIONAL WEATHER SERVICE DODGE CITY KS
635 PM CDT MON SEP 1 2014


...................................

...THE DODGE CITY KS CLIMATE SUMMARY FOR SEPTEMBER 1 2014...
VALID TODAY AS OF 0500 PM LOCAL TIME.

CLIMATE NORMAL PERIOD 1981 TO 2010
CLIMATE RECORD PERIOD 1875 TO 2014


WEATHER ITEM   OBSERVED TIME   RECORD YEAR NORMAL DEPARTURE LAST
                VALUE   (LST)  VALUE       VALUE  FROM      YEAR
                                                  NORMAL
..................................................................
TEMPERATURE (F)
 TODAY
  MAXIMUM         82    446 PM 107    2011  88     -6       88
  MINIMUM         60    636 AM  46    1882  62     -2       63
  AVERAGE         71                        75     -4       76

PRECIPITATION (IN)
  TODAY            0.00          1.08 1928   0.08  -0.08     0.08
  MONTH TO DATE    0.00                      0.08  -0.08     0.08
  SINCE SEP 1      0.00                      0.08  -0.08     0.08
  SINCE JAN 1     18.23                     16.67   1.56    15.56

SNOWFALL (IN)
  TODAY            0.0           0.0  2002   0.0    0.0      0.0
                                      2001
  MONTH TO DATE    0.0                       0.0    0.0      0.0
  SINCE SEP 1      0.0                       0.0    0.0      0.0
  SINCE JUL 1      0.0                       0.0    0.0      0.0
  SNOW DEPTH       0

DEGREE DAYS
 HEATING
  TODAY            0                         0      0        0
  MONTH TO DATE    0                         0      0        0
  SINCE SEP 1      0                         0      0        0
  SINCE JUL 1     13                         4      9        0

 COOLING
  TODAY            6                        10     -4       11
  MONTH TO DATE    6                        10     -4       11
  SINCE SEP 1      6                        10     -4       11
  SINCE JAN 1   1251                      1256     -5     1375
..................................................................


WIND (MPH)
  HIGHEST WIND SPEED    17   HIGHEST WIND DIRECTION    NE (30)
  HIGHEST GUST SPEED    22   HIGHEST GUST DIRECTION    NE (40)
  AVERAGE WIND SPEED    11.2


SKY COVER
  POSSIBLE SUNSHINE  MM
  AVERAGE SKY COVER 0.4


WEATHER CONDITIONS
 THE FOLLOWING WEATHER WAS RECORDED TODAY.
  NO SIGNIFICANT WEATHER WAS OBSERVED.


RELATIVE HUMIDITY (PERCENT)
 HIGHEST    90           300 AM
 LOWEST     54           400 PM
 AVERAGE    72

..........................................................


THE DODGE CITY KS CLIMATE NORMALS FOR TOMORROW
                         NORMAL    RECORD    YEAR
 MAXIMUM TEMPERATURE (F)   88       103      2011
                                             1995
 MINIMUM TEMPERATURE (F)   62        46      1952
                                             1882


SUNRISE AND SUNSET
SEPTEMBER  1 2014.....SUNRISE   710 AM CDT   SUNSET   809 PM CDT
SEPTEMBER  2 2014.....SUNRISE   711 AM CDT   SUNSET   808 PM CDT


-  INDICATES NEGATIVE NUMBERS.
R  INDICATES RECORD WAS SET OR TIED.
MM INDICATES DATA IS MISSING.
T  INDICATES TRACE AMOUNT.




$$
