000
CDUS45 KCYS 300726
CLIDGW


CLIMATE REPORT
NATIONAL WEATHER SERVICE CHEYENNE WY
126 AM MDT THU OCT 30 2014


...................................

...THE DOUGLAS WY AIRPORT CLIMATE SUMMARY FOR OCTOBER 29 2014...

CLIMATE NORMAL PERIOD 1981 TO 2010
CLIMATE RECORD PERIOD 1998 TO 2014


WEATHER ITEM   OBSERVED TIME   RECORD YEAR NORMAL DEPARTURE LAST
                VALUE   (LST)  VALUE       VALUE  FROM      YEAR
                                                  NORMAL
..................................................................
TEMPERATURE (F)
 YESTERDAY
  MAXIMUM         66    215 PM  76    2008  56     10       40
  MINIMUM         18    642 AM   9    2009  26     -8       26
  AVERAGE         42                        41      1       33

PRECIPITATION (IN)
  YESTERDAY        0.00          0.08 2004   0.02  -0.02     0.00
  MONTH TO DATE    0.42                      1.02  -0.60     1.96
  SINCE JAN 1     12.00                     12.30  -0.30     9.22

DEGREE DAYS
 HEATING
  YESTERDAY       23                        24     -1       32
  MONTH TO DATE  410                       550   -140      634
  SINCE SEP 1    582                       778   -196      772
  SINCE JUL 1    619                       819   -200      772

 COOLING
  YESTERDAY        0                         0      0        0
  MONTH TO DATE    0                         0      0        0
  SINCE SEP 1     24                        28     -4       88
  SINCE JAN 1    401                       486    -85      739
..................................................................


WIND (MPH)
  HIGHEST WIND SPEED    39   HIGHEST WIND DIRECTION     W (280)
  HIGHEST GUST SPEED    47   HIGHEST GUST DIRECTION     W (280)
  AVERAGE WIND SPEED    11.0


SKY COVER
  AVERAGE SKY COVER 0.2


WEATHER CONDITIONS
 THE FOLLOWING WEATHER WAS RECORDED YESTERDAY.
  NO SIGNIFICANT WEATHER WAS OBSERVED.


RELATIVE HUMIDITY (PERCENT)
 HIGHEST    77           300 AM
 LOWEST     14          1100 AM
 AVERAGE    46

..........................................................


THE DOUGLAS WY AIRPORT CLIMATE NORMALS FOR TODAY
                         NORMAL    RECORD    YEAR
 MAXIMUM TEMPERATURE (F)   56        72      2001
 MINIMUM TEMPERATURE (F)   26        10      2009
                                             2002


SUNRISE AND SUNSET
OCTOBER 30 2014.......SUNRISE   733 AM MDT   SUNSET   557 PM MDT
OCTOBER 31 2014.......SUNRISE   734 AM MDT   SUNSET   555 PM MDT


-  INDICATES NEGATIVE NUMBERS.
R  INDICATES RECORD WAS SET OR TIED.
MM INDICATES DATA IS MISSING.
T  INDICATES TRACE AMOUNT.




$$
