000
CDUS45 KCYS 280732
CLIDGW


CLIMATE REPORT
NATIONAL WEATHER SERVICE CHEYENNE WY
1231 AM MST SUN DEC 28 2014


...................................

...THE DOUGLAS WY AIRPORT CLIMATE SUMMARY FOR DECEMBER 27 2014...

CLIMATE NORMAL PERIOD 1981 TO 2010
CLIMATE RECORD PERIOD 1998 TO 2014


WEATHER ITEM   OBSERVED TIME   RECORD YEAR NORMAL DEPARTURE LAST
                VALUE   (LST)  VALUE       VALUE  FROM      YEAR
                                                  NORMAL
..................................................................
TEMPERATURE (F)
 YESTERDAY
  MAXIMUM         26    200 PM  50    2005  38    -12       46
                                      2002
  MINIMUM         -5    707 AM  -9    2009  10    -15       16
  AVERAGE         11                        24    -13       31

PRECIPITATION (IN)
  YESTERDAY        0.00          0.06 2012   0.01  -0.01     0.00
  MONTH TO DATE    0.07                      0.35  -0.28     0.56
  SINCE JAN 1     12.42                     13.34  -0.92    10.04

DEGREE DAYS
 HEATING
  YESTERDAY       54                        41     13       34
  MONTH TO DATE  926                      1103   -177     1187
  SINCE DEC 1    926                      1103   -177     1187
  SINCE JUL 1   2650                      2925   -275     2924

 COOLING
  YESTERDAY        0                         0      0        0
  MONTH TO DATE    0                         0      0        0
  SINCE DEC 1      0                         0      0        0
  SINCE JAN 1    401                       486    -85      739
..................................................................


WIND (MPH)
  HIGHEST WIND SPEED    16   HIGHEST WIND DIRECTION     W (290)
  HIGHEST GUST SPEED    22   HIGHEST GUST DIRECTION     W (290)
  AVERAGE WIND SPEED     6.1


SKY COVER
  AVERAGE SKY COVER 0.2


WEATHER CONDITIONS
 THE FOLLOWING WEATHER WAS RECORDED YESTERDAY.
  FOG
  HAZE


RELATIVE HUMIDITY (PERCENT)
 HIGHEST   100           900 AM
 LOWEST     55           200 PM
 AVERAGE    78

..........................................................


THE DOUGLAS WY AIRPORT CLIMATE NORMALS FOR TODAY
                         NORMAL    RECORD    YEAR
 MAXIMUM TEMPERATURE (F)   38        58      2002
 MINIMUM TEMPERATURE (F)   10       -12      2007


SUNRISE AND SUNSET
DECEMBER 28 2014......SUNRISE   731 AM MST   SUNSET   435 PM MST
DECEMBER 29 2014......SUNRISE   732 AM MST   SUNSET   436 PM MST


-  INDICATES NEGATIVE NUMBERS.
R  INDICATES RECORD WAS SET OR TIED.
MM INDICATES DATA IS MISSING.
T  INDICATES TRACE AMOUNT.




$$
