000
CDUS44 KTAE 290631
CLIDHN


CLIMATE REPORT
NATIONAL WEATHER SERVICE TALLAHASSEE FL
231 AM EDT FRI JUL 29 2016


...................................

...THE DOTHAN CLIMATE SUMMARY FOR JULY 28 2016...

CLIMATE NORMAL PERIOD 1981 TO 2010
CLIMATE RECORD PERIOD 1965 TO 2016


WEATHER ITEM   OBSERVED TIME   NORMAL DEPARTURE LAST
                VALUE   (LST)  VALUE  FROM      YEAR
                                      NORMAL
......................................................
TEMPERATURE (F)
 YESTERDAY
  MAXIMUM         94    239 PM  92      2       99
  MINIMUM         74    429 AM  72      2       75
  AVERAGE         84            82      2       87

PRECIPITATION (IN)
  YESTERDAY        T             0.19  -0.19     0.00
  MONTH TO DATE    6.77          5.37   1.40     4.02
  SINCE JUN 1     11.86         10.97   0.89     7.22
  SINCE JAN 1     36.28         33.33   2.95    31.47

SNOWFALL (IN)
  YESTERDAY        0.0

DEGREE DAYS
 COOLING
  YESTERDAY       19            17      2       22
  MONTH TO DATE  512           475     37      521
  SINCE JUN 1   1003           919     84     1015
  SINCE JAN 1   1456          1332    124     1603
......................................................


WIND (MPH)
  HIGHEST WIND SPEED    20   HIGHEST WIND DIRECTION    SW (220)
  HIGHEST GUST SPEED    27   HIGHEST GUST DIRECTION    SW (220)
  AVERAGE WIND SPEED     6.5








-  INDICATES NEGATIVE NUMBERS.
R  INDICATES RECORD WAS SET OR TIED.
MM INDICATES DATA IS MISSING.
T  INDICATES TRACE AMOUNT.




$$
