000
CDUS44 KTAE 230631
CLIDHN


CLIMATE REPORT
NATIONAL WEATHER SERVICE TALLAHASSEE FL
230 AM EDT FRI JUN 23 2017


...................................

...THE DOTHAN CLIMATE SUMMARY FOR JUNE 22 2017...

CLIMATE NORMAL PERIOD 1981 TO 2010
CLIMATE RECORD PERIOD 1965 TO 2017


WEATHER ITEM   OBSERVED TIME   NORMAL DEPARTURE LAST
                VALUE   (LST)  VALUE  FROM      YEAR
                                      NORMAL
......................................................
TEMPERATURE (F)
 YESTERDAY
  MAXIMUM         91    401 PM  91      0       91
  MINIMUM         75   1116 PM  71      4       67
  AVERAGE         83            81      2       79

PRECIPITATION (IN)
  YESTERDAY        0.13          0.18  -0.05     0.00
  MONTH TO DATE    3.35          4.22  -0.87     4.05
  SINCE JUN 1      3.35          4.22  -0.87     4.05
  SINCE JAN 1     30.60         26.58   4.02    28.47

SNOWFALL (IN)
  YESTERDAY        0.0

DEGREE DAYS
 COOLING
  YESTERDAY       18            16      2       14
  MONTH TO DATE  287           315    -28      349
  SINCE JUN 1    287           315    -28      349
  SINCE JAN 1    883           728    155      802
......................................................


WIND (MPH)
  HIGHEST WIND SPEED    24   HIGHEST WIND DIRECTION     S (170)
  HIGHEST GUST SPEED    32   HIGHEST GUST DIRECTION     S (180)
  AVERAGE WIND SPEED    12.3








-  INDICATES NEGATIVE NUMBERS.
R  INDICATES RECORD WAS SET OR TIED.
MM INDICATES DATA IS MISSING.
T  INDICATES TRACE AMOUNT.




$$
