887
CDUS44 KTAE 010637
CLIDHN


CLIMATE REPORT
NATIONAL WEATHER SERVICE TALLAHASSEE FL
236 AM EDT WED JUN 1 2016


...................................

...THE DOTHAN CLIMATE SUMMARY FOR MAY 31 2016...

CLIMATE NORMAL PERIOD 1981 TO 2010
CLIMATE RECORD PERIOD 1965 TO 2016


WEATHER ITEM   OBSERVED TIME   NORMAL DEPARTURE LAST
                VALUE   (LST)  VALUE  FROM      YEAR
                                      NORMAL
......................................................
TEMPERATURE (F)
 YESTERDAY
  MAXIMUM         96    243 PM  88      8       90
  MINIMUM         70    231 AM  67      3       69
  AVERAGE         83            78      5       80

PRECIPITATION (IN)
  YESTERDAY        0.12          0.19  -0.07     0.00
  MONTH TO DATE    1.62          3.56  -1.94     5.42
  SINCE MAR 1     13.57         12.96   0.61    17.58
  SINCE JAN 1     24.42         22.36   2.06    24.25

SNOWFALL (IN)
  YESTERDAY        0.0

DEGREE DAYS
 COOLING
  YESTERDAY       18            13      5       15
  MONTH TO DATE  287           292     -5      344
  SINCE MAR 1    447           403     44      584
  SINCE JAN 1    453           413     40      588
......................................................


WIND (MPH)
  HIGHEST WIND SPEED    31   HIGHEST WIND DIRECTION     S (200)
  HIGHEST GUST SPEED    38   HIGHEST GUST DIRECTION     S (200)
  AVERAGE WIND SPEED     5.8








-  INDICATES NEGATIVE NUMBERS.
R  INDICATES RECORD WAS SET OR TIED.
MM INDICATES DATA IS MISSING.
T  INDICATES TRACE AMOUNT.




$$
