507
CDUS44 KAMA 270632
CLIDHT


CLIMATE REPORT
NATIONAL WEATHER SERVICE AMARILLO TX
131 AM CDT FRI MAY 27 2016


...................................

...THE DALHART CLIMATE SUMMARY FOR MAY 26 2016...

CLIMATE NORMAL PERIOD 1981 TO 2010
CLIMATE RECORD PERIOD 1948 TO 2016


WEATHER ITEM   OBSERVED TIME   RECORD YEAR NORMAL DEPARTURE LAST
                VALUE   (LST)  VALUE       VALUE  FROM      YEAR
                                                  NORMAL
..................................................................
TEMPERATURE (F)
 YESTERDAY
  MAXIMUM         85    439 PM 102    2006  81      4       79
  MINIMUM         47    613 AM  38    1950  52     -5       51
  AVERAGE         66                        67     -1       65

PRECIPITATION (IN)
  YESTERDAY        0.00          2.03 1978   0.08  -0.08     0.00
  MONTH TO DATE    2.35                      1.82   0.53     1.97
  SINCE MAR 1      6.69                      4.07   2.62     3.35
  SINCE JAN 1      6.94                      4.99   1.95     6.66

SNOWFALL (IN)
  YESTERDAY        0.0           T    1999   0.0    0.0      0.0
  MONTH TO DATE    0.0                       0.1   -0.1      0.0
  SINCE MAR 1      0.0                       5.5   -5.5      0.8
  SINCE JUL 1      2.5                      19.0  -16.5     34.1
  SNOW DEPTH       0

DEGREE DAYS
 HEATING
  YESTERDAY        0                         2     -2        0
  MONTH TO DATE  138                       107     31      127
  SINCE MAR 1    899                      1066   -167      861
  SINCE JUL 1   3844                      4709   -865     4154

 COOLING
  YESTERDAY        1                         3     -2        0
  MONTH TO DATE   38                        45     -7       12
  SINCE MAR 1     40                        51    -11       13
  SINCE JAN 1     40                        51    -11       13
..................................................................


WIND (MPH)
  RESULTANT WIND SPEED  10   RESULTANT WIND DIRECTION  SW (230)
  HIGHEST WIND SPEED    30   HIGHEST WIND DIRECTION    SW (220)
  HIGHEST GUST SPEED    37   HIGHEST GUST DIRECTION    SW (220)
  AVERAGE WIND SPEED    11.6


SKY COVER
  AVERAGE SKY COVER 0.0


WEATHER CONDITIONS
 THE FOLLOWING WEATHER WAS RECORDED YESTERDAY.
  HAZE


RELATIVE HUMIDITY (PERCENT)
 HIGHEST    66           300 AM
 LOWEST     10           600 PM
 AVERAGE    38

..........................................................


THE DALHART CLIMATE NORMALS FOR TODAY
                         NORMAL    RECORD    YEAR
 MAXIMUM TEMPERATURE (F)   82        97      2006
 MINIMUM TEMPERATURE (F)   52        39      1992


SUNRISE AND SUNSET
MAY 27 2016...........SUNRISE   637 AM CDT   SUNSET   859 PM CDT
MAY 28 2016...........SUNRISE   636 AM CDT   SUNSET   859 PM CDT


-  INDICATES NEGATIVE NUMBERS.
R  INDICATES RECORD WAS SET OR TIED.
MM INDICATES DATA IS MISSING.
T  INDICATES TRACE AMOUNT.




$$
