000
CDUS44 KAMA 180734
CLIDHT


CLIMATE REPORT
NATIONAL WEATHER SERVICE AMARILLO TX
134 AM CST SAT NOV 18 2017


...................................

...THE DALHART CLIMATE SUMMARY FOR NOVEMBER 17 2017...

CLIMATE NORMAL PERIOD 1981 TO 2010
CLIMATE RECORD PERIOD 1948 TO 2017


WEATHER ITEM   OBSERVED TIME   RECORD YEAR NORMAL DEPARTURE LAST
                VALUE   (LST)  VALUE       VALUE  FROM      YEAR
                                                  NORMAL
..................................................................
TEMPERATURE (F)
 YESTERDAY
  MAXIMUM         87R   235 PM  78    2016  59     28       78
  MINIMUM         48    423 AM   5    2014  27     21       40
  AVERAGE         68                        43     25       59

PRECIPITATION (IN)
  YESTERDAY        0.00          0.34 1971   0.02  -0.02     0.00
  MONTH TO DATE    0.13                      0.40  -0.27     1.13
  SINCE SEP 1      7.17                      3.52   3.65     4.65
  SINCE JAN 1     24.41                     16.87   7.54    18.84

SNOWFALL (IN)
  YESTERDAY        0.0           2.7  1962   0.0    0.0      0.0
  MONTH TO DATE    2.3                       0.5    1.8      0.0
  SINCE SEP 1      2.3                       1.1    1.2      0.0
  SINCE JUL 1      2.3                       1.1    1.2      0.0
  SNOW DEPTH       0

DEGREE DAYS
 HEATING
  YESTERDAY        0                        22    -22        6
  MONTH TO DATE  194                       309   -115      177
  SINCE SEP 1    471                       666   -195      298
  SINCE JUL 1    471                       669   -198      298

 COOLING
  YESTERDAY        3                         0      3        0
  MONTH TO DATE    5                         0      5        0
  SINCE SEP 1    201                       142     59      281
  SINCE JAN 1   1349                      1138    211     1556
..................................................................


WIND (MPH)
  RESULTANT WIND SPEED  16   RESULTANT WIND DIRECTION  SW (240)
  HIGHEST WIND SPEED    32   HIGHEST WIND DIRECTION    SW (240)
  HIGHEST GUST SPEED    42   HIGHEST GUST DIRECTION     W (250)
  AVERAGE WIND SPEED    16.4


SKY COVER
  AVERAGE SKY COVER 0.0


WEATHER CONDITIONS
 THE FOLLOWING WEATHER WAS RECORDED YESTERDAY.
  NO SIGNIFICANT WEATHER WAS OBSERVED.


RELATIVE HUMIDITY (PERCENT)
 HIGHEST    61          1200 AM
 LOWEST     16           300 PM
 AVERAGE    39

..........................................................


THE DALHART CLIMATE NORMALS FOR TODAY
                         NORMAL    RECORD    YEAR
 MAXIMUM TEMPERATURE (F)   59        80      1986
 MINIMUM TEMPERATURE (F)   27        10      1961


SUNRISE AND SUNSET
NOVEMBER 18 2017......SUNRISE   730 AM CST   SUNSET   541 PM CST
NOVEMBER 19 2017......SUNRISE   731 AM CST   SUNSET   540 PM CST


-  INDICATES NEGATIVE NUMBERS.
R  INDICATES RECORD WAS SET OR TIED.
MM INDICATES DATA IS MISSING.
T  INDICATES TRACE AMOUNT.




$$
