000
CDUS44 KAMA 020638
CLIDHT


CLIMATE REPORT
NATIONAL WEATHER SERVICE AMARILLO TX
137 AM CDT THU JUL 2 2015


...................................

...THE DALHART CLIMATE SUMMARY FOR JULY 1 2015...

CLIMATE NORMAL PERIOD 1981 TO 2010
CLIMATE RECORD PERIOD 1894 TO 2015


WEATHER ITEM   OBSERVED TIME   RECORD YEAR NORMAL DEPARTURE LAST
                VALUE   (LST)  VALUE       VALUE  FROM      YEAR
                                                  NORMAL
..................................................................
TEMPERATURE (F)
 YESTERDAY
  MAXIMUM        101    442 PM 104    1994  91     10       81
  MINIMUM         59    447 AM  56    1995  61     -2       64
  AVERAGE         80                        76      4       73

PRECIPITATION (IN)
  YESTERDAY        0.00          1.78 1977   0.09  -0.09      T
  MONTH TO DATE    0.00                      0.09  -0.09      T
  SINCE JUN 1      0.85                      2.39  -1.54     3.77
  SINCE JAN 1      7.56                      7.80  -0.24     5.61

SNOWFALL (IN)
  YESTERDAY        0.0           0.0    MM   0.0    0.0      0.0
  MONTH TO DATE    0.0                       0.0    0.0      0.0
  SINCE JUN 1      0.0                       0.0    0.0      0.0
  SINCE JUL 1      0.0                       0.0    0.0      0.0
  SNOW DEPTH       0

DEGREE DAYS
 HEATING
  YESTERDAY        0                         0      0        0
  MONTH TO DATE    0                         0      0        0
  SINCE JUN 1      0                        12    -12        4
  SINCE JUL 1      0                         0      0        0

 COOLING
  YESTERDAY       15                        11      4        8
  MONTH TO DATE   15                        11      4        8
  SINCE JUN 1    348                       251     97      304
  SINCE JAN 1    370                       323     47      424
..................................................................


WIND (MPH)
  RESULTANT WIND SPEED   5   RESULTANT WIND DIRECTION   S (190)
  HIGHEST WIND SPEED    30   HIGHEST WIND DIRECTION     N (360)
  HIGHEST GUST SPEED    39   HIGHEST GUST DIRECTION     N (360)
  AVERAGE WIND SPEED     9.8


SKY COVER
  AVERAGE SKY COVER 0.1


WEATHER CONDITIONS
 THE FOLLOWING WEATHER WAS RECORDED YESTERDAY.
  NO SIGNIFICANT WEATHER WAS OBSERVED.


RELATIVE HUMIDITY (PERCENT)
 HIGHEST    78           400 AM
 LOWEST     18           400 PM
 AVERAGE    48

..........................................................


THE DALHART CLIMATE NORMALS FOR TODAY
                         NORMAL    RECORD    YEAR
 MAXIMUM TEMPERATURE (F)   91       105      1994
 MINIMUM TEMPERATURE (F)   61        55      1992


SUNRISE AND SUNSET
JULY  2 2015..........SUNRISE   637 AM CDT   SUNSET   911 PM CDT
JULY  3 2015..........SUNRISE   638 AM CDT   SUNSET   911 PM CDT


-  INDICATES NEGATIVE NUMBERS.
R  INDICATES RECORD WAS SET OR TIED.
MM INDICATES DATA IS MISSING.
T  INDICATES TRACE AMOUNT.




$$
