000
CDUS44 KAMA 180630
CLIDHT


CLIMATE REPORT
NATIONAL WEATHER SERVICE AMARILLO TX
130 AM CDT FRI APR 18 2014


...THE DALHART CLIMATE SUMMARY FOR APRIL 17 2014...

CLIMATE NORMAL PERIOD 1981 TO 2010
CLIMATE RECORD PERIOD 1894 TO 2014


WEATHER ITEM   OBSERVED TIME   RECORD YEAR NORMAL DEPARTURE LAST
                VALUE   (LST)  VALUE       VALUE  FROM      YEAR
                                                  NORMAL
..................................................................
TEMPERATURE (F)
 YESTERDAY
  MAXIMUM         56    522 PM  89    2006  70    -14       45
  MINIMUM         38   1159 PM  27    1953  38      0       31
  AVERAGE         47                        54     -7       38

PRECIPITATION (IN)
  YESTERDAY        0.00          1.38 1970   0.04  -0.04      T
  MONTH TO DATE    0.11                      0.55  -0.44      T
  SINCE MAR 1      0.20                      1.72  -1.52     0.06
  SINCE JAN 1      0.29                      2.64  -2.35     0.86

SNOWFALL (IN)
  YESTERDAY        0.0           T    2013   0.0    0.0       T
  MONTH TO DATE    1.0                       0.9    0.1       T
  SINCE MAR 1      2.1                       5.1   -3.0      3.3
  SINCE JUL 1     17.4                      18.6   -1.2     21.6
  SNOW DEPTH       0

DEGREE DAYS
 HEATING
  YESTERDAY       18                        11      7       27
  MONTH TO DATE  235                       228      7      259
  SINCE MAR 1    824                       839    -15      792
  SINCE JUL 1   4418                      4482    -64     4117

 COOLING
  YESTERDAY        0                         0      0        0
  MONTH TO DATE    2                         0      2        1
  SINCE MAR 1      2                         0      2        1
  SINCE JAN 1      2                         0      2        1
..................................................................


WIND (MPH)
  RESULTANT WIND SPEED  13   RESULTANT WIND DIRECTION  NE (50)
  HIGHEST WIND SPEED    29   HIGHEST WIND DIRECTION    NE (40)
  HIGHEST GUST SPEED    37   HIGHEST GUST DIRECTION    NE (40)
  AVERAGE WIND SPEED   13.9


SKY COVER
  AVERAGE SKY COVER 0.4


WEATHER CONDITIONS
 THE FOLLOWING WEATHER WAS RECORDED YESTERDAY.
  NO SIGNIFICANT WEATHER WAS OBSERVED.


RELATIVE HUMIDITY (PERCENT)
 HIGHEST    79          1100 PM
 LOWEST     41           600 PM
 AVERAGE    60

..................................................................


THE DALHART CLIMATE NORMALS FOR TODAY
                         NORMAL    RECORD    YEAR
 MAXIMUM TEMPERATURE (F)   70        91      2011
                                             1994
 MINIMUM TEMPERATURE (F)   38        21      1953


SUNRISE AND SUNSET
APRIL 18 2014.........SUNRISE   713 AM CDT   SUNSET   826 PM CDT
APRIL 19 2014.........SUNRISE   712 AM CDT   SUNSET   827 PM CDT


-  INDICATES NEGATIVE NUMBERS.
R  INDICATES RECORD WAS SET OR TIED.
MM INDICATES DATA IS MISSING.
T  INDICATES TRACE AMOUNT.


$$
