000
CDUS44 KAMA 251408
CLIDHT


CLIMATE REPORT
NATIONAL WEATHER SERVICE AMARILLO TX
908 AM CDT THU MAY 25 2017


...................................

...THE DALHART CLIMATE SUMMARY FOR MAY 25 2017...
VALID AS OF 0900 AM LOCAL TIME.

CLIMATE NORMAL PERIOD 1981 TO 2010
CLIMATE RECORD PERIOD 1948 TO 2017


WEATHER ITEM   OBSERVED TIME   RECORD YEAR NORMAL DEPARTURE LAST
                VALUE   (LST)  VALUE       VALUE  FROM      YEAR
                                                  NORMAL
..................................................................
TEMPERATURE (F)
 TODAY
  MINIMUM         49    539 AM  36    1950  52     -3       49

PRECIPITATION (IN)
  TODAY            0.00          1.04 1976   0.08  -0.08     0.00
  MONTH TO DATE    1.30                      1.74  -0.44     2.35
  SINCE MAR 1      7.97                      3.99   3.98     6.83
  SINCE JAN 1      9.05                      4.91   4.14     7.21

SNOWFALL (IN)
  TODAY            0.0           T    1996   0.0    0.0      0.0
  MONTH TO DATE    0.0                       0.1   -0.1      0.0
  SINCE MAR 1     10.0                       5.5    4.5      6.0
  SINCE JUL 1     11.3                      19.0   -7.7     12.7
  SNOW DEPTH       0

..................................................................


WIND (MPH)
  RESULTANT WIND SPEED   6   RESULTANT WIND DIRECTION   W (260)
  HIGHEST WIND SPEED    15   HIGHEST WIND DIRECTION     W (280)
  HIGHEST GUST SPEED    19   HIGHEST GUST DIRECTION     W (280)
  AVERAGE WIND SPEED     7.3


SKY COVER
  AVERAGE SKY COVER 0.0


WEATHER CONDITIONS
 THE FOLLOWING WEATHER WAS RECORDED TODAY.
  NO SIGNIFICANT WEATHER WAS OBSERVED.


RELATIVE HUMIDITY (PERCENT)
 HIGHEST    71           300 AM
 LOWEST     52           700 AM
 AVERAGE    62

..........................................................


THE DALHART CLIMATE NORMALS FOR TOMORROW
                         NORMAL    RECORD    YEAR
 MAXIMUM TEMPERATURE (F)   81       102      2006
 MINIMUM TEMPERATURE (F)   52        38      1950


SUNRISE AND SUNSET
MAY 25 2017...........SUNRISE   638 AM CDT   SUNSET   857 PM CDT
MAY 26 2017...........SUNRISE   637 AM CDT   SUNSET   858 PM CDT


-  INDICATES NEGATIVE NUMBERS.
R  INDICATES RECORD WAS SET OR TIED.
MM INDICATES DATA IS MISSING.
T  INDICATES TRACE AMOUNT.




$$
