000
CDUS44 KAMA 230731
CLIDHT


CLIMATE REPORT
NATIONAL WEATHER SERVICE AMARILLO TX
131 AM CST TUE JAN 23 2018


...................................

...THE DALHART CLIMATE SUMMARY FOR JANUARY 22 2018...

CLIMATE NORMAL PERIOD 1981 TO 2010
CLIMATE RECORD PERIOD 1948 TO 2018


WEATHER ITEM   OBSERVED TIME   RECORD YEAR NORMAL DEPARTURE LAST
                VALUE   (LST)  VALUE       VALUE  FROM      YEAR
                                                  NORMAL
..................................................................
TEMPERATURE (F)
 YESTERDAY
  MAXIMUM         49    422 PM  75    1967  51     -2       56
  MINIMUM         17   1041 PM  -7    1966  20     -3       29
  AVERAGE         33                        35     -2       43

PRECIPITATION (IN)
  YESTERDAY        0.00          0.70 1968   0.02  -0.02     0.00
  MONTH TO DATE    0.01                      0.34  -0.33     1.03
  SINCE DEC 1      0.01                      0.88  -0.87     1.23
  SINCE JAN 1      0.01                      0.34  -0.33     1.03

SNOWFALL (IN)
  YESTERDAY        0.0           4.1  1995   0.2   -0.2      0.0
  MONTH TO DATE    T                         2.9   -2.9      0.0
  SINCE DEC 1      T                         7.2   -7.2      1.3
  SINCE JUL 1      2.3                       9.1   -6.8      1.3
  SNOW DEPTH       0

DEGREE DAYS
 HEATING
  YESTERDAY       32                        30      2       22
  MONTH TO DATE  665                       671     -6      598
  SINCE DEC 1   1524                      1619    -95     1490
  SINCE JUL 1   2199                      2614   -415     2066

 COOLING
  YESTERDAY        0                         0      0        0
  MONTH TO DATE    0                         0      0        0
  SINCE DEC 1      0                         0      0        0
  SINCE JAN 1      0                         0      0        0
..................................................................


WIND (MPH)
  RESULTANT WIND SPEED  11   RESULTANT WIND DIRECTION  NW (310)
  HIGHEST WIND SPEED    26   HIGHEST WIND DIRECTION     N (350)
  HIGHEST GUST SPEED    36   HIGHEST GUST DIRECTION    NW (330)
  AVERAGE WIND SPEED    12.7


SKY COVER
  AVERAGE SKY COVER 0.0


WEATHER CONDITIONS
 THE FOLLOWING WEATHER WAS RECORDED YESTERDAY.
  NO SIGNIFICANT WEATHER WAS OBSERVED.


RELATIVE HUMIDITY (PERCENT)
 HIGHEST    77           700 AM
 LOWEST     12           300 PM
 AVERAGE    45

..........................................................


THE DALHART CLIMATE NORMALS FOR TODAY
                         NORMAL    RECORD    YEAR
 MAXIMUM TEMPERATURE (F)   51        74      1972
 MINIMUM TEMPERATURE (F)   20        -2      1963


SUNRISE AND SUNSET
JANUARY 23 2018.......SUNRISE   757 AM CST   SUNSET   608 PM CST
JANUARY 24 2018.......SUNRISE   756 AM CST   SUNSET   609 PM CST


-  INDICATES NEGATIVE NUMBERS.
R  INDICATES RECORD WAS SET OR TIED.
MM INDICATES DATA IS MISSING.
T  INDICATES TRACE AMOUNT.




$$
