000
CDUS43 KBIS 110019
CLIDIK


CLIMATE REPORT
NATIONAL WEATHER SERVICE BISMARCK ND
719 PM CDT THU JUL 10 2014


...................................

...THE DICKINSON ND CLIMATE SUMMARY FOR JULY 10 2014...
VALID TODAY AS OF 0700 PM LOCAL TIME.

CLIMATE NORMAL PERIOD 1981 TO 2010
CLIMATE RECORD PERIOD 1903 TO 2014


WEATHER ITEM   OBSERVED TIME   RECORD YEAR NORMAL DEPARTURE LAST
                VALUE   (LST)  VALUE       VALUE  FROM      YEAR
                                                  NORMAL
..................................................................
TEMPERATURE (F)
 TODAY
  MAXIMUM         82    400 PM 109    1936  83     -1       80
  MINIMUM         59    400 AM  37    1932  54      5       51
  AVERAGE         71                        68      3       66

PRECIPITATION (IN)
  TODAY            0.02          1.17 1990   0.09  -0.07     0.00
  MONTH TO DATE    0.15                      0.92  -0.77     1.52
  SINCE JUN 1      3.98                      4.12  -0.14     3.84
  SINCE JAN 1     12.02                      9.23   2.79    12.77

DEGREE DAYS
 HEATING
  TODAY            0                         1     -1        0
  MONTH TO DATE   16                        16      0        1
  SINCE JUN 1    181                       153     28      125
  SINCE JUL 1     16                        16      0        1

 COOLING
  TODAY            6                         5      1        1
  MONTH TO DATE   31                        42    -11       40
  SINCE JUN 1     43                        96    -53       66
  SINCE JAN 1     73                       106    -33       75
..................................................................


WIND (MPH)
  RESULTANT WIND SPEED  10   RESULTANT WIND DIRECTION   S (170)
  HIGHEST WIND SPEED    14   HIGHEST WIND DIRECTION     S (170)
  HIGHEST GUST SPEED    17   HIGHEST GUST DIRECTION     S (190)
  AVERAGE WIND SPEED    10.1


SKY COVER
  POSSIBLE SUNSHINE  MM
  AVERAGE SKY COVER 0.3


WEATHER CONDITIONS
 THE FOLLOWING WEATHER WAS RECORDED TODAY.
  LIGHT RAIN


RELATIVE HUMIDITY (PERCENT)
 HIGHEST    90           700 AM
 LOWEST     51           100 PM
 AVERAGE    71

..........................................................


THE DICKINSON ND CLIMATE NORMALS FOR TOMORROW
                         NORMAL    RECORD    YEAR
 MAXIMUM TEMPERATURE (F)   83       110      1936
 MINIMUM TEMPERATURE (F)   55        43      1922


SUNRISE AND SUNSET
JULY 10 2014..........SUNRISE   508 AM MDT   SUNSET   845 PM MDT
JULY 11 2014..........SUNRISE   508 AM MDT   SUNSET   844 PM MDT


-  INDICATES NEGATIVE NUMBERS.
R  INDICATES RECORD WAS SET OR TIED.
MM INDICATES DATA IS MISSING.
T  INDICATES TRACE AMOUNT.




$$
