607
CDUS43 KBIS 250059
CLIDIK


CLIMATE REPORT
NATIONAL WEATHER SERVICE BISMARCK ND
759 PM CDT TUE MAY 24 2016


...................................

...THE DICKINSON ND CLIMATE SUMMARY FOR MAY 24 2016...
VALID TODAY AS OF 0700 PM LOCAL TIME.

CLIMATE NORMAL PERIOD 1981 TO 2010
CLIMATE RECORD PERIOD 1893 TO 2016


WEATHER ITEM   OBSERVED TIME   RECORD YEAR NORMAL DEPARTURE LAST
                VALUE   (LST)  VALUE       VALUE  FROM      YEAR
                                                  NORMAL
..................................................................
TEMPERATURE (F)
 TODAY
  MAXIMUM         72    253 PM  92    1985  68      4       68
                                      1926
  MINIMUM         36    200 AM  23    1924  43     -7       45
  AVERAGE         54                        56     -2       57

PRECIPITATION (IN)
  TODAY            0.00          2.67 2014   0.08  -0.08      T
  MONTH TO DATE    0.05                      1.73  -1.68     1.53
  SINCE MAR 1      2.68                      3.89  -1.21     3.03
  SINCE JAN 1      3.10                      4.52  -1.42     3.30

DEGREE DAYS
 HEATING
  TODAY           11                        10      1        8
  MONTH TO DATE  302                       318    -16      372
  SINCE MAR 1   1848                      2086   -238     1839
  SINCE JUL 1   7257                      8380  -1123     7954

 COOLING
  TODAY            0                         0      0        0
  MONTH TO DATE    3                         0      3        0
  SINCE MAR 1      3                         1      2        0
  SINCE JAN 1      3                         1      2        0
..................................................................


WIND (MPH)
  RESULTANT WIND SPEED   3   RESULTANT WIND DIRECTION   W (270)
  HIGHEST WIND SPEED    10   HIGHEST WIND DIRECTION    SW (220)
  HIGHEST GUST SPEED    17   HIGHEST GUST DIRECTION     S (160)
  AVERAGE WIND SPEED     6.8


SKY COVER
  POSSIBLE SUNSHINE  MM
  AVERAGE SKY COVER 0.4


WEATHER CONDITIONS
 THE FOLLOWING WEATHER WAS RECORDED TODAY.
  NO SIGNIFICANT WEATHER WAS OBSERVED.


RELATIVE HUMIDITY (PERCENT)
 HIGHEST    85           200 AM
 LOWEST     27           200 PM
 AVERAGE    56

..........................................................


THE DICKINSON ND CLIMATE NORMALS FOR TOMORROW
                         NORMAL    RECORD    YEAR
 MAXIMUM TEMPERATURE (F)   69        95      1931
 MINIMUM TEMPERATURE (F)   43        24      1924


SUNRISE AND SUNSET
MAY 24 2016...........SUNRISE   506 AM MDT   SUNSET   830 PM MDT
MAY 25 2016...........SUNRISE   506 AM MDT   SUNSET   831 PM MDT


-  INDICATES NEGATIVE NUMBERS.
R  INDICATES RECORD WAS SET OR TIED.
MM INDICATES DATA IS MISSING.
T  INDICATES TRACE AMOUNT.




$$
