000
CDUS43 KBIS 180751
CLIDIK


CLIMATE REPORT
NATIONAL WEATHER SERVICE BISMARCK ND
150 AM CST WED JAN 18 2017


...................................

...THE DICKINSON ND CLIMATE SUMMARY FOR JANUARY 17 2017...

CLIMATE NORMAL PERIOD 1981 TO 2010
CLIMATE RECORD PERIOD 1893 TO 2017


WEATHER ITEM   OBSERVED TIME   RECORD YEAR NORMAL DEPARTURE LAST
                VALUE   (LST)  VALUE       VALUE  FROM      YEAR
                                                  NORMAL
..................................................................
TEMPERATURE (F)
 YESTERDAY
  MAXIMUM         34   1123 PM  51    1974  26      8        4
                                      1944
  MINIMUM         12    412 AM -40    1943   6      6      -18
  AVERAGE         23                        16      7       -7

PRECIPITATION (IN)
  YESTERDAY        0.00          0.33 1996   0.01  -0.01     0.00
  MONTH TO DATE    0.04                      0.18  -0.14     0.04
  SINCE DEC 1      0.20                      0.42  -0.22     0.30
  SINCE JAN 1      0.04                      0.18  -0.14     0.04

DEGREE DAYS
 HEATING
  YESTERDAY       42                        49     -7       72
  MONTH TO DATE 1076                       833    243      880
  SINCE DEC 1   2705                      2293    412     2158
  SINCE JUL 1   4372                      4370      2     3832

 COOLING
  YESTERDAY        0                         0      0        0
  MONTH TO DATE    0                         0      0        0
  SINCE DEC 1      0                         0      0        0
  SINCE JAN 1      0                         0      0        0
..................................................................


WIND (MPH)
  HIGHEST WIND SPEED    22   HIGHEST WIND DIRECTION     W (270)
  HIGHEST GUST SPEED    24   HIGHEST GUST DIRECTION     W (270)
  AVERAGE WIND SPEED    12.9


SKY COVER
  POSSIBLE SUNSHINE  MM
  AVERAGE SKY COVER 0.0


WEATHER CONDITIONS
 THE FOLLOWING WEATHER WAS RECORDED YESTERDAY.
  NO SIGNIFICANT WEATHER WAS OBSERVED.


RELATIVE HUMIDITY (PERCENT)
 HIGHEST    76          1200 AM
 LOWEST     55          1000 AM
 AVERAGE    66

..........................................................


THE DICKINSON ND CLIMATE NORMALS FOR TODAY
                         NORMAL    RECORD    YEAR
 MAXIMUM TEMPERATURE (F)   26        55      1908
 MINIMUM TEMPERATURE (F)    6       -41      1943


SUNRISE AND SUNSET
JANUARY 18 2017.......SUNRISE   729 AM MST   SUNSET   434 PM MST
JANUARY 19 2017.......SUNRISE   729 AM MST   SUNSET   436 PM MST


-  INDICATES NEGATIVE NUMBERS.
R  INDICATES RECORD WAS SET OR TIED.
MM INDICATES DATA IS MISSING.
T  INDICATES TRACE AMOUNT.




$$
