000
CDUS43 KBIS 260805
CLIDIK


CLIMATE REPORT
NATIONAL WEATHER SERVICE BISMARCK ND
305 AM CDT WED APR 26 2017


...................................

...THE DICKINSON ND CLIMATE SUMMARY FOR APRIL 25 2017...

CLIMATE NORMAL PERIOD 1981 TO 2010
CLIMATE RECORD PERIOD 1893 TO 2017


WEATHER ITEM   OBSERVED TIME   RECORD YEAR NORMAL DEPARTURE LAST
                VALUE   (LST)  VALUE       VALUE  FROM      YEAR
                                                  NORMAL
..................................................................
TEMPERATURE (F)
 YESTERDAY
  MAXIMUM         32    650 PM  82    1952  60    -28       37
  MINIMUM         25    900 AM  13    1907  33     -8       31
  AVERAGE         29                        46    -17       34

PRECIPITATION (IN)
  YESTERDAY        T             1.49 1899   0.06  -0.06     0.33
  MONTH TO DATE    0.50                      1.14  -0.64     1.65
  SINCE MAR 1      0.84                      1.83  -0.99     1.90
  SINCE JAN 1      1.12                      2.46  -1.34     2.32

DEGREE DAYS
 HEATING
  YESTERDAY       36                        19     17       31
  MONTH TO DATE  576                       591    -15      554
  SINCE MAR 1   1589                      1677    -88     1425
  SINCE JUL 1   7719                      7971   -252     6834

 COOLING
  YESTERDAY        0                         0      0        0
  MONTH TO DATE    0                         0      0        0
  SINCE MAR 1      0                         0      0        0
  SINCE JAN 1      0                         0      0        0
..................................................................


WIND (MPH)
  HIGHEST WIND SPEED    22   HIGHEST WIND DIRECTION    NE (40)
  HIGHEST GUST SPEED    27   HIGHEST GUST DIRECTION    NE (40)
  AVERAGE WIND SPEED    12.6


SKY COVER
  POSSIBLE SUNSHINE  MM
  AVERAGE SKY COVER 1.0


WEATHER CONDITIONS
 THE FOLLOWING WEATHER WAS RECORDED YESTERDAY.
  LT FREEZING RAIN
  FOG


RELATIVE HUMIDITY (PERCENT)
 HIGHEST   100           300 AM
 LOWEST     66           500 PM
 AVERAGE    83

..........................................................


THE DICKINSON ND CLIMATE NORMALS FOR TODAY
                         NORMAL    RECORD    YEAR
 MAXIMUM TEMPERATURE (F)   60        87      1952
 MINIMUM TEMPERATURE (F)   33        16      1931


SUNRISE AND SUNSET
APRIL 26 2017.........SUNRISE   544 AM MDT   SUNSET   755 PM MDT
APRIL 27 2017.........SUNRISE   542 AM MDT   SUNSET   756 PM MDT


-  INDICATES NEGATIVE NUMBERS.
R  INDICATES RECORD WAS SET OR TIED.
MM INDICATES DATA IS MISSING.
T  INDICATES TRACE AMOUNT.




$$
