000
CDUS43 KDLH 262232
CLIDLH


CLIMATE REPORT
NATIONAL WEATHER SERVICE DULUTH MN
530 PM CDT FRI MAY 26 2017


...................................

...THE DULUTH MN CLIMATE SUMMARY FOR MAY 26 2017...
VALID TODAY AS OF 0500 PM LOCAL TIME.

CLIMATE NORMAL PERIOD 1981 TO 2010
CLIMATE RECORD PERIOD 1870 TO 2017


WEATHER ITEM   OBSERVED TIME   RECORD YEAR NORMAL DEPARTURE LAST
                VALUE   (LST)  VALUE       VALUE  FROM      YEAR
                                                  NORMAL
..................................................................
TEMPERATURE (F)
 TODAY
  MAXIMUM         69    155 PM  85    2014  65      4       69
                                      1978
  MINIMUM         48    608 AM  28    1992  43      5       43
  AVERAGE         59                        54      5       56

PRECIPITATION (IN)
  TODAY            0.02          1.28 1959   0.11  -0.09     0.00
  MONTH TO DATE    3.80                      2.68   1.12     1.31
  SINCE MAR 1      7.87                      6.60   1.27     7.67
  SINCE JAN 1     10.83                      8.37   2.46     9.55

SNOWFALL (IN)
  TODAY            0.0           T    1947   0.0    0.0      0.0
  MONTH TO DATE    0.8                       0.4    0.4      0.1
  SINCE JUL 1     67.0                      86.1  -19.1     81.4
  SNOW DEPTH       0

DEGREE DAYS
 HEATING
  TODAY            6                        11     -5        9
  MONTH TO DATE  401                       375     26      331
  SINCE MAR 1   2272                      2347    -75     2168
  SINCE JUL 1   7962                      9214  -1252     8005

 COOLING
  TODAY            0                         0      0        0
  MONTH TO DATE    0                         0      0        8
  SINCE MAR 1      0                         0      0        8
  SINCE JAN 1      0                         0      0        8
..................................................................


WIND (MPH)
  HIGHEST WIND SPEED    15   HIGHEST WIND DIRECTION    SE (130)
  HIGHEST GUST SPEED    17   HIGHEST GUST DIRECTION     E (110)
  AVERAGE WIND SPEED     8.4


SKY COVER
  POSSIBLE SUNSHINE  MM
  AVERAGE SKY COVER 0.8


WEATHER CONDITIONS
 THE FOLLOWING WEATHER WAS RECORDED TODAY.
  LIGHT RAIN


RELATIVE HUMIDITY (PERCENT)
 HIGHEST    93           300 AM
 LOWEST     57           200 PM
 AVERAGE    75

..........................................................


THE DULUTH MN CLIMATE NORMALS FOR TOMORROW
                         NORMAL    RECORD    YEAR
 MAXIMUM TEMPERATURE (F)   65        86      1969
 MINIMUM TEMPERATURE (F)   44        31      2008
                                             1971
                                             1907


SUNRISE AND SUNSET
MAY 26 2017...........SUNRISE   522 AM CDT   SUNSET   849 PM CDT
MAY 27 2017...........SUNRISE   521 AM CDT   SUNSET   850 PM CDT


-  INDICATES NEGATIVE NUMBERS.
R  INDICATES RECORD WAS SET OR TIED.
MM INDICATES DATA IS MISSING.
T  INDICATES TRACE AMOUNT.




$$
