000
CDUS43 KDLH 230636
CLIDLH


CLIMATE REPORT
NATIONAL WEATHER SERVICE DULUTH MN
1225 AM CST MON JAN 23 2017


...................................

...THE DULUTH MN CLIMATE SUMMARY FOR JANUARY 22 2017...

CLIMATE NORMAL PERIOD 1981 TO 2010
CLIMATE RECORD PERIOD 1870 TO 2017


WEATHER ITEM   OBSERVED TIME   RECORD YEAR NORMAL DEPARTURE LAST
                VALUE   (LST)  VALUE       VALUE  FROM      YEAR
                                                  NORMAL
..................................................................
TEMPERATURE (F)
 YESTERDAY
  MAXIMUM         37    336 PM  55    1942  19     18       19
  MINIMUM         34   1135 PM -35    1883   1     33        8
  AVERAGE         36                        10     26       14

PRECIPITATION (IN)
  YESTERDAY        T             0.81 1982   0.02  -0.02      T
  MONTH TO DATE    0.79                      0.72   0.07     0.50
  SINCE DEC 1      2.86                      1.93   0.93     4.20
  SINCE JAN 1      0.79                      0.72   0.07     0.50

SNOWFALL (IN)
  YESTERDAY        T            12.0  1982   0.6   -0.6      0.1
  MONTH TO DATE   10.2                      14.6   -4.4      8.0
  SINCE DEC 1     31.5                      32.3   -0.8     32.6
  SINCE JUL 1     39.6                      48.4   -8.8     37.0
  SNOW DEPTH       9

DEGREE DAYS
 HEATING
  YESTERDAY       29                        55    -26       51
  MONTH TO DATE 1139                      1207    -68     1228
  SINCE DEC 1   2651                      2763   -112     2415
  SINCE JUL 1   4133                      4976   -843     4078

 COOLING
  YESTERDAY        0                         0      0        0
  MONTH TO DATE    0                         0      0        0
  SINCE DEC 1      0                         0      0        0
  SINCE JAN 1      0                         0      0        0
..................................................................


WIND (MPH)
  HIGHEST WIND SPEED     9   HIGHEST WIND DIRECTION     N (340)
  HIGHEST GUST SPEED    12   HIGHEST GUST DIRECTION     N (340)
  AVERAGE WIND SPEED     4.9


SKY COVER
  AVERAGE SKY COVER 1.0


WEATHER CONDITIONS
 THE FOLLOWING WEATHER WAS RECORDED YESTERDAY.
  LIGHT RAIN
  FOG
  FOG W/VISIBILITY <= 1/4 MILE


RELATIVE HUMIDITY (PERCENT)
 HIGHEST   100           400 AM
 LOWEST     92           100 AM
 AVERAGE    96

..........................................................


THE DULUTH MN CLIMATE NORMALS FOR TODAY
                         NORMAL    RECORD    YEAR
 MAXIMUM TEMPERATURE (F)   19        55      1942
 MINIMUM TEMPERATURE (F)    1       -38      1935


SUNRISE AND SUNSET
JANUARY 23 2017.......SUNRISE   743 AM CST   SUNSET   459 PM CST
JANUARY 24 2017.......SUNRISE   742 AM CST   SUNSET   500 PM CST


-  INDICATES NEGATIVE NUMBERS.
R  INDICATES RECORD WAS SET OR TIED.
MM INDICATES DATA IS MISSING.
T  INDICATES TRACE AMOUNT.




$$
