000
CDUS43 KDLH 202221
CLIDLH


CLIMATE REPORT
NATIONAL WEATHER SERVICE DULUTH MN
520 PM CDT WED AUG 20 2014


...................................

...THE DULUTH MN CLIMATE SUMMARY FOR AUGUST 20 2014...
VALID TODAY AS OF 0500 PM LOCAL TIME.

CLIMATE NORMAL PERIOD 1981 TO 2010
CLIMATE RECORD PERIOD 1870 TO 2014


WEATHER ITEM   OBSERVED TIME   RECORD YEAR NORMAL DEPARTURE LAST
                VALUE   (LST)  VALUE       VALUE  FROM      YEAR
                                                  NORMAL
..................................................................
TEMPERATURE (F)
 TODAY
  MAXIMUM         72    235 PM  91    2013  74     -2       91
  MINIMUM         59    451 AM  36    2004  54      5       69
  AVERAGE         66                        64      2       80

PRECIPITATION (IN)
  TODAY            0.00          2.95 1972   0.12  -0.12     0.00
  MONTH TO DATE    3.60                      2.34   1.26     0.55
  SINCE JUN 1     11.49                     10.42   1.07     6.82
  SINCE JAN 1     23.92                     19.34   4.58    20.16

SNOWFALL (IN)
  TODAY            0.0           0.0  2002   0.0    0.0      0.0
                                      2001
  MONTH TO DATE    0.0                       0.0    0.0      0.0
  SINCE JUL 1      0.0                       0.0    0.0      0.0
  SNOW DEPTH       0

DEGREE DAYS
 HEATING
  TODAY            0                         3     -3        0
  MONTH TO DATE   17                        44    -27       27
  SINCE JUN 1    219                       286    -67      220
  SINCE JUL 1     57                       107    -50       74

 COOLING
  TODAY            1                         2     -1       15
  MONTH TO DATE   32                        50    -18       51
  SINCE JUN 1    146                       170    -24      245
  SINCE JAN 1    164                       174    -10      246
..................................................................


WIND (MPH)
  HIGHEST WIND SPEED     9   HIGHEST WIND DIRECTION     S (160)
  HIGHEST GUST SPEED    12   HIGHEST GUST DIRECTION     S (160)
  AVERAGE WIND SPEED     4.3


SKY COVER
  POSSIBLE SUNSHINE  MM
  AVERAGE SKY COVER 0.9


WEATHER CONDITIONS
 THE FOLLOWING WEATHER WAS RECORDED TODAY.
  FOG
  FOG W/VISIBILITY <= 1/4 MILE


RELATIVE HUMIDITY (PERCENT)
 HIGHEST    97           100 AM
 LOWEST     66           100 PM
 AVERAGE    82

..........................................................


THE DULUTH MN CLIMATE NORMALS FOR TOMORROW
                         NORMAL    RECORD    YEAR
 MAXIMUM TEMPERATURE (F)   74        90      1976
 MINIMUM TEMPERATURE (F)   54        37      2004


SUNRISE AND SUNSET
AUGUST 20 2014........SUNRISE   613 AM CDT   SUNSET   810 PM CDT
AUGUST 21 2014........SUNRISE   614 AM CDT   SUNSET   809 PM CDT


-  INDICATES NEGATIVE NUMBERS.
R  INDICATES RECORD WAS SET OR TIED.
MM INDICATES DATA IS MISSING.
T  INDICATES TRACE AMOUNT.




$$
