000
CDUS43 KDLH 240624
CLIDLH


CLIMATE REPORT
NATIONAL WEATHER SERVICE DULUTH MN
121 AM CDT MON JUL 24 2017


...................................

...THE DULUTH MN CLIMATE SUMMARY FOR JULY 23 2017...

CLIMATE NORMAL PERIOD 1981 TO 2010
CLIMATE RECORD PERIOD 1870 TO 2017


WEATHER ITEM   OBSERVED TIME   RECORD YEAR NORMAL DEPARTURE LAST
                VALUE   (LST)  VALUE       VALUE  FROM      YEAR
                                                  NORMAL
..................................................................
TEMPERATURE (F)
 YESTERDAY
  MAXIMUM         65    448 PM  93    1945  77    -12       78
  MINIMUM         52    401 AM  39    1962  56     -4       61
  AVERAGE         59                        66     -7       70

PRECIPITATION (IN)
  YESTERDAY        T             2.39 1911   0.10  -0.10     0.00
  MONTH TO DATE    4.08                      2.96   1.12     4.32
  SINCE JUN 1      9.29                      7.19   2.10     8.78
  SINCE JAN 1     20.43                     16.11   4.32    18.89

SNOWFALL (IN)
  YESTERDAY        0.0           0.0  2002   0.0    0.0      0.0
                                      2001
  MONTH TO DATE    T                         0.0    0.0      0.0
  SINCE JUN 1      T                         0.0    0.0       T
  SINCE JUL 1      T                         0.0    0.0      0.0
  SNOW DEPTH       0

DEGREE DAYS
 HEATING
  YESTERDAY        6                         2      4        0
  MONTH TO DATE   48                        52     -4       21
  SINCE JUN 1    179                       231    -52      163
  SINCE JUL 1     48                        52     -4       21

 COOLING
  YESTERDAY        0                         3     -3        5
  MONTH TO DATE   42                        66    -24       76
  SINCE JUN 1     55                        96    -41      119
  SINCE JAN 1     55                       100    -45      128
..................................................................


WIND (MPH)
  HIGHEST WIND SPEED    12   HIGHEST WIND DIRECTION     E (70)
  HIGHEST GUST SPEED    16   HIGHEST GUST DIRECTION     N (360)
  AVERAGE WIND SPEED     3.8


SKY COVER
  AVERAGE SKY COVER 0.8


WEATHER CONDITIONS
 THE FOLLOWING WEATHER WAS RECORDED YESTERDAY.
  LIGHT RAIN
  FOG
  FOG W/VISIBILITY <= 1/4 MILE


RELATIVE HUMIDITY (PERCENT)
 HIGHEST   100          1200 AM
 LOWEST     84          1000 AM
 AVERAGE    92

..........................................................


THE DULUTH MN CLIMATE NORMALS FOR TODAY
                         NORMAL    RECORD    YEAR
 MAXIMUM TEMPERATURE (F)   77        91      1886
 MINIMUM TEMPERATURE (F)   56        41      2004


SUNRISE AND SUNSET
JULY 24 2017..........SUNRISE   539 AM CDT   SUNSET   850 PM CDT
JULY 25 2017..........SUNRISE   541 AM CDT   SUNSET   849 PM CDT


-  INDICATES NEGATIVE NUMBERS.
R  INDICATES RECORD WAS SET OR TIED.
MM INDICATES DATA IS MISSING.
T  INDICATES TRACE AMOUNT.




$$
