453
CDUS43 KDLH 260642
CLIDLH


CLIMATE REPORT
NATIONAL WEATHER SERVICE DULUTH MN
1240 AM CST SUN FEB 26 2017


...................................

...THE DULUTH MN CLIMATE SUMMARY FOR FEBRUARY 25 2017...

CLIMATE NORMAL PERIOD 1981 TO 2010
CLIMATE RECORD PERIOD 1870 TO 2017


WEATHER ITEM   OBSERVED TIME   RECORD YEAR NORMAL DEPARTURE LAST
                VALUE   (LST)  VALUE       VALUE  FROM      YEAR
                                                  NORMAL
..................................................................
TEMPERATURE (F)
 YESTERDAY
  MAXIMUM         27    726 PM  53    1976  27      0       28
  MINIMUM          5    713 AM -26    1990  10     -5       15
  AVERAGE         16                        18     -2       22

PRECIPITATION (IN)
  YESTERDAY        0.07          1.06 2007   0.04   0.03      T
  MONTH TO DATE    1.49                      0.69   0.80     0.76
  SINCE DEC 1      4.72                      2.86   1.86     5.51
  SINCE JAN 1      2.65                      1.65   1.00     1.81

SNOWFALL (IN)
  YESTERDAY        1.4          11.3  2007   0.5    0.9       T
  MONTH TO DATE    8.5                      10.8   -2.3     11.2
  SINCE DEC 1     45.3                      47.9   -2.6     48.8
  SINCE JUL 1     53.4                      64.0  -10.6     53.2
  SNOW DEPTH       6

DEGREE DAYS
 HEATING
  YESTERDAY       49                        46      3       43
  MONTH TO DATE 1052                      1262   -210     1220
  SINCE DEC 1   4075                      4517   -442     4018
  SINCE JUL 1   5557                      6730  -1173     5681

 COOLING
  YESTERDAY        0                         0      0        0
  MONTH TO DATE    0                         0      0        0
  SINCE DEC 1      0                         0      0        0
  SINCE JAN 1      0                         0      0        0
..................................................................


WIND (MPH)
  HIGHEST WIND SPEED    25   HIGHEST WIND DIRECTION    NW (310)
  HIGHEST GUST SPEED    31   HIGHEST GUST DIRECTION    NW (310)
  AVERAGE WIND SPEED    12.9


SKY COVER
  AVERAGE SKY COVER 0.3


WEATHER CONDITIONS
 THE FOLLOWING WEATHER WAS RECORDED YESTERDAY.
  LIGHT SNOW
  FOG
  HAZE


RELATIVE HUMIDITY (PERCENT)
 HIGHEST    92          1100 PM
 LOWEST     57           100 PM
 AVERAGE    75

..........................................................


THE DULUTH MN CLIMATE NORMALS FOR TODAY
                         NORMAL    RECORD    YEAR
 MAXIMUM TEMPERATURE (F)   28        58      1895
 MINIMUM TEMPERATURE (F)   10       -22      1919


SUNRISE AND SUNSET
FEBRUARY 26 2017......SUNRISE   653 AM CST   SUNSET   550 PM CST
FEBRUARY 27 2017......SUNRISE   651 AM CST   SUNSET   552 PM CST


-  INDICATES NEGATIVE NUMBERS.
R  INDICATES RECORD WAS SET OR TIED.
MM INDICATES DATA IS MISSING.
T  INDICATES TRACE AMOUNT.




$$
