000
CDUS45 KTFX 030910
CLIDLN


CLIMATE REPORT
NATIONAL WEATHER SERVICE GREAT FALLS MT
309 AM MDT MON AUG 3 2015


...................................

...THE DILLON AIRPORT MT CLIMATE SUMMARY FOR AUGUST 2 2015...

CLIMATE NORMAL PERIOD 1981 TO 2010
CLIMATE RECORD PERIOD 1929 TO 2015


WEATHER ITEM   OBSERVED TIME   RECORD YEAR NORMAL DEPARTURE LAST
                VALUE   (LST)  VALUE       VALUE  FROM      YEAR
                                                  NORMAL
..................................................................
TEMPERATURE (F)
 YESTERDAY
  MAXIMUM         92    351 PM  98    1954  83      9       85
  MINIMUM         49    515 AM  35    1985  50     -1       50
  AVERAGE         71                        66      5       68

PRECIPITATION (IN)
  YESTERDAY        0.00          0.74 1943   0.03  -0.03      T
  MONTH TO DATE    0.00                      0.06  -0.06      T
  SINCE OCT 1      7.57                      8.71  -1.14     6.58
  SINCE JAN 1      6.41                      7.31  -0.90     6.09

SNOWFALL (IN)
  YESTERDAY       MM
  SNOW DEPTH       0

DEGREE DAYS
 HEATING
  YESTERDAY        0                               -1        0
  MONTH TO DATE    0                               -2        0
  SINCE JUN 1    125                             -155      266
  SINCE JUL 1     49                               -8       16

 COOLING
  YESTERDAY        6                                3        3
  MONTH TO DATE   11                                5        7
  SINCE JUN 1    154                               55      119
  SINCE JAN 1    154                               54      119
..................................................................


WIND (MPH)
  HIGHEST WIND SPEED    13   HIGHEST WIND DIRECTION    NE (40)
  HIGHEST GUST SPEED    16   HIGHEST GUST DIRECTION    NE (40)
  AVERAGE WIND SPEED     7.1


SKY COVER
  AVERAGE SKY COVER 0.0


WEATHER CONDITIONS
 THE FOLLOWING WEATHER WAS RECORDED YESTERDAY.
  NO SIGNIFICANT WEATHER WAS OBSERVED.


RELATIVE HUMIDITY (PERCENT)
 HIGHEST    59
 LOWEST     10
 AVERAGE    35

..........................................................


THE DILLON AIRPORT MT CLIMATE NORMALS FOR TODAY
                         NORMAL    RECORD    YEAR
 MAXIMUM TEMPERATURE (F)   83        97      1961
 MINIMUM TEMPERATURE (F)   50        39      1987


SUNRISE AND SUNSET
AUGUST  3 2015........SUNRISE   617 AM MDT   SUNSET   855 PM MDT
AUGUST  4 2015........SUNRISE   618 AM MDT   SUNSET   854 PM MDT


-  INDICATES NEGATIVE NUMBERS.
R  INDICATES RECORD WAS SET OR TIED.
MM INDICATES DATA IS MISSING.
T  INDICATES TRACE AMOUNT.




$$
