000
CDUS45 KTFX 220848
CLIDLN


CLIMATE REPORT
NATIONAL WEATHER SERVICE GREAT FALLS MT
145 AM MST MON JAN 22 2018


...................................

...THE DILLON AIRPORT MT CLIMATE SUMMARY FOR JANUARY 21 2018...

CLIMATE NORMAL PERIOD 1981 TO 2010
CLIMATE RECORD PERIOD 1929 TO 2018


WEATHER ITEM   OBSERVED TIME   RECORD YEAR NORMAL DEPARTURE LAST
                VALUE   (LST)  VALUE       VALUE  FROM      YEAR
                                                  NORMAL
..................................................................
TEMPERATURE (F)
 YESTERDAY
  MAXIMUM         26    253 PM  52    1950  33     -7       32
  MINIMUM          8    627 AM -30    1962  14     -6        5
  AVERAGE         17                        23     -6       19

PRECIPITATION (IN)
  YESTERDAY        0.00          0.15 1999   0.01  -0.01     0.00
  MONTH TO DATE    0.47                      0.19   0.28     0.05
  SINCE OCT 1      1.60                      1.59   0.01     2.59
  SINCE JAN 1      0.47                      0.19   0.28     0.05

SNOWFALL (IN)
  YESTERDAY       MM
  SNOW DEPTH       1

DEGREE DAYS
 HEATING
  YESTERDAY       48                                6       46
  MONTH TO DATE  799                              -95     1173
  SINCE DEC 1   2152                             -112     2701
  SINCE JUL 1   4195                             -220     4484

 COOLING
  YESTERDAY        0                                0        0
  MONTH TO DATE    0                                0        0
  SINCE DEC 1      0                                0        0
  SINCE JAN 1      0                                0        0
..................................................................


WIND (MPH)
  HIGHEST WIND SPEED    15   HIGHEST WIND DIRECTION    SW (210)
  HIGHEST GUST SPEED    16   HIGHEST GUST DIRECTION    SW (210)
  AVERAGE WIND SPEED     8.1


SKY COVER
  AVERAGE SKY COVER 0.1


WEATHER CONDITIONS
 THE FOLLOWING WEATHER WAS RECORDED YESTERDAY.
  NO SIGNIFICANT WEATHER WAS OBSERVED.


RELATIVE HUMIDITY (PERCENT)
 HIGHEST    84
 LOWEST     62
 AVERAGE    73

..........................................................


THE DILLON AIRPORT MT CLIMATE NORMALS FOR TODAY
                         NORMAL    RECORD    YEAR
 MAXIMUM TEMPERATURE (F)   33        58      1981
 MINIMUM TEMPERATURE (F)   14       -27      1962


SUNRISE AND SUNSET
JANUARY 22 2018.......SUNRISE   801 AM MST   SUNSET   524 PM MST
JANUARY 23 2018.......SUNRISE   800 AM MST   SUNSET   525 PM MST


-  INDICATES NEGATIVE NUMBERS.
R  INDICATES RECORD WAS SET OR TIED.
MM INDICATES DATA IS MISSING.
T  INDICATES TRACE AMOUNT.




$$
