000
CDUS45 KTFX 250754
CLIDLN


CLIMATE REPORT
NATIONAL WEATHER SERVICE GREAT FALLS MT
1251 AM MST THU DEC 25 2014


...................................

...THE DILLON AIRPORT MT CLIMATE SUMMARY FOR DECEMBER 24 2014...

CLIMATE NORMAL PERIOD 1981 TO 2010
CLIMATE RECORD PERIOD 1929 TO 2014


WEATHER ITEM   OBSERVED TIME   RECORD YEAR NORMAL DEPARTURE LAST
                VALUE   (LST)  VALUE       VALUE  FROM      YEAR
                                                  NORMAL
..................................................................
TEMPERATURE (F)
 YESTERDAY
  MAXIMUM         38    101 PM  48    1950  30      8       35
  MINIMUM         27    753 AM -37    1983  11     16       21
  AVERAGE         33                        20     13       28

PRECIPITATION (IN)
  YESTERDAY        0.10          0.14 1964   0.01   0.09     0.00
  MONTH TO DATE    0.43                      0.23   0.20     0.14
  SINCE OCT 1      1.11                      1.36  -0.25     0.49
  SINCE JAN 1     10.84                     10.53   0.31     9.95

SNOWFALL (IN)
  YESTERDAY       MM
  SNOW DEPTH       0

DEGREE DAYS
 HEATING
  YESTERDAY       32                              -13       37
  MONTH TO DATE  788                             -275     1155
  SINCE DEC 1    788                             -275     1155
  SINCE JUL 1   2762                             -452     3084

 COOLING
  YESTERDAY        0                                0        0
  MONTH TO DATE    0                                0        0
  SINCE DEC 1      0                                0        0
  SINCE JAN 1    170                               14      247
..................................................................


WIND (MPH)
  HIGHEST WIND SPEED    22   HIGHEST WIND DIRECTION    SW (220)
  HIGHEST GUST SPEED    29   HIGHEST GUST DIRECTION    SW (220)
  AVERAGE WIND SPEED     9.1



WEATHER CONDITIONS
 THE FOLLOWING WEATHER WAS RECORDED YESTERDAY.
  LIGHT SNOW
  FOG


RELATIVE HUMIDITY (PERCENT)
 HIGHEST    92
 LOWEST     48
 AVERAGE    70

..........................................................


THE DILLON AIRPORT MT CLIMATE NORMALS FOR TODAY
                         NORMAL    RECORD    YEAR
 MAXIMUM TEMPERATURE (F)   30        50      1980
 MINIMUM TEMPERATURE (F)   11       -19      1983


SUNRISE AND SUNSET
DECEMBER 25 2014......SUNRISE   808 AM MST   SUNSET   453 PM MST
DECEMBER 26 2014......SUNRISE   808 AM MST   SUNSET   453 PM MST


-  INDICATES NEGATIVE NUMBERS.
R  INDICATES RECORD WAS SET OR TIED.
MM INDICATES DATA IS MISSING.
T  INDICATES TRACE AMOUNT.




$$
