000
CDUS45 KTFX 270725
CLIDLN


CLIMATE REPORT
NATIONAL WEATHER SERVICE GREAT FALLS MT
125 AM MDT SAT MAY 27 2017


...................................

...THE DILLON AIRPORT MT CLIMATE SUMMARY FOR MAY 26 2017...

CLIMATE NORMAL PERIOD 1981 TO 2010
CLIMATE RECORD PERIOD 1929 TO 2017


WEATHER ITEM   OBSERVED TIME   RECORD YEAR NORMAL DEPARTURE LAST
                VALUE   (LST)  VALUE       VALUE  FROM      YEAR
                                                  NORMAL
..................................................................
TEMPERATURE (F)
 YESTERDAY
  MAXIMUM         63    521 PM  88    1966  66     -3       67
  MINIMUM         40    501 AM  26    1978  40      0       37
  AVERAGE         52                        53     -1       52

PRECIPITATION (IN)
  YESTERDAY        T             0.78 1941   0.07  -0.07     0.00
  MONTH TO DATE    1.49                      1.54  -0.05     1.54
  SINCE OCT 1      6.77                      5.06   1.71     5.34
  SINCE JAN 1      4.23                      3.66   0.57     3.26

SNOWFALL (IN)
  YESTERDAY       MM
  SNOW DEPTH       0

DEGREE DAYS
 HEATING
  YESTERDAY       13                                1       13
  MONTH TO DATE  379                              -19      405
  SINCE MAR 1   1795                             -255     1810
  SINCE JUL 1   7750                             -217     7310

 COOLING
  YESTERDAY        0                                0        0
  MONTH TO DATE    0                                0        0
  SINCE MAR 1      0                                0        0
  SINCE JAN 1      0                                0        0
..................................................................


WIND (MPH)
  HIGHEST WIND SPEED    22   HIGHEST WIND DIRECTION     N (10)
  HIGHEST GUST SPEED    30   HIGHEST GUST DIRECTION     E (90)
  AVERAGE WIND SPEED    10.0


SKY COVER
  AVERAGE SKY COVER 0.7


WEATHER CONDITIONS
 THE FOLLOWING WEATHER WAS RECORDED YESTERDAY.
  LIGHT RAIN


RELATIVE HUMIDITY (PERCENT)
 HIGHEST    70
 LOWEST     27
 AVERAGE    49

..........................................................


THE DILLON AIRPORT MT CLIMATE NORMALS FOR TODAY
                         NORMAL    RECORD    YEAR
 MAXIMUM TEMPERATURE (F)   66        88      1966
 MINIMUM TEMPERATURE (F)   40        30      2011


SUNRISE AND SUNSET
MAY 27 2017...........SUNRISE   549 AM MDT   SUNSET   907 PM MDT
MAY 28 2017...........SUNRISE   548 AM MDT   SUNSET   907 PM MDT


-  INDICATES NEGATIVE NUMBERS.
R  INDICATES RECORD WAS SET OR TIED.
MM INDICATES DATA IS MISSING.
T  INDICATES TRACE AMOUNT.




$$
