000
CDUS45 KTFX 060733
CLIDLN


CLIMATE REPORT
NATIONAL WEATHER SERVICE GREAT FALLS MT
1231 AM MST FRI MAR 6 2015


...................................

...THE DILLON AIRPORT MT CLIMATE SUMMARY FOR MARCH 5 2015...

CLIMATE NORMAL PERIOD 1981 TO 2010
CLIMATE RECORD PERIOD 1929 TO 2015


WEATHER ITEM   OBSERVED TIME   RECORD YEAR NORMAL DEPARTURE LAST
                VALUE   (LST)  VALUE       VALUE  FROM      YEAR
                                                  NORMAL
..................................................................
TEMPERATURE (F)
 YESTERDAY
  MAXIMUM         48    225 PM  63    1987  43      5       50
  MINIMUM         22    705 AM -19    1951  20      2       30
  AVERAGE         35                        31      4       40

PRECIPITATION (IN)
  YESTERDAY        0.00          0.21 1990   0.01  -0.01     0.00
  MONTH TO DATE    T                         0.06  -0.06     0.05
  SINCE OCT 1      1.35                      1.98  -0.63     0.77
  SINCE JAN 1      0.19                      0.58  -0.39     0.28

SNOWFALL (IN)
  YESTERDAY       MM
  SNOW DEPTH       0

DEGREE DAYS
 HEATING
  YESTERDAY       30                               -4       25
  MONTH TO DATE  212                               40      195
  SINCE MAR 1    212                               40      195
  SINCE JUL 1   5324                             -765     5975

 COOLING
  YESTERDAY        0                                0        0
  MONTH TO DATE    0                                0        0
  SINCE MAR 1      0                                0        0
  SINCE JAN 1      0                                0        0
..................................................................


WIND (MPH)
  HIGHEST WIND SPEED    25   HIGHEST WIND DIRECTION    SW (220)
  HIGHEST GUST SPEED    29   HIGHEST GUST DIRECTION    SW (220)
  AVERAGE WIND SPEED    13.5


SKY COVER
  AVERAGE SKY COVER 0.0


WEATHER CONDITIONS
 THE FOLLOWING WEATHER WAS RECORDED YESTERDAY.
  NO SIGNIFICANT WEATHER WAS OBSERVED.


RELATIVE HUMIDITY (PERCENT)
 HIGHEST    57
 LOWEST     19
 AVERAGE    38

..........................................................


THE DILLON AIRPORT MT CLIMATE NORMALS FOR TODAY
                         NORMAL    RECORD    YEAR
 MAXIMUM TEMPERATURE (F)   44        60      1987
 MINIMUM TEMPERATURE (F)   20       -20      1951


SUNRISE AND SUNSET
MARCH  6 2015.........SUNRISE   700 AM MST   SUNSET   624 PM MST
MARCH  7 2015.........SUNRISE   658 AM MST   SUNSET   625 PM MST


-  INDICATES NEGATIVE NUMBERS.
R  INDICATES RECORD WAS SET OR TIED.
MM INDICATES DATA IS MISSING.
T  INDICATES TRACE AMOUNT.




$$
