000
CDUS45 KTFX 032231
CLIDLN


CLIMATE REPORT
NATIONAL WEATHER SERVICE GREAT FALLS MT
429 PM MDT FRI JUL 3 2015


...................................

...THE DILLON AIRPORT MT CLIMATE SUMMARY FOR JULY 3 2015...
VALID TODAY AS OF 0400 PM LOCAL TIME.

CLIMATE NORMAL PERIOD 1981 TO 2010
CLIMATE RECORD PERIOD 1929 TO 2015


WEATHER ITEM   OBSERVED TIME   RECORD YEAR NORMAL DEPARTURE LAST
                VALUE   (LST)  VALUE       VALUE  FROM      YEAR
                                                  NORMAL
..................................................................
TEMPERATURE (F)
 TODAY
  MAXIMUM         92    258 PM  95    1961  79     13       89
                                      1989
  MINIMUM         52    501 AM  31    1973  48      4       53
  AVERAGE         72                        64      8       71

PRECIPITATION (IN)
  TODAY            0.00          0.43 2000   0.04  -0.04     0.00
  MONTH TO DATE    0.00                      0.12  -0.12     0.00
  SINCE OCT 1      6.26                      7.56  -1.30     5.95
  SINCE JAN 1      5.10                      6.16  -1.06     5.46

SNOWFALL (IN)
  TODAY            0.0
  SNOW DEPTH       0

DEGREE DAYS
 HEATING
  TODAY            0                         3     -3        0
  MONTH TO DATE    0                        10    -10        6
  SINCE JUN 1     76                       233   -157      256
  SINCE JUL 1      0                        10    -10        6

 COOLING
  TODAY            7                         2      5        6
  MONTH TO DATE   26                         5     21        9
  SINCE JUN 1    101                        21     80        9
  SINCE JAN 1    101                        22     79        9
..................................................................


WIND (MPH)
  HIGHEST WIND SPEED    12   HIGHEST WIND DIRECTION    NE (40)
  HIGHEST GUST SPEED    16   HIGHEST GUST DIRECTION    NE (50)
  AVERAGE WIND SPEED     5.3


SKY COVER
  AVERAGE SKY COVER 0.0


WEATHER CONDITIONS
 THE FOLLOWING WEATHER WAS RECORDED TODAY.
  NO SIGNIFICANT WEATHER WAS OBSERVED.


RELATIVE HUMIDITY (PERCENT)
 HIGHEST    77
 LOWEST     13
 AVERAGE    45

..........................................................


THE DILLON AIRPORT MT CLIMATE NORMALS FOR TOMORROW
                         NORMAL    RECORD    YEAR
 MAXIMUM TEMPERATURE (F)   80        96      2008
 MINIMUM TEMPERATURE (F)   48        35      1983


SUNRISE AND SUNSET
JULY  3 2015..........SUNRISE   547 AM MDT   SUNSET   921 PM MDT
JULY  4 2015..........SUNRISE   548 AM MDT   SUNSET   921 PM MDT


-  INDICATES NEGATIVE NUMBERS.
R  INDICATES RECORD WAS SET OR TIED.
MM INDICATES DATA IS MISSING.
T  INDICATES TRACE AMOUNT.




$$
