956
CDUS45 KTFX 281004
CLIDLN


CLIMATE REPORT
NATIONAL WEATHER SERVICE GREAT FALLS MT
404 AM MDT TUE MAR 28 2017


...................................

...THE DILLON AIRPORT MT CLIMATE SUMMARY FOR MARCH 27 2017...

CLIMATE NORMAL PERIOD 1981 TO 2010
CLIMATE RECORD PERIOD 1929 TO 2017


WEATHER ITEM   OBSERVED TIME   RECORD YEAR NORMAL DEPARTURE LAST
                VALUE   (LST)  VALUE       VALUE  FROM      YEAR
                                                  NORMAL
..................................................................
TEMPERATURE (F)
 YESTERDAY
  MAXIMUM         54    159 PM  74    2015  49      5       51
  MINIMUM         31   1156 PM   0    1944  25      6       25
  AVERAGE         43                        37      6       38

PRECIPITATION (IN)
  YESTERDAY        0.08          0.55 2007   0.03   0.05     0.02
  MONTH TO DATE    0.28                      0.46  -0.18     0.40
  SINCE OCT 1      3.03                      2.38   0.65     2.56
  SINCE JAN 1      0.49                      0.98  -0.49     0.48

SNOWFALL (IN)
  YESTERDAY       MM
  SNOW DEPTH       0

DEGREE DAYS
 HEATING
  YESTERDAY       22                               -6       27
  MONTH TO DATE  646                             -194      743
  SINCE MAR 1    646                             -194      743
  SINCE JUL 1   6601                             -156     6243

 COOLING
  YESTERDAY        0                                0        0
  MONTH TO DATE    0                                0        0
  SINCE MAR 1      0                                0        0
  SINCE JAN 1      0                                0        0
..................................................................


WIND (MPH)
  HIGHEST WIND SPEED    20   HIGHEST WIND DIRECTION    NW (330)
  HIGHEST GUST SPEED    24   HIGHEST GUST DIRECTION    NW (330)
  AVERAGE WIND SPEED     7.1


SKY COVER
  AVERAGE SKY COVER 0.9


WEATHER CONDITIONS
 THE FOLLOWING WEATHER WAS RECORDED YESTERDAY.
  LIGHT RAIN


RELATIVE HUMIDITY (PERCENT)
 HIGHEST    82
 LOWEST     28
 AVERAGE    55

..........................................................


THE DILLON AIRPORT MT CLIMATE NORMALS FOR TODAY
                         NORMAL    RECORD    YEAR
 MAXIMUM TEMPERATURE (F)   49        72      1986
 MINIMUM TEMPERATURE (F)   25        -6      1975


SUNRISE AND SUNSET
MARCH 28 2017.........SUNRISE   718 AM MDT   SUNSET   753 PM MDT
MARCH 29 2017.........SUNRISE   716 AM MDT   SUNSET   755 PM MDT


-  INDICATES NEGATIVE NUMBERS.
R  INDICATES RECORD WAS SET OR TIED.
MM INDICATES DATA IS MISSING.
T  INDICATES TRACE AMOUNT.




$$
