000
CDUS45 KTFX 231021
CLIDLN


CLIMATE REPORT
NATIONAL WEATHER SERVICE GREAT FALLS MT
420 AM MDT SAT AUG 23 2014


...................................

...THE DILLON AIRPORT MT CLIMATE SUMMARY FOR AUGUST 22 2014...

CLIMATE NORMAL PERIOD 1981 TO 2010
CLIMATE RECORD PERIOD 1929 TO 2014


WEATHER ITEM   OBSERVED TIME   RECORD YEAR NORMAL DEPARTURE LAST
                VALUE   (LST)  VALUE       VALUE  FROM      YEAR
                                                  NORMAL
..................................................................
TEMPERATURE (F)
 YESTERDAY
  MAXIMUM         62    238 PM  93    1955  80    -18       85
  MINIMUM         49    600 AM  36    1966  47      2       54
  AVERAGE         56                        63     -7       70

PRECIPITATION (IN)
  YESTERDAY        0.18          0.77 1960   0.04   0.14     0.15
  MONTH TO DATE    2.09                      0.73   1.36     0.24
  SINCE OCT 1      8.67                      9.38  -0.71     6.68
  SINCE JAN 1      8.18                      7.98   0.20     5.66

SNOWFALL (IN)
  YESTERDAY       MM
  SNOW DEPTH       0

DEGREE DAYS
 HEATING
  YESTERDAY        9                                6        0
  MONTH TO DATE   18                              -26        5
  SINCE JUN 1    284                              -38      193
  SINCE JUL 1     34                              -65        5

 COOLING
  YESTERDAY        0                               -1        5
  MONTH TO DATE   48                                4       52
  SINCE JUN 1    160                               23      205
  SINCE JAN 1    160                               22      208
..................................................................


WIND (MPH)
  HIGHEST WIND SPEED    24   HIGHEST WIND DIRECTION    SE (130)
  HIGHEST GUST SPEED    32   HIGHEST GUST DIRECTION    SE (130)
  AVERAGE WIND SPEED     7.3



WEATHER CONDITIONS
 THE FOLLOWING WEATHER WAS RECORDED YESTERDAY.
  THUNDERSTORM
  RAIN
  LIGHT RAIN
  FOG


RELATIVE HUMIDITY (PERCENT)
 HIGHEST   100
 LOWEST     64
 AVERAGE    82

..........................................................


THE DILLON AIRPORT MT CLIMATE NORMALS FOR TODAY
                         NORMAL    RECORD    YEAR
 MAXIMUM TEMPERATURE (F)   79        95      1969
 MINIMUM TEMPERATURE (F)   46        35      1962


SUNRISE AND SUNSET
AUGUST 23 2014........SUNRISE   641 AM MDT   SUNSET   824 PM MDT
AUGUST 24 2014........SUNRISE   642 AM MDT   SUNSET   822 PM MDT


-  INDICATES NEGATIVE NUMBERS.
R  INDICATES RECORD WAS SET OR TIED.
MM INDICATES DATA IS MISSING.
T  INDICATES TRACE AMOUNT.




$$
