000
CDUS41 KLWX 300527
CLIDMH


CLIMATE REPORT
NATIONAL WEATHER SERVICE BALTIMORE MD/WASHINGTON DC
125 AM EDT SAT APR 30 2016


...................................

...THE BALTIMORE INNER HARBOR MD CLIMATE SUMMARY FOR APRIL 29 2016...

CLIMATE NORMAL PERIOD 1981 TO 2010
CLIMATE RECORD PERIOD 9999 TO 9999


WEATHER ITEM   OBSERVED TIME   RECORD YEAR NORMAL DEPARTURE LAST
                VALUE   (LST)  VALUE       VALUE  FROM      YEAR
                                                  NORMAL
..................................................................
TEMPERATURE (F)
 YESTERDAY
  MAXIMUM         53    627 PM  MM      MM  70    -17       77
  MINIMUM         47    644 AM  MM      MM  52     -5       54
  AVERAGE         50                        61    -11       66

PRECIPITATION (IN)
  YESTERDAY        0.06         MM      MM   0.11  -0.05     0.00
  MONTH TO DATE    1.59                      3.12  -1.53     2.95
  SINCE MAR 1      3.77                      6.98  -3.21     7.39
  SINCE JAN 1     12.37                     12.50  -0.13    13.21

DEGREE DAYS
 HEATING
  YESTERDAY       15                         5     10        0
  MONTH TO DATE  276                       272      4      225
  SINCE MAR 1    662                       851   -189      834
  SINCE JUL 1   3278                      3939   -661     4348

 COOLING
  YESTERDAY        0                         1     -1        1
  MONTH TO DATE   29                        22      7        9
  SINCE MAR 1     35                        23     12        9
  SINCE JAN 1     35                        23     12        9
..................................................................


WIND (MPH)
  HIGHEST WIND SPEED    MM   HIGHEST WIND DIRECTION    MM
  HIGHEST GUST SPEED    MM   HIGHEST GUST DIRECTION    MM
  AVERAGE WIND SPEED    MM


SKY COVER
  POSSIBLE SUNSHINE  MM



RELATIVE HUMIDITY (PERCENT)
 HIGHEST    96           800 PM
 LOWEST     77          1200 AM
 AVERAGE    87

..........................................................


THE BALTIMORE INNER HARBOR MD CLIMATE NORMALS FOR TODAY
                         NORMAL
 MAXIMUM TEMPERATURE (F)   71
 MINIMUM TEMPERATURE (F)   52


SUNRISE AND SUNSET
APRIL 30 2016.........SUNRISE   609 AM EDT   SUNSET   759 PM EDT
MAY  1 2016...........SUNRISE   607 AM EDT   SUNSET   800 PM EDT


-  INDICATES NEGATIVE NUMBERS.
R  INDICATES RECORD WAS SET OR TIED.
MM INDICATES DATA IS MISSING.
T  INDICATES TRACE AMOUNT.




$$
