408
CDUS41 KLWX 260528
CLIDMH


CLIMATE REPORT
NATIONAL WEATHER SERVICE BALTIMORE MD/WASHINGTON DC
123 AM EDT MON SEP 26 2016


...................................

...THE BALTIMORE INNER HARBOR MD CLIMATE SUMMARY FOR SEPTEMBER 25 2016...

CLIMATE NORMAL PERIOD 1981 TO 2010
CLIMATE RECORD PERIOD 9999 TO 9999


WEATHER ITEM   OBSERVED TIME   RECORD YEAR NORMAL DEPARTURE LAST
                VALUE   (LST)  VALUE       VALUE  FROM      YEAR
                                                  NORMAL
..................................................................
TEMPERATURE (F)
 YESTERDAY
  MAXIMUM         71    230 PM  MM      MM  77     -6       74
  MINIMUM         57    633 AM  MM      MM  60     -3       64
  AVERAGE         64                        68     -4       69

PRECIPITATION (IN)
  YESTERDAY        0.00         MM      MM   0.14  -0.14     0.00
  MONTH TO DATE    2.16                      3.35  -1.19     1.69
  SINCE SEP 1      2.16                      3.35  -1.19     1.69
  SINCE JAN 1     32.03                     30.72   1.31    30.19

DEGREE DAYS
 HEATING
  YESTERDAY        1                         1      0        0
  MONTH TO DATE    1                         7     -6        0
  SINCE SEP 1      1                         7     -6        0
  SINCE JUL 1      1                         7     -6        0

 COOLING
  YESTERDAY        0                         5     -5        4
  MONTH TO DATE  302                       208     94      256
  SINCE SEP 1    302                       208     94      256
  SINCE JAN 1   1855                      1604    251     1745
..................................................................


WIND (MPH)
  HIGHEST WIND SPEED    MM   HIGHEST WIND DIRECTION    MM
  HIGHEST GUST SPEED    MM   HIGHEST GUST DIRECTION    MM
  AVERAGE WIND SPEED    MM


SKY COVER
  POSSIBLE SUNSHINE  MM



RELATIVE HUMIDITY (PERCENT)
 HIGHEST    65           200 AM
 LOWEST     35          1200 PM
 AVERAGE    50

..........................................................


THE BALTIMORE INNER HARBOR MD CLIMATE NORMALS FOR TODAY
                         NORMAL
 MAXIMUM TEMPERATURE (F)   76
 MINIMUM TEMPERATURE (F)   60


SUNRISE AND SUNSET
SEPTEMBER 26 2016.....SUNRISE   658 AM EDT   SUNSET   656 PM EDT
SEPTEMBER 27 2016.....SUNRISE   659 AM EDT   SUNSET   655 PM EDT


-  INDICATES NEGATIVE NUMBERS.
R  INDICATES RECORD WAS SET OR TIED.
MM INDICATES DATA IS MISSING.
T  INDICATES TRACE AMOUNT.




$$
