197
CDUS41 KLWX 190523
CLIDMH


CLIMATE REPORT
NATIONAL WEATHER SERVICE BALTIMORE MD/WASHINGTON DC
1222 AM EST FRI JAN 19 2018


...................................

...THE BALTIMORE INNER HARBOR MD CLIMATE SUMMARY FOR JANUARY 18 2018...

CLIMATE NORMAL PERIOD 1981 TO 2010
CLIMATE RECORD PERIOD 1999 TO 2018


WEATHER ITEM   OBSERVED TIME   RECORD YEAR NORMAL DEPARTURE LAST
                VALUE   (LST)  VALUE       VALUE  FROM      YEAR
                                                  NORMAL
..................................................................
TEMPERATURE (F)
 YESTERDAY
  MAXIMUM         42    521 PM  MM      MM  42      0       57
  MINIMUM         19    712 AM  MM      MM  29    -10       45
  AVERAGE         31                        36     -5       51

PRECIPITATION (IN)
  YESTERDAY        0.00         MM      MM   0.10  -0.10     0.00
  MONTH TO DATE    0.59                      1.68  -1.09     1.97
  SINCE DEC 1      1.37                      5.09  -3.72     4.31
  SINCE JAN 1      0.59                      1.68  -1.09     1.97

DEGREE DAYS
 HEATING
  YESTERDAY       34                        29      5       14
  MONTH TO DATE  636                       522    114      458
  SINCE DEC 1   1424                      1314    110     1182
  SINCE JUL 1   1952                      1965    -13     1691

 COOLING
  YESTERDAY        0                         0      0        0
  MONTH TO DATE    0                         0      0        0
  SINCE DEC 1      0                         0      0        0
  SINCE JAN 1      0                         0      0        0
..................................................................


WIND (MPH)
  HIGHEST WIND SPEED    MM   HIGHEST WIND DIRECTION    MM
  HIGHEST GUST SPEED    MM   HIGHEST GUST DIRECTION    MM
  AVERAGE WIND SPEED    MM


SKY COVER
  POSSIBLE SUNSHINE  MM



RELATIVE HUMIDITY (PERCENT)
 HIGHEST    56           500 AM
 LOWEST     20           300 PM
 AVERAGE    38

..........................................................


THE BALTIMORE INNER HARBOR MD CLIMATE NORMALS FOR TODAY
                         NORMAL
 MAXIMUM TEMPERATURE (F)   42
 MINIMUM TEMPERATURE (F)   29


SUNRISE AND SUNSET
JANUARY 19 2018.......SUNRISE   723 AM EST   SUNSET   512 PM EST
JANUARY 20 2018.......SUNRISE   722 AM EST   SUNSET   513 PM EST


-  INDICATES NEGATIVE NUMBERS.
R  INDICATES RECORD WAS SET OR TIED.
MM INDICATES DATA IS MISSING.
T  INDICATES TRACE AMOUNT.




$$
