000
CDUS41 KLWX 240523
CLIDMH


CLIMATE REPORT
NATIONAL WEATHER SERVICE BALTIMORE MD/WASHINGTON DC
123 AM EDT SUN SEP 24 2017


...................................

...THE BALTIMORE INNER HARBOR MD CLIMATE SUMMARY FOR SEPTEMBER 23 2017...

CLIMATE NORMAL PERIOD 1981 TO 2010
CLIMATE RECORD PERIOD 1999 TO 2017


WEATHER ITEM   OBSERVED TIME   RECORD YEAR NORMAL DEPARTURE LAST
                VALUE   (LST)  VALUE       VALUE  FROM      YEAR
                                                  NORMAL
..................................................................
TEMPERATURE (F)
 YESTERDAY
  MAXIMUM         88    418 PM  MM      MM  77     11       89
  MINIMUM         69    610 AM  MM      MM  61      8       67
  AVERAGE         79                        69     10       78

PRECIPITATION (IN)
  YESTERDAY        0.00         MM      MM   0.14  -0.14     0.00
  MONTH TO DATE    1.86                      3.06  -1.20     2.16
  SINCE SEP 1      1.86                      3.06  -1.20     2.16
  SINCE JAN 1     29.94                     30.43  -0.49    32.03

DEGREE DAYS
 HEATING
  YESTERDAY        0                         1     -1        0
  MONTH TO DATE    3                         5     -2        0
  SINCE SEP 1      3                         5     -2        0
  SINCE JUL 1      3                         5     -2        0

 COOLING
  YESTERDAY       14                         5      9       13
  MONTH TO DATE  184                       198    -14      296
  SINCE SEP 1    184                       198    -14      296
  SINCE JAN 1   1698                      1594    104     1849
..................................................................


WIND (MPH)
  HIGHEST WIND SPEED    MM   HIGHEST WIND DIRECTION    MM
  HIGHEST GUST SPEED    MM   HIGHEST GUST DIRECTION    MM
  AVERAGE WIND SPEED    MM


SKY COVER
  POSSIBLE SUNSHINE  MM



RELATIVE HUMIDITY (PERCENT)
 HIGHEST    57           500 AM
 LOWEST     29           400 PM
 AVERAGE    43

..........................................................


THE BALTIMORE INNER HARBOR MD CLIMATE NORMALS FOR TODAY
                         NORMAL
 MAXIMUM TEMPERATURE (F)   77
 MINIMUM TEMPERATURE (F)   60


SUNRISE AND SUNSET
SEPTEMBER 24 2017.....SUNRISE   656 AM EDT   SUNSET   700 PM EDT
SEPTEMBER 25 2017.....SUNRISE   657 AM EDT   SUNSET   658 PM EDT


-  INDICATES NEGATIVE NUMBERS.
R  INDICATES RECORD WAS SET OR TIED.
MM INDICATES DATA IS MISSING.
T  INDICATES TRACE AMOUNT.




$$
