000
CDUS41 KLWX 070532
CLIDMH


CLIMATE REPORT
NATIONAL WEATHER SERVICE BALTIMORE MD/WASHINGTON DC
1228 AM EST WED DEC 7 2016


...................................

...THE BALTIMORE INNER HARBOR MD CLIMATE SUMMARY FOR DECEMBER 6 2016...

CLIMATE NORMAL PERIOD 1981 TO 2010
CLIMATE RECORD PERIOD 9999 TO 9999


WEATHER ITEM   OBSERVED TIME   RECORD YEAR NORMAL DEPARTURE LAST
                VALUE   (LST)  VALUE       VALUE  FROM      YEAR
                                                  NORMAL
..................................................................
TEMPERATURE (F)
 YESTERDAY
  MAXIMUM         45   1159 PM  MM      MM  49     -4       54
  MINIMUM         42    437 PM  MM      MM  36      6       35
  AVERAGE         44                        42      2       45

PRECIPITATION (IN)
  YESTERDAY        0.74         MM      MM   0.11   0.63     0.00
  MONTH TO DATE    1.01                      0.69   0.32     0.93
  SINCE DEC 1      1.01                      0.69   0.32     0.93
  SINCE JAN 1     38.24                     38.17   0.07    37.92

DEGREE DAYS
 HEATING
  YESTERDAY       21                        23     -2       20
  MONTH TO DATE  107                       131    -24      106
  SINCE DEC 1    107                       131    -24      106
  SINCE JUL 1    616                       782   -166      634

 COOLING
  YESTERDAY        0                         0      0        0
  MONTH TO DATE    0                         0      0        0
  SINCE DEC 1      0                         0      0        0
  SINCE JAN 1   1923                      1665    258     1799
..................................................................


WIND (MPH)
  HIGHEST WIND SPEED    MM   HIGHEST WIND DIRECTION    MM
  HIGHEST GUST SPEED    MM   HIGHEST GUST DIRECTION    MM
  AVERAGE WIND SPEED    MM


SKY COVER
  POSSIBLE SUNSHINE  MM



RELATIVE HUMIDITY (PERCENT)
 HIGHEST    89           500 PM
 LOWEST     53          1200 AM
 AVERAGE    71

..........................................................


THE BALTIMORE INNER HARBOR MD CLIMATE NORMALS FOR TODAY
                         NORMAL
 MAXIMUM TEMPERATURE (F)   49
 MINIMUM TEMPERATURE (F)   35


SUNRISE AND SUNSET
DECEMBER  7 2016......SUNRISE   713 AM EST   SUNSET   443 PM EST
DECEMBER  8 2016......SUNRISE   714 AM EST   SUNSET   443 PM EST


-  INDICATES NEGATIVE NUMBERS.
R  INDICATES RECORD WAS SET OR TIED.
MM INDICATES DATA IS MISSING.
T  INDICATES TRACE AMOUNT.




$$
