000
CDUS41 KLWX 270526
CLIDMH


CLIMATE REPORT
NATIONAL WEATHER SERVICE BALTIMORE MD/WASHINGTON DC
126 AM EDT THU AUG 27 2015


...................................

...THE BALTIMORE INNER HARBOR MD CLIMATE SUMMARY FOR AUGUST 26 2015...

CLIMATE NORMAL PERIOD 1981 TO 2010
CLIMATE RECORD PERIOD 9999 TO 9999


WEATHER ITEM   OBSERVED TIME   RECORD YEAR NORMAL DEPARTURE LAST
                VALUE   (LST)  VALUE       VALUE  FROM      YEAR
                                                  NORMAL
..................................................................
TEMPERATURE (F)
 YESTERDAY
  MAXIMUM         80        MM  MM      MM  86     -6       87
  MINIMUM         69        MM  MM      MM  70     -1       68
  AVERAGE         75                        78     -3       78

PRECIPITATION (IN)
  YESTERDAY        0.00         MM      MM   0.11  -0.11     0.00
  MONTH TO DATE    2.08                      2.84  -0.76     6.32
  SINCE JUN 1     12.16                     10.73   1.43    16.53
  SINCE JAN 1     28.50                     26.82   1.68    39.58

DEGREE DAYS
 HEATING
  YESTERDAY        0                         0      0        0
  MONTH TO DATE    0                         0      0        0
  SINCE JUN 1     10                         5      5        0
  SINCE JUL 1      0                         0      0        0

 COOLING
  YESTERDAY       10                        13     -3       13
  MONTH TO DATE  366                       370     -4      274
  SINCE JUN 1   1182                      1195    -13     1024
  SINCE JAN 1   1428                      1334     94     1154
..................................................................


WIND (MPH)
  HIGHEST WIND SPEED    MM   HIGHEST WIND DIRECTION    MM
  HIGHEST GUST SPEED    MM   HIGHEST GUST DIRECTION    MM
  AVERAGE WIND SPEED    MM


SKY COVER
  POSSIBLE SUNSHINE  MM



RELATIVE HUMIDITY (PERCENT)
 HIGHEST    57          1100 PM
 LOWEST     36           600 PM
 AVERAGE    47

..........................................................


THE BALTIMORE INNER HARBOR MD CLIMATE NORMALS FOR TODAY
                         NORMAL
 MAXIMUM TEMPERATURE (F)   86
 MINIMUM TEMPERATURE (F)   70


SUNRISE AND SUNSET
AUGUST 27 2015........SUNRISE   630 AM EDT   SUNSET   745 PM EDT
AUGUST 28 2015........SUNRISE   631 AM EDT   SUNSET   744 PM EDT


-  INDICATES NEGATIVE NUMBERS.
R  INDICATES RECORD WAS SET OR TIED.
MM INDICATES DATA IS MISSING.
T  INDICATES TRACE AMOUNT.




$$
