000
CDUS41 KLWX 030532
CLIDMH


CLIMATE REPORT
NATIONAL WEATHER SERVICE BALTIMORE MD/WASHINGTON DC
1230 AM EST TUE MAR 3 2015


...................................

...THE BALTIMORE INNER HARBOR MD CLIMATE SUMMARY FOR MARCH 2 2015...

CLIMATE NORMAL PERIOD 1981 TO 2010
CLIMATE RECORD PERIOD 9999 TO 9999


WEATHER ITEM   OBSERVED TIME   RECORD YEAR NORMAL DEPARTURE LAST
                VALUE   (LST)  VALUE       VALUE  FROM      YEAR
                                                  NORMAL
..................................................................
TEMPERATURE (F)
 YESTERDAY
  MAXIMUM         MM        MM  MM      MM  49     MM       47
  MINIMUM         MM        MM  MM      MM  35     MM       35
  AVERAGE         MM                        42     MM       41

PRECIPITATION (IN)
  YESTERDAY        0.00         MM      MM   0.10  -0.10     0.21
  MONTH TO DATE    0.58                      0.18   0.40     0.21
  SINCE MAR 1      0.58                      0.18   0.40     0.21
  SINCE JAN 1      6.40                      5.70   0.70     6.54

DEGREE DAYS
 HEATING
  YESTERDAY       MM                        23     MM       24
  MONTH TO DATE   MM                        46     MM       58
  SINCE MAR 1     MM                        46     MM       58
  SINCE JUL 1   3514                      3134    380     3128

 COOLING
  YESTERDAY       MM                         0     MM        0
  MONTH TO DATE   MM                         0     MM        0
  SINCE MAR 1     MM                         0     MM        0
  SINCE JAN 1      0                         0      0        0
..................................................................


WIND (MPH)
  HIGHEST WIND SPEED    MM   HIGHEST WIND DIRECTION    MM
  HIGHEST GUST SPEED    MM   HIGHEST GUST DIRECTION    MM
  AVERAGE WIND SPEED    MM


SKY COVER
  POSSIBLE SUNSHINE  MM



RELATIVE HUMIDITY (PERCENT)
 HIGHEST   100           500 PM
 LOWEST    100           500 PM
 AVERAGE   100

..........................................................


THE BALTIMORE INNER HARBOR MD CLIMATE NORMALS FOR TODAY
                         NORMAL
 MAXIMUM TEMPERATURE (F)   50
 MINIMUM TEMPERATURE (F)   35


SUNRISE AND SUNSET
MARCH  3 2015.........SUNRISE   637 AM EST   SUNSET   601 PM EST
MARCH  4 2015.........SUNRISE   635 AM EST   SUNSET   602 PM EST


-  INDICATES NEGATIVE NUMBERS.
R  INDICATES RECORD WAS SET OR TIED.
MM INDICATES DATA IS MISSING.
T  INDICATES TRACE AMOUNT.




$$
