000
CDUS45 KEPZ 010934
CLIDMN


CLIMATE REPORT
NATIONAL WEATHER SERVICE EL PASO, TX
333 AM MDT TUE SEP 1 2015


...................................

...THE DEMING CLIMATE SUMMARY FOR AUGUST 31 2015...

CLIMATE NORMAL PERIOD 1981 TO 2010
CLIMATE RECORD PERIOD 2000 TO 2015


WEATHER ITEM   OBSERVED TIME   NORMAL DEPARTURE LAST
                VALUE   (LST)  VALUE  FROM      YEAR
                                      NORMAL
......................................................
TEMPERATURE (F)
 YESTERDAY
  MAXIMUM         95    409 PM  91              98
  MINIMUM         61    548 AM  62              64
  AVERAGE         78            76      2       81

PRECIPITATION (IN)
  YESTERDAY        0.00          0.04  -0.04     0.00
  MONTH TO DATE    1.70          2.29  -0.59     1.01
  SINCE JUN 1      5.87          5.18   0.69     3.01
  SINCE JAN 1      8.50          7.59   0.91     3.58

......................................................


WIND (MPH)
  HIGHEST WIND SPEED    24   HIGHEST WIND DIRECTION    NW (300)
  HIGHEST GUST SPEED    35   HIGHEST GUST DIRECTION     W (280)
  AVERAGE WIND SPEED     6.2


SKY COVER
  AVERAGE SKY COVER 0.0


WEATHER CONDITIONS
 THE FOLLOWING WEATHER WAS RECORDED YESTERDAY.
  THUNDERSTORM


RELATIVE HUMIDITY (PERCENT)
 HIGHEST    78           500 AM
 LOWEST     14           300 PM
 AVERAGE    46

..........................................................


THE DEMING CLIMATE NORMALS FOR TODAY
                         NORMAL
 MAXIMUM TEMPERATURE (F)   91
 MINIMUM TEMPERATURE (F)   62


SUNRISE AND SUNSET
SEPTEMBER  1 2015.....SUNRISE   646 AM MDT   SUNSET   735 PM MDT
SEPTEMBER  2 2015.....SUNRISE   646 AM MDT   SUNSET   734 PM MDT


-  INDICATES NEGATIVE NUMBERS.
R  INDICATES RECORD WAS SET OR TIED.
MM INDICATES DATA IS MISSING.
T  INDICATES TRACE AMOUNT.




$$
