000
CDUS45 KEPZ 282327
CLIDMN


CLIMATE REPORT
NATIONAL WEATHER SERVICE EL PASO, TX
525 PM MDT THU JUL 28 2016


...................................

...THE DEMING CLIMATE SUMMARY FOR JULY 28 2016...
VALID TODAY AS OF 0500 PM LOCAL TIME.

CLIMATE NORMAL PERIOD 1981 TO 2010
CLIMATE RECORD PERIOD 2000 TO 2016


WEATHER ITEM   OBSERVED TIME   NORMAL DEPARTURE LAST
                VALUE   (LST)  VALUE  FROM      YEAR
                                      NORMAL
......................................................
TEMPERATURE (F)
 TODAY
  MAXIMUM         99    352 PM  93      6       98
  MINIMUM         66    514 AM  67     -1       73

PRECIPITATION (IN)
  TODAY            0.00          0.07  -0.07      T
  MONTH TO DATE    0.30          1.95  -1.65     3.22
  SINCE JUN 1      0.75          2.65  -1.90     3.67
  SINCE JAN 1      1.94          5.06  -3.12     6.30

......................................................


WIND (MPH)
  HIGHEST WIND SPEED    20   HIGHEST WIND DIRECTION     N (340)
  HIGHEST GUST SPEED    26   HIGHEST GUST DIRECTION     N (340)


SKY COVER
  AVERAGE SKY COVER 0.1


WEATHER CONDITIONS
 THE FOLLOWING WEATHER WAS RECORDED TODAY.
  NO SIGNIFICANT WEATHER WAS OBSERVED.


RELATIVE HUMIDITY (PERCENT)
 HIGHEST    68           600 AM
 LOWEST     18           300 PM
 AVERAGE    43

..........................................................


THE DEMING CLIMATE NORMALS FOR TOMORROW
                         NORMAL
 MAXIMUM TEMPERATURE (F)   93
 MINIMUM TEMPERATURE (F)   67


SUNRISE AND SUNSET
JULY 28 2016..........SUNRISE   623 AM MDT   SUNSET   811 PM MDT
JULY 29 2016..........SUNRISE   624 AM MDT   SUNSET   810 PM MDT


-  INDICATES NEGATIVE NUMBERS.
R  INDICATES RECORD WAS SET OR TIED.
MM INDICATES DATA IS MISSING.
T  INDICATES TRACE AMOUNT.




$$
