132
CDUS45 KEPZ 030929
CLIDMN


CLIMATE REPORT
NATIONAL WEATHER SERVICE EL PASO, TX
228 AM MST SAT DEC 3 2016


...................................

...THE DEMING CLIMATE SUMMARY FOR DECEMBER 2 2016...

CLIMATE NORMAL PERIOD 1981 TO 2010
CLIMATE RECORD PERIOD 2000 TO 2016


WEATHER ITEM   OBSERVED TIME   NORMAL DEPARTURE LAST
                VALUE   (LST)  VALUE  FROM      YEAR
                                      NORMAL
......................................................
TEMPERATURE (F)
 YESTERDAY
  MAXIMUM         60    218 PM  60              58
  MINIMUM         27    723 AM  29              21
  AVERAGE         44            44      0       40

PRECIPITATION (IN)
  YESTERDAY        0.04          0.03   0.01     0.00
  MONTH TO DATE    0.04          0.06  -0.02     0.00
  SINCE DEC 1      0.04          0.06  -0.02     0.00
  SINCE JAN 1      6.27         10.72  -4.45    12.00

......................................................


WIND (MPH)
  HIGHEST WIND SPEED    17   HIGHEST WIND DIRECTION     N (340)
  HIGHEST GUST SPEED    24   HIGHEST GUST DIRECTION     N (340)
  AVERAGE WIND SPEED     6.0


SKY COVER
  AVERAGE SKY COVER 0.4


WEATHER CONDITIONS
 THE FOLLOWING WEATHER WAS RECORDED YESTERDAY.
  LIGHT RAIN


RELATIVE HUMIDITY (PERCENT)
 HIGHEST    89          1000 PM
 LOWEST     28          1100 AM
 AVERAGE    59

..........................................................


THE DEMING CLIMATE NORMALS FOR TODAY
                         NORMAL
 MAXIMUM TEMPERATURE (F)   59
 MINIMUM TEMPERATURE (F)   29


SUNRISE AND SUNSET
DECEMBER  3 2016......SUNRISE   656 AM MST   SUNSET   506 PM MST
DECEMBER  4 2016......SUNRISE   657 AM MST   SUNSET   506 PM MST


-  INDICATES NEGATIVE NUMBERS.
R  INDICATES RECORD WAS SET OR TIED.
MM INDICATES DATA IS MISSING.
T  INDICATES TRACE AMOUNT.




$$
