000
CDUS45 KEPZ 270927
CLIDMN


CLIMATE REPORT
NATIONAL WEATHER SERVICE EL PASO, TX
326 AM MDT SAT AUG 27 2016


...................................

...THE DEMING CLIMATE SUMMARY FOR AUGUST 26 2016...

CLIMATE NORMAL PERIOD 1981 TO 2010
CLIMATE RECORD PERIOD 2000 TO 2016


WEATHER ITEM   OBSERVED TIME   NORMAL DEPARTURE LAST
                VALUE   (LST)  VALUE  FROM      YEAR
                                      NORMAL
......................................................
TEMPERATURE (F)
 YESTERDAY
  MAXIMUM         89    358 PM  91              93
  MINIMUM         60    608 AM  63              67
  AVERAGE         75            77     -2       80

PRECIPITATION (IN)
  YESTERDAY        T             0.05  -0.05     0.00
  MONTH TO DATE    3.35          2.07   1.28     1.70
  SINCE JUN 1      4.15          4.96  -0.81     5.87
  SINCE JAN 1      5.34          7.37  -2.03     8.50

......................................................


WIND (MPH)
  HIGHEST WIND SPEED    15   HIGHEST WIND DIRECTION     N (340)
  HIGHEST GUST SPEED    18   HIGHEST GUST DIRECTION     N (340)
  AVERAGE WIND SPEED     6.1


SKY COVER
  AVERAGE SKY COVER 0.0


WEATHER CONDITIONS
 THE FOLLOWING WEATHER WAS RECORDED YESTERDAY.
  THUNDERSTORM


RELATIVE HUMIDITY (PERCENT)
 HIGHEST    84           600 AM
 LOWEST     24           400 PM
 AVERAGE    54

..........................................................


THE DEMING CLIMATE NORMALS FOR TODAY
                         NORMAL
 MAXIMUM TEMPERATURE (F)   91
 MINIMUM TEMPERATURE (F)   63


SUNRISE AND SUNSET
AUGUST 27 2016........SUNRISE   643 AM MDT   SUNSET   741 PM MDT
AUGUST 28 2016........SUNRISE   644 AM MDT   SUNSET   739 PM MDT


-  INDICATES NEGATIVE NUMBERS.
R  INDICATES RECORD WAS SET OR TIED.
MM INDICATES DATA IS MISSING.
T  INDICATES TRACE AMOUNT.




$$
