000
CDUS43 KEAX 140632
CLIDMO


CLIMATE REPORT
NATIONAL WEATHER SERVICE KANSAS CITY/PLEASANT HILL MO
132 AM CDT MON JUL 14 2014


...................................

...THE SEDALIA MO CLIMATE SUMMARY FOR JULY 13 2014...

CLIMATE NORMAL PERIOD 1981 TO 2010
CLIMATE RECORD PERIOD 9999 TO 9999


WEATHER ITEM   OBSERVED TIME   NORMAL DEPARTURE LAST
                VALUE   (LST)  VALUE  FROM      YEAR
                                      NORMAL
......................................................
TEMPERATURE (F)
 YESTERDAY
  MAXIMUM         85   1240 PM  89     -4       86
  MINIMUM         70   1056 PM  69      1       63
  AVERAGE         78            79     -1       75

PRECIPITATION (IN)
  YESTERDAY        0.14          0.16  -0.02     0.00
  MONTH TO DATE    0.50          1.83  -1.33     0.43
  SINCE JUN 1      6.61          6.92  -0.31     2.84
  SINCE JAN 1     17.98         22.07  -4.09    25.84

DEGREE DAYS
 HEATING
  YESTERDAY        0             0      0        0
  MONTH TO DATE    0             0      0        0
  SINCE JUN 1      0             6     -6        9
  SINCE JUL 1      0             0      0        0

 COOLING
  YESTERDAY       13            14     -1       10
  MONTH TO DATE  139           179    -40      153
  SINCE JUN 1    451           483    -32      460
  SINCE JAN 1    646           622     24      608
......................................................


WIND (MPH)
  HIGHEST WIND SPEED    17   HIGHEST WIND DIRECTION    NW (320)
  HIGHEST GUST SPEED    24   HIGHEST GUST DIRECTION    NW (320)
  AVERAGE WIND SPEED     4.6


SKY COVER
  AVERAGE SKY COVER 0.3


WEATHER CONDITIONS
 THE FOLLOWING WEATHER WAS RECORDED YESTERDAY.
  THUNDERSTORM
  RAIN
  LIGHT RAIN
  FOG


RELATIVE HUMIDITY (PERCENT)
 HIGHEST   100          1100 PM
 LOWEST     65           100 PM
 AVERAGE    83

..........................................................


THE SEDALIA MO CLIMATE NORMALS FOR TODAY
                         NORMAL
 MAXIMUM TEMPERATURE (F)   89
 MINIMUM TEMPERATURE (F)   69


SUNRISE AND SUNSET
JULY 14 2014..........SUNRISE   559 AM CDT   SUNSET   837 PM CDT
JULY 15 2014..........SUNRISE   600 AM CDT   SUNSET   836 PM CDT


-  INDICATES NEGATIVE NUMBERS.
R  INDICATES RECORD WAS SET OR TIED.
MM INDICATES DATA IS MISSING.
T  INDICATES TRACE AMOUNT.




$$
