000
CDUS43 KEAX 270635
CLIDMO


CLIMATE REPORT
NATIONAL WEATHER SERVICE KANSAS CITY/PLEASANT HILL MO
134 AM CDT WED MAY 27 2015


...................................

...THE SEDALIA MO CLIMATE SUMMARY FOR MAY 26 2015...

CLIMATE NORMAL PERIOD 1981 TO 2010
CLIMATE RECORD PERIOD 9999 TO 9999


WEATHER ITEM   OBSERVED TIME   NORMAL DEPARTURE LAST
                VALUE   (LST)  VALUE  FROM      YEAR
                                      NORMAL
......................................................
TEMPERATURE (F)
 YESTERDAY
  MAXIMUM         78    456 PM  79     -1       83
  MINIMUM         64    814 AM  59      5       67
  AVERAGE         71            69      2       75

PRECIPITATION (IN)
  YESTERDAY        0.02          0.14  -0.12     0.08
  MONTH TO DATE    6.02          3.96   2.06     1.81
  SINCE MAR 1     10.97         10.82   0.15     9.58
  SINCE JAN 1     13.05         14.42  -1.37    10.52

DEGREE DAYS
 HEATING
  YESTERDAY        0             1     -1        0
  MONTH TO DATE   61            78    -17      101
  SINCE MAR 1    788           943   -155     1082
  SINCE JUL 1   4636          4560     76     5301

 COOLING
  YESTERDAY        6             5      1       10
  MONTH TO DATE   89            76     13      128
  SINCE MAR 1    106           110     -4      142
  SINCE JAN 1    106           110     -4      142
......................................................


WIND (MPH)
  HIGHEST WIND SPEED    25   HIGHEST WIND DIRECTION    SW (220)
  HIGHEST GUST SPEED    30   HIGHEST GUST DIRECTION    SW (220)
  AVERAGE WIND SPEED    12.6


SKY COVER
  AVERAGE SKY COVER 0.5


WEATHER CONDITIONS
 THE FOLLOWING WEATHER WAS RECORDED YESTERDAY.
  LIGHT RAIN
  FOG


RELATIVE HUMIDITY (PERCENT)
 HIGHEST    87           400 AM
 LOWEST     54           300 PM
 AVERAGE    71

..........................................................


THE SEDALIA MO CLIMATE NORMALS FOR TODAY
                         NORMAL
 MAXIMUM TEMPERATURE (F)   79
 MINIMUM TEMPERATURE (F)   59


SUNRISE AND SUNSET
MAY 27 2015...........SUNRISE   552 AM CDT   SUNSET   828 PM CDT
MAY 28 2015...........SUNRISE   551 AM CDT   SUNSET   828 PM CDT


-  INDICATES NEGATIVE NUMBERS.
R  INDICATES RECORD WAS SET OR TIED.
MM INDICATES DATA IS MISSING.
T  INDICATES TRACE AMOUNT.




$$
