000
CDUS43 KEAX 180032
CLIDMO


CLIMATE REPORT
NATIONAL WEATHER SERVICE KANSAS CITY/PLEASANT HILL MO
632 PM CST FRI NOV 17 2017


...................................

...THE SEDALIA MO CLIMATE SUMMARY FOR NOVEMBER 17 2017...
VALID TODAY AS OF 0600 PM LOCAL TIME.

CLIMATE NORMAL PERIOD 1981 TO 2010
CLIMATE RECORD PERIOD 9999 TO 9999


WEATHER ITEM   OBSERVED TIME   NORMAL DEPARTURE LAST
                VALUE   (LST)  VALUE  FROM      YEAR
                                      NORMAL
......................................................
TEMPERATURE (F)
 TODAY
  MAXIMUM         66    425 PM  55     11       79
  MINIMUM         45   1231 AM  37      8       64
  AVERAGE         56            46     10       72

PRECIPITATION (IN)
  TODAY            0.00          0.10  -0.10     0.00
  MONTH TO DATE    0.31          1.86  -1.55     0.39
  SINCE SEP 1      5.72          9.61  -3.89     6.79
  SINCE JAN 1     34.92         37.55  -2.63    31.15

DEGREE DAYS
 HEATING
  TODAY            9            19    -10        0
  MONTH TO DATE  310           264     46      143
  SINCE SEP 1    547           554     -7      258
  SINCE JUL 1    552           555     -3      258

 COOLING
  TODAY            0             0      0        7
  MONTH TO DATE    0             0      0       23
  SINCE SEP 1    317           202    115      362
  SINCE JAN 1   1491          1487      4     1775
......................................................


WIND (MPH)
  HIGHEST WIND SPEED    26   HIGHEST WIND DIRECTION     S (180)
  HIGHEST GUST SPEED    32   HIGHEST GUST DIRECTION     S (180)
  AVERAGE WIND SPEED    15.8


SKY COVER
  AVERAGE SKY COVER 0.8


WEATHER CONDITIONS
 THE FOLLOWING WEATHER WAS RECORDED TODAY.
  NO SIGNIFICANT WEATHER WAS OBSERVED.


RELATIVE HUMIDITY (PERCENT)
 HIGHEST    89           800 AM
 LOWEST     60          1200 AM
 AVERAGE    75

..........................................................


THE SEDALIA MO CLIMATE NORMALS FOR TOMORROW
                         NORMAL
 MAXIMUM TEMPERATURE (F)   54
 MINIMUM TEMPERATURE (F)   37


SUNRISE AND SUNSET
NOVEMBER 17 2017......SUNRISE   657 AM CST   SUNSET   457 PM CST
NOVEMBER 18 2017......SUNRISE   658 AM CST   SUNSET   457 PM CST


-  INDICATES NEGATIVE NUMBERS.
R  INDICATES RECORD WAS SET OR TIED.
MM INDICATES DATA IS MISSING.
T  INDICATES TRACE AMOUNT.




$$
