000
CDUS43 KEAX 230632
CLIDMO


CLIMATE REPORT
NATIONAL WEATHER SERVICE KANSAS CITY/PLEASANT HILL MO
131 AM CDT THU MAR 23 2017


...................................

...THE SEDALIA MO CLIMATE SUMMARY FOR MARCH 22 2017...

CLIMATE NORMAL PERIOD 1981 TO 2010
CLIMATE RECORD PERIOD 9999 TO 9999


WEATHER ITEM   OBSERVED TIME   NORMAL DEPARTURE LAST
                VALUE   (LST)  VALUE  FROM      YEAR
                                      NORMAL
......................................................
TEMPERATURE (F)
 YESTERDAY
  MAXIMUM         56    409 PM  59     -3       75
  MINIMUM         37    630 AM  38     -1       51
  AVERAGE         47            48     -1       63

PRECIPITATION (IN)
  YESTERDAY        0.00          0.08  -0.08     0.00
  MONTH TO DATE    0.76          1.80  -1.04     1.29
  SINCE MAR 1      0.76          1.80  -1.04     1.29
  SINCE JAN 1      2.18          5.40  -3.22     2.44

DEGREE DAYS
 HEATING
  YESTERDAY       18            17      1        2
  MONTH TO DATE  371           450    -79      286
  SINCE MAR 1    371           450    -79      286
  SINCE JUL 1   3254          4067   -813     3274

 COOLING
  YESTERDAY        0             0      0        0
  MONTH TO DATE    7             0      7        4
  SINCE MAR 1      7             0      7        4
  SINCE JAN 1      7             0      7        4
......................................................


WIND (MPH)
  HIGHEST WIND SPEED    22   HIGHEST WIND DIRECTION     E (110)
  HIGHEST GUST SPEED    26   HIGHEST GUST DIRECTION    SE (120)
  AVERAGE WIND SPEED    12.7


SKY COVER
  AVERAGE SKY COVER 0.3


WEATHER CONDITIONS
 THE FOLLOWING WEATHER WAS RECORDED YESTERDAY.
  NO SIGNIFICANT WEATHER WAS OBSERVED.


RELATIVE HUMIDITY (PERCENT)
 HIGHEST    57           900 AM
 LOWEST     30           500 PM
 AVERAGE    44

..........................................................


THE SEDALIA MO CLIMATE NORMALS FOR TODAY
                         NORMAL
 MAXIMUM TEMPERATURE (F)   60
 MINIMUM TEMPERATURE (F)   38


SUNRISE AND SUNSET
MARCH 23 2017.........SUNRISE   711 AM CDT   SUNSET   728 PM CDT
MARCH 24 2017.........SUNRISE   709 AM CDT   SUNSET   729 PM CDT


-  INDICATES NEGATIVE NUMBERS.
R  INDICATES RECORD WAS SET OR TIED.
MM INDICATES DATA IS MISSING.
T  INDICATES TRACE AMOUNT.




$$
