000
CDUS43 KEAX 270637
CLIDMO


CLIMATE REPORT
NATIONAL WEATHER SERVICE KANSAS CITY/PLEASANT HILL MO
136 AM CDT THU APR 27 2017


...................................

...THE SEDALIA MO CLIMATE SUMMARY FOR APRIL 26 2017...

CLIMATE NORMAL PERIOD 1981 TO 2010
CLIMATE RECORD PERIOD 9999 TO 9999


WEATHER ITEM   OBSERVED TIME   NORMAL DEPARTURE LAST
                VALUE   (LST)  VALUE  FROM      YEAR
                                      NORMAL
......................................................
TEMPERATURE (F)
 YESTERDAY
  MAXIMUM         64    118 AM  70     -6       73
  MINIMUM         45   1159 PM  50     -5       62
  AVERAGE         55            60     -5       68

PRECIPITATION (IN)
  YESTERDAY        0.83          0.18   0.65    MM
  MONTH TO DATE    3.66          3.47   0.19     1.19
  SINCE MAR 1      6.96          6.08   0.88     2.88
  SINCE JAN 1      8.38          9.68  -1.30     4.03

DEGREE DAYS
 HEATING
  YESTERDAY       10             6      4        0
  MONTH TO DATE  155           257   -102      180
  SINCE MAR 1    609           842   -233      567
  SINCE JUL 1   3492          4459   -967     3555

 COOLING
  YESTERDAY        0             1     -1        3
  MONTH TO DATE   42            25     17       19
  SINCE MAR 1     50            28     22       23
  SINCE JAN 1     50            28     22       23
......................................................


WIND (MPH)
  HIGHEST WIND SPEED    20   HIGHEST WIND DIRECTION    NW (320)
  HIGHEST GUST SPEED    26   HIGHEST GUST DIRECTION     E (90)
  AVERAGE WIND SPEED    12.0


SKY COVER
  AVERAGE SKY COVER 1.0


WEATHER CONDITIONS
 THE FOLLOWING WEATHER WAS RECORDED YESTERDAY.
  HEAVY RAIN
  RAIN
  LIGHT RAIN
  FOG
  HAZE


RELATIVE HUMIDITY (PERCENT)
 HIGHEST   100           100 AM
 LOWEST     93          1200 AM
 AVERAGE    97

..........................................................


THE SEDALIA MO CLIMATE NORMALS FOR TODAY
                         NORMAL
 MAXIMUM TEMPERATURE (F)   71
 MINIMUM TEMPERATURE (F)   50


SUNRISE AND SUNSET
APRIL 27 2017.........SUNRISE   620 AM CDT   SUNSET   801 PM CDT
APRIL 28 2017.........SUNRISE   618 AM CDT   SUNSET   802 PM CDT


-  INDICATES NEGATIVE NUMBERS.
R  INDICATES RECORD WAS SET OR TIED.
MM INDICATES DATA IS MISSING.
T  INDICATES TRACE AMOUNT.




$$
