000
CDUS42 KCAE 240626
CLIDNL


CLIMATE REPORT
NATIONAL WEATHER SERVICE COLUMBIA SC
126 AM EST FRI FEB 24 2017


...................................

...THE AUGUSTA DANIEL FIELD GA CLIMATE SUMMARY FOR FEBRUARY 23 2017...

CLIMATE NORMAL PERIOD 1981 TO 2010
CLIMATE RECORD PERIOD 9999 TO 9999


WEATHER ITEM   OBSERVED TIME   NORMAL DEPARTURE LAST
                VALUE   (LST)  VALUE  FROM      YEAR
                                      NORMAL
......................................................
TEMPERATURE (F)
 YESTERDAY
  MAXIMUM         78    449 PM  63     15       71
  MINIMUM         58    605 AM  42     16       59
  AVERAGE         68            52     16       65

PRECIPITATION (IN)
  YESTERDAY        0.00          0.16  -0.16     0.13
  MONTH TO DATE    1.82          3.22  -1.40     2.15
  SINCE DEC 1     16.53         11.05   5.48     9.30
  SINCE JAN 1     12.32          7.43   4.89     3.82

DEGREE DAYS
 HEATING
  YESTERDAY        0            13    -13        0
  MONTH TO DATE  137           347   -210      305
  SINCE DEC 1    820          1419   -599     1047
  SINCE JUL 1    989          1753   -764     1238

 COOLING
  YESTERDAY        3             0      3        0
  MONTH TO DATE   10             0     10        6
  SINCE DEC 1     29             6     23       70
  SINCE JAN 1     25             1     24        6
......................................................


WIND (MPH)
  HIGHEST WIND SPEED    14   HIGHEST WIND DIRECTION     E (110)
  HIGHEST GUST SPEED    23   HIGHEST GUST DIRECTION    NE (60)
  AVERAGE WIND SPEED     6.5


SKY COVER
  AVERAGE SKY COVER 0.1


WEATHER CONDITIONS
 THE FOLLOWING WEATHER WAS RECORDED YESTERDAY.
  HAZE


RELATIVE HUMIDITY (PERCENT)
 HIGHEST    87           500 AM
 LOWEST     36           500 PM

..........................................................


THE AUGUSTA DANIEL FIELD GA CLIMATE NORMALS FOR TODAY
                         NORMAL    RECORD    YEAR
 MAXIMUM TEMPERATURE (F)   63        MM        MM
 MINIMUM TEMPERATURE (F)   42        MM        MM


SUNRISE AND SUNSET
FEBRUARY 24 2017......SUNRISE   702 AM EST   SUNSET   621 PM EST
FEBRUARY 25 2017......SUNRISE   701 AM EST   SUNSET   622 PM EST


-  INDICATES NEGATIVE NUMBERS.
R  INDICATES RECORD WAS SET OR TIED.
MM INDICATES DATA IS MISSING.
T  INDICATES TRACE AMOUNT.




$$
