000
CDUS42 KCAE 190530
CLIDNL


CLIMATE REPORT
NATIONAL WEATHER SERVICE COLUMBIA SC
129 AM EDT SAT AUG 19 2017


...................................

...THE AUGUSTA DANIEL FIELD GA CLIMATE SUMMARY FOR AUGUST 18 2017...

CLIMATE NORMAL PERIOD 1981 TO 2010
CLIMATE RECORD PERIOD 9999 TO 9999


WEATHER ITEM   OBSERVED TIME   NORMAL DEPARTURE LAST
                VALUE   (LST)  VALUE  FROM      YEAR
                                      NORMAL
......................................................
TEMPERATURE (F)
 YESTERDAY
  MAXIMUM         96    353 PM  90      6       97
  MINIMUM         80    445 AM  72      8       76
  AVERAGE         88            81      7       87

PRECIPITATION (IN)
  YESTERDAY        0.00          0.17  -0.17     0.41
  MONTH TO DATE    4.01          2.99   1.02     2.90
  SINCE JUN 1      9.40         12.55  -3.15     9.93
  SINCE JAN 1     30.19         31.23  -1.04    22.90

DEGREE DAYS
 HEATING
  YESTERDAY        0             0      0        0
  MONTH TO DATE    0             0      0        0
  SINCE JUN 1      0             1     -1        0
  SINCE JUL 1      0             0      0        0

 COOLING
  YESTERDAY       23            16      7       22
  MONTH TO DATE  324           297     27      366
  SINCE JUN 1   1421          1261    160     1613
  SINCE JAN 1   2070          1618    452     2135
......................................................


WIND (MPH)
  HIGHEST WIND SPEED    16   HIGHEST WIND DIRECTION     S (200)
  HIGHEST GUST SPEED    19   HIGHEST GUST DIRECTION     S (200)
  AVERAGE WIND SPEED     5.0


SKY COVER
  AVERAGE SKY COVER 0.2


WEATHER CONDITIONS
 THE FOLLOWING WEATHER WAS RECORDED YESTERDAY.
  THUNDERSTORM


RELATIVE HUMIDITY (PERCENT)
 HIGHEST    74           300 AM
 LOWEST     42           300 PM

..........................................................


THE AUGUSTA DANIEL FIELD GA CLIMATE NORMALS FOR TODAY
                         NORMAL    RECORD    YEAR
 MAXIMUM TEMPERATURE (F)   90        MM        MM
 MINIMUM TEMPERATURE (F)   72        MM        MM


SUNRISE AND SUNSET
AUGUST 19 2017........SUNRISE   653 AM EDT   SUNSET   809 PM EDT
AUGUST 20 2017........SUNRISE   654 AM EDT   SUNSET   808 PM EDT


-  INDICATES NEGATIVE NUMBERS.
R  INDICATES RECORD WAS SET OR TIED.
MM INDICATES DATA IS MISSING.
T  INDICATES TRACE AMOUNT.




$$
