000
CDUS42 KCAE 010731
CLIDNL


CLIMATE REPORT
NATIONAL WEATHER SERVICE COLUMBIA SC
331 AM EDT MON SEP 1 2014


...................................

...THE AUGUSTA DANIEL FIELD GA CLIMATE SUMMARY FOR AUGUST 31 2014...

CLIMATE NORMAL PERIOD 1981 TO 2010
CLIMATE RECORD PERIOD 9999 TO 9999


WEATHER ITEM   OBSERVED TIME   RECORD YEAR NORMAL DEPARTURE LAST
                VALUE   (LST)  VALUE       VALUE  FROM      YEAR
                                                  NORMAL
..................................................................
TEMPERATURE (F)
 YESTERDAY
  MAXIMUM         97    317 PM  MM      MM  88      9       88
  MINIMUM         76   1118 PM  MM      MM  70      6       74
  AVERAGE         87                        79      8       81

PRECIPITATION (IN)
  YESTERDAY        0.01         MM      MM   0.13  -0.12     0.73
  MONTH TO DATE    3.56                      4.92  -1.36     9.04
  SINCE JUN 1      9.69                     14.48  -4.79    30.62
  SINCE JAN 1     28.49                     33.16  -4.67    49.07

DEGREE DAYS
 HEATING
  YESTERDAY        0                         0      0        0
  MONTH TO DATE    0                         0      0        0
  SINCE JUN 1      0                         1     -1        0
  SINCE JUL 1      0                         0      0        0

 COOLING
  YESTERDAY       22                        14      8       16
  MONTH TO DATE  548                       490     58      432
  SINCE JUN 1   1609                      1454    155     1308
  SINCE JAN 1   2071                      1811    260     1602
..................................................................


WIND (MPH)
  HIGHEST WIND SPEED    16   HIGHEST WIND DIRECTION     S (190)
  HIGHEST GUST SPEED    22   HIGHEST GUST DIRECTION    SW (240)
  AVERAGE WIND SPEED     4.6


SKY COVER
  AVERAGE SKY COVER 0.3


WEATHER CONDITIONS
 THE FOLLOWING WEATHER WAS RECORDED YESTERDAY.
  THUNDERSTORM
  LIGHT RAIN


RELATIVE HUMIDITY (PERCENT)
 HIGHEST    94          1100 PM
 LOWEST     40           300 PM

..........................................................


THE AUGUSTA DANIEL FIELD GA CLIMATE NORMALS FOR TODAY
                         NORMAL    RECORD    YEAR
 MAXIMUM TEMPERATURE (F)   88        MM        MM
 MINIMUM TEMPERATURE (F)   70        MM        MM


SUNRISE AND SUNSET
SEPTEMBER  1 2014.....SUNRISE   702 AM EDT   SUNSET   753 PM EDT
SEPTEMBER  2 2014.....SUNRISE   703 AM EDT   SUNSET   752 PM EDT


-  INDICATES NEGATIVE NUMBERS.
R  INDICATES RECORD WAS SET OR TIED.
MM INDICATES DATA IS MISSING.
T  INDICATES TRACE AMOUNT.




$$
