000
CDUS42 KCAE 282219
CLIDNL


CLIMATE REPORT
NATIONAL WEATHER SERVICE COLUMBIA SC
517 PM EST FRI NOV 28 2014


...................................

...THE AUGUSTA DANIEL FIELD GA CLIMATE SUMMARY FOR NOVEMBER 28 2014...
VALID TODAY AS OF 0500 PM LOCAL TIME.

CLIMATE NORMAL PERIOD 1981 TO 2010
CLIMATE RECORD PERIOD 9999 TO 9999


WEATHER ITEM   OBSERVED TIME   RECORD YEAR NORMAL DEPARTURE LAST
                VALUE   (LST)  VALUE       VALUE  FROM      YEAR
                                                  NORMAL
..................................................................
TEMPERATURE (F)
 TODAY
  MAXIMUM         51    328 PM  MM      MM  63    -12       50
  MINIMUM         31    628 AM  MM      MM  44    -13       27
  AVERAGE         41                        53    -12

PRECIPITATION (IN)
  TODAY            0.00         MM      MM   0.13  -0.13     0.00
  MONTH TO DATE    3.53                      2.92   0.61     2.21
  SINCE SEP 1      8.56                      9.52  -0.96     4.48
  SINCE JAN 1     37.05                     42.68  -5.63    53.55

DEGREE DAYS
 HEATING
  TODAY           24                        12     12       26
  MONTH TO DATE  340                       232    108      280
  SINCE SEP 1    374                       310     64      333
  SINCE JUL 1    374                       310     64      333

 COOLING
  TODAY            0                         0      0        0
  MONTH TO DATE    9                        14     -5       11
  SINCE SEP 1    563                       440    123      479
  SINCE JAN 1   2634                      2251    383     2081
..................................................................


WIND (MPH)
  HIGHEST WIND SPEED    10   HIGHEST WIND DIRECTION    NW (300)
  HIGHEST GUST SPEED    15   HIGHEST GUST DIRECTION    NW (310)
  AVERAGE WIND SPEED     4.1


SKY COVER
  AVERAGE SKY COVER 0.0


WEATHER CONDITIONS
 THE FOLLOWING WEATHER WAS RECORDED TODAY.
  NO SIGNIFICANT WEATHER WAS OBSERVED.


RELATIVE HUMIDITY (PERCENT)
 HIGHEST    78           700 AM
 LOWEST     29           400 PM

..........................................................


THE AUGUSTA DANIEL FIELD GA CLIMATE NORMALS FOR TOMORROW
                         NORMAL    RECORD    YEAR
 MAXIMUM TEMPERATURE (F)   63        MM        MM
 MINIMUM TEMPERATURE (F)   43        MM        MM


SUNRISE AND SUNSET
NOVEMBER 28 2014......SUNRISE   711 AM EST   SUNSET   521 PM EST
NOVEMBER 29 2014......SUNRISE   712 AM EST   SUNSET   520 PM EST


-  INDICATES NEGATIVE NUMBERS.
R  INDICATES RECORD WAS SET OR TIED.
MM INDICATES DATA IS MISSING.
T  INDICATES TRACE AMOUNT.




$$
