000
CDUS42 KCAE 302129
CLIDNL


CLIMATE REPORT
NATIONAL WEATHER SERVICE COLUMBIA SC
527 PM EDT SUN APR 30 2017


...................................

...THE AUGUSTA DANIEL FIELD GA CLIMATE SUMMARY FOR APRIL 30 2017...
VALID TODAY AS OF 0500 PM LOCAL TIME.

CLIMATE NORMAL PERIOD 1981 TO 2010
CLIMATE RECORD PERIOD 9999 TO 9999


WEATHER ITEM   OBSERVED TIME   NORMAL DEPARTURE LAST
                VALUE   (LST)  VALUE  FROM      YEAR
                                      NORMAL
......................................................
TEMPERATURE (F)
 TODAY
  MAXIMUM         89    151 PM  79     10       91
  MINIMUM         71    332 AM  57     14       66
  AVERAGE         80            68     12

PRECIPITATION (IN)
  TODAY            T             0.05  -0.05     0.00
  MONTH TO DATE    2.16          2.95  -0.79     3.17
  SINCE MAR 1      4.25          7.26  -3.01     5.23
  SINCE JAN 1     16.61         15.50   1.11     9.84

DEGREE DAYS
 HEATING
  TODAY            0             1     -1        0
  MONTH TO DATE   27            96    -69       40
  SINCE MAR 1    232           346   -114      155
  SINCE JUL 1   1239          2159   -920     1456

 COOLING
  TODAY           15             4     11       14
  MONTH TO DATE  210            75    135      128
  SINCE MAR 1    281            97    184      227
  SINCE JAN 1    315           101    214      233
......................................................


WIND (MPH)
  HIGHEST WIND SPEED    21   HIGHEST WIND DIRECTION     S (170)
  HIGHEST GUST SPEED    26   HIGHEST GUST DIRECTION     S (180)
  AVERAGE WIND SPEED    10.0


SKY COVER
  AVERAGE SKY COVER 0.6


WEATHER CONDITIONS
 THE FOLLOWING WEATHER WAS RECORDED TODAY.
  LIGHT RAIN


RELATIVE HUMIDITY (PERCENT)
 HIGHEST    84           100 AM
 LOWEST     43           200 PM

..........................................................


THE AUGUSTA DANIEL FIELD GA CLIMATE NORMALS FOR TOMORROW
                         NORMAL
 MAXIMUM TEMPERATURE (F)   80
 MINIMUM TEMPERATURE (F)   57


SUNRISE AND SUNSET
APRIL 30 2017.........SUNRISE   641 AM EDT   SUNSET   810 PM EDT
MAY  1 2017...........SUNRISE   640 AM EDT   SUNSET   811 PM EDT


-  INDICATES NEGATIVE NUMBERS.
R  INDICATES RECORD WAS SET OR TIED.
MM INDICATES DATA IS MISSING.
T  INDICATES TRACE AMOUNT.




$$
