000
CDUS42 KCAE 260632
CLIDNL


CLIMATE REPORT
NATIONAL WEATHER SERVICE COLUMBIA SC
131 AM EST FRI DEC 26 2014


...................................

...THE AUGUSTA DANIEL FIELD GA CLIMATE SUMMARY FOR DECEMBER 25 2014...

CLIMATE NORMAL PERIOD 1981 TO 2010
CLIMATE RECORD PERIOD 9999 TO 9999


WEATHER ITEM   OBSERVED TIME   NORMAL DEPARTURE LAST
                VALUE   (LST)  VALUE  FROM      YEAR
                                      NORMAL
......................................................
TEMPERATURE (F)
 YESTERDAY
  MAXIMUM         58    410 PM  56      2       47
  MINIMUM         44   1159 PM  38      6       30
  AVERAGE         51            47      4       39

PRECIPITATION (IN)
  YESTERDAY        T             0.10  -0.10     0.00
  MONTH TO DATE    2.82          3.06  -0.24     4.46
  SINCE DEC 1      2.82          3.06  -0.24     4.46
  SINCE JAN 1     39.87         45.99  -6.12    58.01

DEGREE DAYS
 HEATING
  YESTERDAY       14            18     -4       26
  MONTH TO DATE  291           396   -105      289
  SINCE DEC 1    291           396   -105      289
  SINCE JUL 1    691           730    -39      662

 COOLING
  YESTERDAY        0             0      0        0
  MONTH TO DATE    0             0      0       15
  SINCE DEC 1      0             0      0       15
  SINCE JAN 1   2634          2256    378     2096
......................................................


WIND (MPH)
  HIGHEST WIND SPEED    15   HIGHEST WIND DIRECTION    NW (310)
  HIGHEST GUST SPEED    22   HIGHEST GUST DIRECTION     W (290)
  AVERAGE WIND SPEED     6.7


SKY COVER
  AVERAGE SKY COVER 0.0


WEATHER CONDITIONS
 THE FOLLOWING WEATHER WAS RECORDED YESTERDAY.
  LIGHT RAIN


RELATIVE HUMIDITY (PERCENT)
 HIGHEST    76          1100 PM
 LOWEST     43           300 PM

..........................................................


THE AUGUSTA DANIEL FIELD GA CLIMATE NORMALS FOR TODAY
                         NORMAL    RECORD    YEAR
 MAXIMUM TEMPERATURE (F)   56        MM        MM
 MINIMUM TEMPERATURE (F)   38        MM        MM


SUNRISE AND SUNSET
DECEMBER 26 2014......SUNRISE   730 AM EST   SUNSET   527 PM EST
DECEMBER 27 2014......SUNRISE   731 AM EST   SUNSET   528 PM EST


-  INDICATES NEGATIVE NUMBERS.
R  INDICATES RECORD WAS SET OR TIED.
MM INDICATES DATA IS MISSING.
T  INDICATES TRACE AMOUNT.




$$
