000
CDUS42 KCAE 222208
CLIDNL


CLIMATE REPORT
NATIONAL WEATHER SERVICE COLUMBIA SC
507 PM EST THU FEB 22 2018


...................................

...THE AUGUSTA DANIEL FIELD GA CLIMATE SUMMARY FOR FEBRUARY 22 2018...
VALID TODAY AS OF 0500 PM LOCAL TIME.

CLIMATE NORMAL PERIOD 1981 TO 2010
CLIMATE RECORD PERIOD 9999 TO 9999


WEATHER ITEM   OBSERVED TIME   NORMAL DEPARTURE LAST
                VALUE   (LST)  VALUE  FROM      YEAR
                                      NORMAL
......................................................
TEMPERATURE (F)
 TODAY
  MAXIMUM         82    349 PM  62     20       73
  MINIMUM         69    801 AM  42     27       61
  AVERAGE         76            52     24

PRECIPITATION (IN)
  TODAY            0.00          0.16  -0.16     0.25
  MONTH TO DATE    1.49          3.06  -1.57     1.82
  SINCE DEC 1      8.20         10.89  -2.69    16.53
  SINCE JAN 1      4.20          7.27  -3.07    12.32

DEGREE DAYS
 HEATING
  TODAY            0            13    -13        0
  MONTH TO DATE  138           334   -196      137
  SINCE DEC 1   1144          1406   -262      820
  SINCE JUL 1   1406          1740   -334      989

 COOLING
  TODAY           11             0     11        2
  MONTH TO DATE   52             0     52        7
  SINCE DEC 1     57             6     51       26
  SINCE JAN 1     54             1     53       22
......................................................


WIND (MPH)
  HIGHEST WIND SPEED    13   HIGHEST WIND DIRECTION     S (180)
  HIGHEST GUST SPEED    15   HIGHEST GUST DIRECTION     S (180)
  AVERAGE WIND SPEED     5.9


SKY COVER
  AVERAGE SKY COVER 0.8


WEATHER CONDITIONS
 THE FOLLOWING WEATHER WAS RECORDED TODAY.
  NO SIGNIFICANT WEATHER WAS OBSERVED.


RELATIVE HUMIDITY (PERCENT)
 HIGHEST    90           100 AM
 LOWEST     54           200 PM

..........................................................


THE AUGUSTA DANIEL FIELD GA CLIMATE NORMALS FOR TOMORROW
                         NORMAL
 MAXIMUM TEMPERATURE (F)   63
 MINIMUM TEMPERATURE (F)   42


SUNRISE AND SUNSET
FEBRUARY 22 2018......SUNRISE   705 AM EST   SUNSET   619 PM EST
FEBRUARY 23 2018......SUNRISE   703 AM EST   SUNSET   620 PM EST


-  INDICATES NEGATIVE NUMBERS.
R  INDICATES RECORD WAS SET OR TIED.
MM INDICATES DATA IS MISSING.
T  INDICATES TRACE AMOUNT.




$$
