000
CDUS42 KCAE 162140
CLIDNL


CLIMATE REPORT
NATIONAL WEATHER SERVICE COLUMBIA SC
540 PM EDT MON OCT 16 2017


...................................

...THE AUGUSTA DANIEL FIELD GA CLIMATE SUMMARY FOR OCTOBER 16 2017...
VALID TODAY AS OF 0500 PM LOCAL TIME.

CLIMATE NORMAL PERIOD 1981 TO 2010
CLIMATE RECORD PERIOD 9999 TO 9999


WEATHER ITEM   OBSERVED TIME   NORMAL DEPARTURE LAST
                VALUE   (LST)  VALUE  FROM      YEAR
                                      NORMAL
......................................................
TEMPERATURE (F)
 TODAY
  MAXIMUM         80    258 PM  76      4       83
  MINIMUM         72    728 AM  56     16       63
  AVERAGE         76            66     10

PRECIPITATION (IN)
  TODAY            0.02          0.11  -0.09     0.00
  MONTH TO DATE    0.41          1.92  -1.51     1.86
  SINCE SEP 1      4.80          5.29  -0.49     7.19
  SINCE JAN 1     35.10         38.45  -3.35    30.86

DEGREE DAYS
 HEATING
  TODAY            0             2     -2        0
  MONTH TO DATE    0            22    -22        0
  SINCE SEP 1      0            25    -25        0
  SINCE JUL 1      0            25    -25        0

 COOLING
  TODAY           11             3      8        8
  MONTH TO DATE  203            75    128      101
  SINCE SEP 1    615           395    220      561
  SINCE JAN 1   2916          2206    710     2931
......................................................


WIND (MPH)
  HIGHEST WIND SPEED    17   HIGHEST WIND DIRECTION    NE (60)
  HIGHEST GUST SPEED    22   HIGHEST GUST DIRECTION    NE (50)
  AVERAGE WIND SPEED     4.9


SKY COVER
  AVERAGE SKY COVER 0.4


WEATHER CONDITIONS
 THE FOLLOWING WEATHER WAS RECORDED TODAY.
  LIGHT RAIN


RELATIVE HUMIDITY (PERCENT)
 HIGHEST    84           300 AM
 LOWEST     62           400 PM

..........................................................


THE AUGUSTA DANIEL FIELD GA CLIMATE NORMALS FOR TOMORROW
                         NORMAL
 MAXIMUM TEMPERATURE (F)   76
 MINIMUM TEMPERATURE (F)   56


SUNRISE AND SUNSET
OCTOBER 16 2017.......SUNRISE   734 AM EDT   SUNSET   653 PM EDT
OCTOBER 17 2017.......SUNRISE   735 AM EDT   SUNSET   652 PM EDT


-  INDICATES NEGATIVE NUMBERS.
R  INDICATES RECORD WAS SET OR TIED.
MM INDICATES DATA IS MISSING.
T  INDICATES TRACE AMOUNT.




$$
