000
CDUS43 KLOT 240639
CLIDPA


CLIMATE REPORT
NATIONAL WEATHER SERVICE CHICAGO IL
136 AM CDT SAT JUN 24 2017


...................................

...THE DU PAGE  AIRPORT CLIMATE SUMMARY FOR JUNE 23 2017...

CLIMATE NORMAL PERIOD 1981 TO 2010
CLIMATE RECORD PERIOD 1997 TO 2017


WEATHER ITEM   OBSERVED TIME   RECORD YEAR NORMAL DEPARTURE LAST
                VALUE   (LST)  VALUE       VALUE  FROM      YEAR
                                                  NORMAL
..................................................................
TEMPERATURE (F)
 YESTERDAY
  MAXIMUM         81    226 PM  97    2009  83     -2       80
  MINIMUM         62   1159 PM  48    2001  61      1       60
  AVERAGE         72                        72      0       70

PRECIPITATION (IN)
  YESTERDAY        0.50          1.24        0.08   0.42     0.00
  MONTH TO DATE    2.49                      3.26  -0.77     3.14
  SINCE JUN 1      2.49                      3.26  -0.77     3.14
  SINCE JAN 1     19.84                     16.28   3.56    17.42

DEGREE DAYS
 HEATING
  YESTERDAY        0                         0      0        0
  MONTH TO DATE    6                        34    -28       11
  SINCE JUN 1      6                        34    -28       11
  SINCE JUL 1   5553                      6313   -760     5638

 COOLING
  YESTERDAY        7                         8     -1        5
  MONTH TO DATE  161                       120     41      132
  SINCE JUN 1    161                       120     41      132
  SINCE JAN 1    184                       166     18      205
..................................................................


WIND (MPH)
  RESULTANT WIND SPEED   8   RESULTANT WIND DIRECTION  NW (300)
  HIGHEST WIND SPEED    30   HIGHEST WIND DIRECTION     W (280)
  HIGHEST GUST SPEED    37   HIGHEST GUST DIRECTION     W (270)
  AVERAGE WIND SPEED    11.9



WEATHER CONDITIONS
 THE FOLLOWING WEATHER WAS RECORDED YESTERDAY.
  THUNDERSTORM
  HEAVY RAIN
  RAIN
  LIGHT RAIN
  FOG


..........................................................


THE DU PAGE  AIRPORT CLIMATE NORMALS FOR TODAY
                         NORMAL    RECORD    YEAR
 MAXIMUM TEMPERATURE (F)   84        95      2009
                                             2005
 MINIMUM TEMPERATURE (F)   61        50      2006


SUNRISE AND SUNSET
JUNE 24 2017..........SUNRISE   519 AM CDT   SUNSET   832 PM CDT
JUNE 25 2017..........SUNRISE   519 AM CDT   SUNSET   832 PM CDT


-  INDICATES NEGATIVE NUMBERS.
R  INDICATES RECORD WAS SET OR TIED.
MM INDICATES DATA IS MISSING.
T  INDICATES TRACE AMOUNT.




$$
