000
CDUS43 KLOT 260638
CLIDPA


CLIMATE REPORT
NATIONAL WEATHER SERVICE CHICAGO IL
138 AM CDT THU MAY 26 2016


...................................

...THE DU PAGE  AIRPORT CLIMATE SUMMARY FOR MAY 25 2016...

CLIMATE NORMAL PERIOD 1981 TO 2010
CLIMATE RECORD PERIOD 1997 TO 2016


WEATHER ITEM   OBSERVED TIME   RECORD YEAR NORMAL DEPARTURE LAST
                VALUE   (LST)  VALUE       VALUE  FROM      YEAR
                                                  NORMAL
..................................................................
TEMPERATURE (F)
 YESTERDAY
  MAXIMUM         87    242 PM  89    2010  74     13       79
  MINIMUM         63    459 AM  39    2002  51     12       65
  AVERAGE         75                        63     12       72

PRECIPITATION (IN)
  YESTERDAY        0.57          1.04        0.15   0.42     0.29
  MONTH TO DATE    5.13                      3.79   1.34     3.55
  SINCE MAR 1     11.05                      9.50   1.55     8.29
  SINCE JAN 1     13.25                     12.23   1.02    10.12

SNOWFALL (IN)
  YESTERDAY        0.0
  MONTH TO DATE    0.0
  SINCE JUL 1     21.6

DEGREE DAYS
 HEATING
  YESTERDAY        0                         5     -5        0
  MONTH TO DATE  233                       191     42      165
  SINCE MAR 1   1424                      1502    -78     1574
  SINCE JUL 1   5627                      6257   -630     6766

 COOLING
  YESTERDAY       10                         2      8        7
  MONTH TO DATE   17                        27    -10       37
  SINCE MAR 1     23                        31     -8       37
  SINCE JAN 1     23                        31     -8       37
..................................................................


WIND (MPH)
  RESULTANT WIND SPEED   7   RESULTANT WIND DIRECTION   S (160)
  HIGHEST WIND SPEED    39   HIGHEST WIND DIRECTION    SW (240)
  HIGHEST GUST SPEED    60   HIGHEST GUST DIRECTION    SW (230)
  AVERAGE WIND SPEED     8.4



WEATHER CONDITIONS
 THE FOLLOWING WEATHER WAS RECORDED YESTERDAY.
  THUNDERSTORM
  HEAVY RAIN
  RAIN
  LIGHT RAIN
  FOG


..........................................................


THE DU PAGE  AIRPORT CLIMATE NORMALS FOR TODAY
                         NORMAL    RECORD    YEAR
 MAXIMUM TEMPERATURE (F)   74        89      2014
                                             2010
 MINIMUM TEMPERATURE (F)   51        37      2002


SUNRISE AND SUNSET
MAY 26 2016...........SUNRISE   523 AM CDT   SUNSET   817 PM CDT
MAY 27 2016...........SUNRISE   523 AM CDT   SUNSET   818 PM CDT


-  INDICATES NEGATIVE NUMBERS.
R  INDICATES RECORD WAS SET OR TIED.
MM INDICATES DATA IS MISSING.
T  INDICATES TRACE AMOUNT.




$$
