382
CDUS43 KLOT 080633
CLIDPA


CLIMATE REPORT
NATIONAL WEATHER SERVICE CHICAGO IL
1232 AM CST MON FEB 8 2016


...................................

...THE DU PAGE  AIRPORT CLIMATE SUMMARY FOR FEBRUARY 7 2016...

CLIMATE NORMAL PERIOD 1981 TO 2010
CLIMATE RECORD PERIOD 1997 TO 2016


WEATHER ITEM   OBSERVED TIME   RECORD YEAR NORMAL DEPARTURE LAST
                VALUE   (LST)  VALUE       VALUE  FROM      YEAR
                                                  NORMAL
..................................................................
TEMPERATURE (F)
 YESTERDAY
  MAXIMUM         43    430 PM  55    2009  34      9       39
                                      1999
  MINIMUM         29   1159 PM -12    2014  18     11       15
  AVERAGE         36                        26     10       27

PRECIPITATION (IN)
  YESTERDAY        0.00          0.81        0.04  -0.04     0.00
  MONTH TO DATE    1.41                      0.27   1.14     0.76
  SINCE DEC 1      7.20                      3.30   3.90     2.21
  SINCE JAN 1      2.10                      1.58   0.52     1.63

SNOWFALL (IN)
  YESTERDAY        0.0
  MONTH TO DATE    0.0
  SINCE JUL 1     16.7

DEGREE DAYS
 HEATING
  YESTERDAY       29                        39    -10       38
  MONTH TO DATE  235                       279    -44      346
  SINCE DEC 1   2337                      2740   -403     2746
  SINCE JUL 1   3414                      3994   -580     4205

 COOLING
  YESTERDAY        0                         0      0        0
  MONTH TO DATE    0                         0      0        0
  SINCE DEC 1      0                         0      0        0
  SINCE JAN 1      0                         0      0        0
..................................................................


WIND (MPH)
  RESULTANT WIND SPEED  12   RESULTANT WIND DIRECTION  SW (220)
  HIGHEST WIND SPEED    24   HIGHEST WIND DIRECTION    SW (220)
  HIGHEST GUST SPEED    31   HIGHEST GUST DIRECTION    SW (230)
  AVERAGE WIND SPEED    12.6



WEATHER CONDITIONS
 THE FOLLOWING WEATHER WAS RECORDED YESTERDAY.
  NO SIGNIFICANT WEATHER WAS OBSERVED.


..........................................................


THE DU PAGE  AIRPORT CLIMATE NORMALS FOR TODAY
                         NORMAL    RECORD    YEAR
 MAXIMUM TEMPERATURE (F)   34        48      2001
 MINIMUM TEMPERATURE (F)   18        -8      2007


SUNRISE AND SUNSET
FEBRUARY  8 2016......SUNRISE   658 AM CST   SUNSET   516 PM CST
FEBRUARY  9 2016......SUNRISE   657 AM CST   SUNSET   518 PM CST


-  INDICATES NEGATIVE NUMBERS.
R  INDICATES RECORD WAS SET OR TIED.
MM INDICATES DATA IS MISSING.
T  INDICATES TRACE AMOUNT.




$$
