000
CDUS45 KGJT 152334
CLIDRO


CLIMATE REPORT
NATIONAL WEATHER SERVICE GRAND JUNCTION CO
530 PM MDT MON SEP 15 2014


...................................

...THE DURANGO AIRPORT CO CLIMATE SUMMARY FOR SEPTEMBER 15 2014...
VALID TODAY AS OF 0500 PM LOCAL TIME.

CLIMATE NORMAL PERIOD 1981 TO 2010
CLIMATE RECORD PERIOD 9999 TO 9999


WEATHER ITEM   OBSERVED TIME   RECORD YEAR NORMAL DEPARTURE LAST
                VALUE   (LST)  VALUE       VALUE  FROM      YEAR
                                                  NORMAL
..................................................................
TEMPERATURE (F)
 TODAY
  MAXIMUM         84    237 PM  MM      MM  76      8       73
  MINIMUM         49    604 AM  MM      MM  42      7       50
  AVERAGE         67                        59      8       62

PRECIPITATION (IN)
  TODAY            T            MM      MM   0.08  -0.08     0.01
  MONTH TO DATE    0.22                      0.97  -0.75     2.69
  SINCE SEP 1      0.22                      0.97  -0.75     2.69
  SINCE JAN 1      5.85                     10.94  -5.09    10.90

SNOWFALL (IN)
  TODAY           MM            MM      MM  MM     MM       MM
  MONTH TO DATE   MM                        MM     MM       MM
  SINCE SEP 1     MM                        MM     MM       MM
  SINCE JUL 1     MM                        MM     MM       MM
  SNOW DEPTH      MM

DEGREE DAYS
 HEATING
  TODAY            0                         6     -6        3
  MONTH TO DATE   33                        59    -26       25
  SINCE SEP 1     33                        59    -26       25
  SINCE JUL 1     60                        88    -28       38

 COOLING
  TODAY            2                         0      2        0
  MONTH TO DATE    8                         3      5       39
  SINCE SEP 1      8                         3      5       39
  SINCE JAN 1    300                       240     60      388
..................................................................


WIND (MPH)
  HIGHEST WIND SPEED    18   HIGHEST WIND DIRECTION    SW (230)
  HIGHEST GUST SPEED    23   HIGHEST GUST DIRECTION    SW (220)
  AVERAGE WIND SPEED     4.8


SKY COVER
  POSSIBLE SUNSHINE  MM
  AVERAGE SKY COVER 0.1


WEATHER CONDITIONS
 THE FOLLOWING WEATHER WAS RECORDED TODAY.
  LIGHT RAIN


RELATIVE HUMIDITY (PERCENT)
 HIGHEST    71           500 AM
 LOWEST     16          1200 PM
 AVERAGE    44

..........................................................


THE DURANGO AIRPORT CO CLIMATE NORMALS FOR TOMORROW
                         NORMAL    RECORD    YEAR
 MAXIMUM TEMPERATURE (F)   75        MM        MM
 MINIMUM TEMPERATURE (F)   42        MM        MM


SUNRISE AND SUNSET
SEPTEMBER 15 2014.....SUNRISE   653 AM MDT   SUNSET   718 PM MDT
SEPTEMBER 16 2014.....SUNRISE   654 AM MDT   SUNSET   717 PM MDT


-  INDICATES NEGATIVE NUMBERS.
R  INDICATES RECORD WAS SET OR TIED.
MM INDICATES DATA IS MISSING.
T  INDICATES TRACE AMOUNT.




$$
