000
CDUS45 KGJT 282341
CLIDRO


CLIMATE REPORT
NATIONAL WEATHER SERVICE GRAND JUNCTION CO
530 PM MDT THU AUG 28 2014


...................................

...THE DURANGO AIRPORT CO CLIMATE SUMMARY FOR AUGUST 28 2014...
VALID TODAY AS OF 0500 PM LOCAL TIME.

CLIMATE NORMAL PERIOD 1981 TO 2010
CLIMATE RECORD PERIOD 9999 TO 9999


WEATHER ITEM   OBSERVED TIME   RECORD YEAR NORMAL DEPARTURE LAST
                VALUE   (LST)  VALUE       VALUE  FROM      YEAR
                                                  NORMAL
..................................................................
TEMPERATURE (F)
 TODAY
  MAXIMUM         77    356 PM  MM      MM  81     -4       86
  MINIMUM         42    609 AM  MM      MM  49     -7       56
  AVERAGE         60                        65     -5       71

PRECIPITATION (IN)
  TODAY            0.00         MM      MM   0.09  -0.09     0.00
  MONTH TO DATE    1.93                      1.94  -0.01     2.35
  SINCE JUN 1      3.23                      4.30  -1.07     4.44
  SINCE JAN 1      5.63                      9.73  -4.10     8.19

SNOWFALL (IN)
  TODAY           MM            MM      MM  MM     MM       MM
  MONTH TO DATE   MM                        MM     MM       MM
  SINCE JUN 1     MM                        MM     MM       MM
  SINCE JUL 1     MM                        MM     MM       MM
  SNOW DEPTH      MM

DEGREE DAYS
 HEATING
  TODAY            5                         1      4        0
  MONTH TO DATE   23                        11     12       13
  SINCE JUN 1    111                       136    -25       53
  SINCE JUL 1     23                        21      2       13

 COOLING
  TODAY            0                         1     -1        6
  MONTH TO DATE   68                        82    -14       84
  SINCE JUN 1    287                       232     55      330
  SINCE JAN 1    292                       233     59      330
..................................................................


WIND (MPH)
  HIGHEST WIND SPEED    22   HIGHEST WIND DIRECTION    NW (330)
  HIGHEST GUST SPEED    25   HIGHEST GUST DIRECTION    NW (320)
  AVERAGE WIND SPEED     5.5


SKY COVER
  POSSIBLE SUNSHINE  MM
  AVERAGE SKY COVER 0.0


WEATHER CONDITIONS
 THE FOLLOWING WEATHER WAS RECORDED TODAY.
  NO SIGNIFICANT WEATHER WAS OBSERVED.


RELATIVE HUMIDITY (PERCENT)
 HIGHEST    96           300 AM
 LOWEST     24           400 PM
 AVERAGE    60

..........................................................


THE DURANGO AIRPORT CO CLIMATE NORMALS FOR TOMORROW
                         NORMAL    RECORD    YEAR
 MAXIMUM TEMPERATURE (F)   81        MM        MM
 MINIMUM TEMPERATURE (F)   48        MM        MM


SUNRISE AND SUNSET
AUGUST 28 2014........SUNRISE   638 AM MDT   SUNSET   745 PM MDT
AUGUST 29 2014........SUNRISE   639 AM MDT   SUNSET   744 PM MDT


-  INDICATES NEGATIVE NUMBERS.
R  INDICATES RECORD WAS SET OR TIED.
MM INDICATES DATA IS MISSING.
T  INDICATES TRACE AMOUNT.




$$
