000
CDUS44 KEWX 272224
CLIDRT


CLIMATE REPORT
NATIONAL WEATHER SERVICE AUSTIN/SAN ANTONIO, TX
423 PM CST TUE JAN 27 2015


...................................

...THE DEL RIO CLIMATE SUMMARY FOR JANUARY 27 2015...
VALID TODAY AS OF 423 PM LOCAL TIME.

CLIMATE NORMAL PERIOD 1981 TO 2010
CLIMATE RECORD PERIOD 1906 TO 2015


WEATHER ITEM   OBSERVED TIME   RECORD YEAR NORMAL DEPARTURE LAST
                VALUE   (LST)  VALUE       VALUE  FROM      YEAR
                                                  NORMAL
..................................................................
TEMPERATURE (F)
 TODAY
  MAXIMUM         80    358 PM  84    1947  65     15       61
  MINIMUM         41    541 AM  24    1976  42     -1       40
  AVERAGE         61                        53      8       51

PRECIPITATION (IN)
  TODAY            0.00          0.78 1931   0.02  -0.02     0.00
  MONTH TO DATE    0.43                      0.62  -0.19      T
  SINCE DEC 1      0.68                      1.27  -0.59     0.48
  SINCE JAN 1      0.43                      0.62  -0.19      T

SNOWFALL (IN)
  TODAY            0.0
  MONTH TO DATE    0.0
  SINCE DEC 1      0.0
  SINCE JUL 1      0.0
  SNOW DEPTH       0

DEGREE DAYS
 HEATING
  TODAY            4                        12     -8       14
  MONTH TO DATE  460                       355    105      381
  SINCE DEC 1    729                       749    -20      836
  SINCE JUL 1   1001                       946     55     1069

 COOLING
  TODAY            0                         0      0        0
  MONTH TO DATE    0                         0      0        0
  SINCE DEC 1      6                         3      3        5
  SINCE JAN 1      0                         0      0        0
..................................................................


WIND (MPH)
  HIGHEST WIND SPEED    14   HIGHEST WIND DIRECTION     W (290)
  HIGHEST GUST SPEED    16   HIGHEST GUST DIRECTION     W (290)
  AVERAGE WIND SPEED     4.7



WEATHER CONDITIONS
 THE FOLLOWING WEATHER WAS RECORDED TODAY.
  NO SIGNIFICANT WEATHER WAS OBSERVED.


RELATIVE HUMIDITY (PERCENT)
 HIGHEST    89           400 AM
 LOWEST     20           400 PM
 AVERAGE    55

..........................................................


THE DEL RIO CLIMATE NORMALS FOR TOMORROW
                         NORMAL    RECORD    YEAR
 MAXIMUM TEMPERATURE (F)   65        87      1909
 MINIMUM TEMPERATURE (F)   42        20      1948


SUNRISE AND SUNSET
JANUARY 27 2015.......SUNRISE   736 AM CST   SUNSET   618 PM CST
JANUARY 28 2015.......SUNRISE   735 AM CST   SUNSET   618 PM CST


-  INDICATES NEGATIVE NUMBERS.
R  INDICATES RECORD WAS SET OR TIED.
MM INDICATES DATA IS MISSING.
T  INDICATES TRACE AMOUNT.




$$
