000
CDUS44 KEWX 170731
CLIDRT


CLIMATE REPORT
NATIONAL WEATHER SERVICE AUSTIN/SAN ANTONIO, TX
229 AM CDT WED SEP 17 2014


...................................

...THE DEL RIO CLIMATE SUMMARY FOR SEPTEMBER 16 2014...

CLIMATE NORMAL PERIOD 1981 TO 2010
CLIMATE RECORD PERIOD 1906 TO 2014


WEATHER ITEM   OBSERVED TIME   RECORD YEAR NORMAL DEPARTURE LAST
                VALUE   (LST)  VALUE       VALUE  FROM      YEAR
                                                  NORMAL
..................................................................
TEMPERATURE (F)
 YESTERDAY
  MAXIMUM         90    526 PM 101    1997  91     -1       93
  MINIMUM         72    654 AM  58    1951  70      2       75
  AVERAGE         81                        80      1       84

PRECIPITATION (IN)
  YESTERDAY        T             3.20 1949   0.06  -0.06     0.48
  MONTH TO DATE    1.42                      1.23   0.19     1.87
  SINCE SEP 1      1.42                      1.23   0.19     1.87
  SINCE JAN 1      8.59                     14.74  -6.15    10.36

SNOWFALL (IN)
  YESTERDAY        0.0
  MONTH TO DATE    0.0
  SINCE SEP 1      0.0
  SINCE JUL 1      0.0

DEGREE DAYS
 HEATING
  YESTERDAY        0                         0      0        0
  MONTH TO DATE    0                         0      0        0
  SINCE SEP 1      0                         0      0        0
  SINCE JUL 1      0                         0      0        0

 COOLING
  YESTERDAY       16                        15      1       19
  MONTH TO DATE  278                       277      1      315
  SINCE SEP 1    278                       277      1      315
  SINCE JAN 1   3167                      2912    255     3255
..................................................................


WIND (MPH)
  HIGHEST WIND SPEED    12   HIGHEST WIND DIRECTION     S (160)
  HIGHEST GUST SPEED    14   HIGHEST GUST DIRECTION    SE (140)
  AVERAGE WIND SPEED     3.4


SKY COVER
  AVERAGE SKY COVER 0.3


WEATHER CONDITIONS
 THE FOLLOWING WEATHER WAS RECORDED YESTERDAY.
  LIGHT RAIN


RELATIVE HUMIDITY (PERCENT)
 HIGHEST    93           500 AM
 LOWEST     52           300 PM
 AVERAGE    73

..........................................................


THE DEL RIO CLIMATE NORMALS FOR TODAY
                         NORMAL    RECORD    YEAR
 MAXIMUM TEMPERATURE (F)   90       101      1997
                                             1980
                                             1912
 MINIMUM TEMPERATURE (F)   69        53      1951


SUNRISE AND SUNSET
SEPTEMBER 17 2014.....SUNRISE   729 AM CDT   SUNSET   746 PM CDT
SEPTEMBER 18 2014.....SUNRISE   730 AM CDT   SUNSET   745 PM CDT


-  INDICATES NEGATIVE NUMBERS.
R  INDICATES RECORD WAS SET OR TIED.
MM INDICATES DATA IS MISSING.
T  INDICATES TRACE AMOUNT.




$$
