000
CDUS44 KEWX 010716
CLIDRT


CLIMATE REPORT
NATIONAL WEATHER SERVICE AUSTIN/SAN ANTONIO, TX
215 AM CDT SAT AUG 1 2015


...................................

...THE DEL RIO CLIMATE SUMMARY FOR JULY 31 2015...

CLIMATE NORMAL PERIOD 1981 TO 2010
CLIMATE RECORD PERIOD 1906 TO 2015


WEATHER ITEM   OBSERVED TIME   RECORD YEAR NORMAL DEPARTURE LAST
                VALUE   (LST)  VALUE       VALUE  FROM      YEAR
                                                  NORMAL
..................................................................
TEMPERATURE (F)
 YESTERDAY
  MAXIMUM        102    329 PM 106    1912  98      4      100
  MINIMUM         76    623 AM  68    1971  76      0       79
  AVERAGE         89                        87      2       90

PRECIPITATION (IN)
  YESTERDAY        0.00          1.03 1915   0.05  -0.05     0.09
  MONTH TO DATE    0.04                      1.78  -1.74     0.35
  SINCE JUN 1      3.52                      4.13  -0.61     5.04
  SINCE JAN 1     18.60                     11.33   7.27     6.39

SNOWFALL (IN)
  YESTERDAY        0.0
  MONTH TO DATE    0.0
  SINCE JUN 1      0.0
  SINCE JUL 1      0.0

DEGREE DAYS
 HEATING
  YESTERDAY        0                         0      0        0
  MONTH TO DATE    0                         0      0        0
  SINCE JUN 1      0                         0      0        0
  SINCE JUL 1      0                         0      0        0

 COOLING
  YESTERDAY       24                        22      2       25
  MONTH TO DATE  665                       648     17      695
  SINCE JUN 1   1166                      1219    -53     1323
  SINCE JAN 1   1846                      1978   -132     2173
..................................................................


WIND (MPH)
  HIGHEST WIND SPEED    21   HIGHEST WIND DIRECTION     E (80)
  HIGHEST GUST SPEED    27   HIGHEST GUST DIRECTION     E (80)
  AVERAGE WIND SPEED     7.0


SKY COVER
  AVERAGE SKY COVER 0.1


WEATHER CONDITIONS
 THE FOLLOWING WEATHER WAS RECORDED YESTERDAY.
  HAZE


RELATIVE HUMIDITY (PERCENT)
 HIGHEST    60           500 AM
 LOWEST     29           300 PM
 AVERAGE    45

..........................................................


THE DEL RIO CLIMATE NORMALS FOR TODAY
                         NORMAL    RECORD    YEAR
 MAXIMUM TEMPERATURE (F)   98       106      2012
                                             1912
 MINIMUM TEMPERATURE (F)   76        65      1925


SUNRISE AND SUNSET
AUGUST  1 2015........SUNRISE   704 AM CDT   SUNSET   836 PM CDT
AUGUST  2 2015........SUNRISE   704 AM CDT   SUNSET   835 PM CDT


-  INDICATES NEGATIVE NUMBERS.
R  INDICATES RECORD WAS SET OR TIED.
MM INDICATES DATA IS MISSING.
T  INDICATES TRACE AMOUNT.




$$
