000
CDUS44 KEWX 222334
CLIDRT


CLIMATE REPORT
NATIONAL WEATHER SERVICE AUSTIN/SAN ANTONIO, TX
533 PM CST MON JAN 22 2018


...................................

...THE DEL RIO CLIMATE SUMMARY FOR JANUARY 22 2018...
VALID TODAY AS OF 530 PM LOCAL TIME.

CLIMATE NORMAL PERIOD 1981 TO 2010
CLIMATE RECORD PERIOD 1906 TO 2018


WEATHER ITEM   OBSERVED TIME   RECORD YEAR NORMAL DEPARTURE LAST
                VALUE   (LST)  VALUE       VALUE  FROM      YEAR
                                                  NORMAL
..................................................................
TEMPERATURE (F)
 TODAY
  MAXIMUM         67    428 PM  87    1971  64      3       72
  MINIMUM         37    404 AM  19    1935  41     -4       43
                                      1930
  AVERAGE         52                        53     -1       58

PRECIPITATION (IN)
  TODAY            0.00          0.84 1938   0.02  -0.02     0.00
  MONTH TO DATE    T                         0.49  -0.49     0.18
  SINCE DEC 1      1.74                      1.14   0.60     2.66
  SINCE JAN 1      T                         0.49  -0.49     0.18

SNOWFALL (IN)
  TODAY            0.0
  MONTH TO DATE    T
  SINCE DEC 1      T
  SINCE JUL 1      T
  SNOW DEPTH       0

DEGREE DAYS
 HEATING
  TODAY           13                        13      0        7
  MONTH TO DATE  381                       295     86      197
  SINCE DEC 1    790                       689    101      530
  SINCE JUL 1    941                       886     55      599

 COOLING
  TODAY            0                         0      0        0
  MONTH TO DATE    0                         0      0       12
  SINCE DEC 1     10                         3      7       24
  SINCE JAN 1      0                         0      0       12
..................................................................


WIND (MPH)
  HIGHEST WIND SPEED    21   HIGHEST WIND DIRECTION     N (340)
  HIGHEST GUST SPEED    27   HIGHEST GUST DIRECTION    NW (320)
  AVERAGE WIND SPEED     9.7



WEATHER CONDITIONS
 THE FOLLOWING WEATHER WAS RECORDED TODAY.
  FOG


RELATIVE HUMIDITY (PERCENT)
 HIGHEST   100           100 AM
 LOWEST     13           500 PM
 AVERAGE    57

..........................................................


THE DEL RIO CLIMATE NORMALS FOR TOMORROW
                         NORMAL    RECORD    YEAR
 MAXIMUM TEMPERATURE (F)   64        89      1972
 MINIMUM TEMPERATURE (F)   41        13      1930


SUNRISE AND SUNSET
JANUARY 22 2018.......SUNRISE   737 AM CST   SUNSET   614 PM CST
JANUARY 23 2018.......SUNRISE   737 AM CST   SUNSET   614 PM CST


-  INDICATES NEGATIVE NUMBERS.
R  INDICATES RECORD WAS SET OR TIED.
MM INDICATES DATA IS MISSING.
T  INDICATES TRACE AMOUNT.




$$
