000
CDUS44 KDRT 282229
CLIDRT


CLIMATE REPORT
NATIONAL WEATHER SERVICE AUSTIN/SAN ANTONIO, TX
528 PM CDT THU JUL 28 2016


...................................

...THE DEL RIO CLIMATE SUMMARY FOR JULY 28 2016...
VALID TODAY AS OF 525 PM LOCAL TIME.

CLIMATE NORMAL PERIOD 1981 TO 2010
CLIMATE RECORD PERIOD 1906 TO 2016


WEATHER ITEM   OBSERVED TIME   RECORD YEAR NORMAL DEPARTURE LAST
                VALUE   (LST)  VALUE       VALUE  FROM      YEAR
                                                  NORMAL
..................................................................
TEMPERATURE (F)
 TODAY
  MAXIMUM         97    251 PM 107    1980  97      0      100
  MINIMUM         76    711 AM  66    1994  76      0       77
  AVERAGE         87                        86      1       89

PRECIPITATION (IN)
  TODAY            0.00          2.95 2005   0.05  -0.05     0.00
  MONTH TO DATE    0.05                      1.62  -1.57     0.04
  SINCE JUN 1      2.98                      3.97  -0.99     3.52
  SINCE JAN 1     11.59                     11.17   0.42    18.60

SNOWFALL (IN)
  TODAY            0.0
  MONTH TO DATE    0.0
  SINCE JUN 1      0.0
  SINCE JUL 1      0.0
  SNOW DEPTH       0

DEGREE DAYS
 HEATING
  TODAY            0                         0      0        0
  MONTH TO DATE    0                         0      0        0
  SINCE JUN 1      0                         0      0        0
  SINCE JUL 1      0                         0      0        0

 COOLING
  TODAY           22                        21      1       24
  MONTH TO DATE  709                       582    127      593
  SINCE JUN 1   1288                      1153    135     1094
  SINCE JAN 1   2014                      1912    102     1774
..................................................................


WIND (MPH)
  HIGHEST WIND SPEED    26   HIGHEST WIND DIRECTION    SE (150)
  HIGHEST GUST SPEED    33   HIGHEST GUST DIRECTION     S (160)
  AVERAGE WIND SPEED     7.2



WEATHER CONDITIONS
 THE FOLLOWING WEATHER WAS RECORDED TODAY.
  NO SIGNIFICANT WEATHER WAS OBSERVED.


RELATIVE HUMIDITY (PERCENT)
 HIGHEST    94           200 AM
 LOWEST     38           300 PM
 AVERAGE    66

..........................................................


THE DEL RIO CLIMATE NORMALS FOR TOMORROW
                         NORMAL    RECORD    YEAR
 MAXIMUM TEMPERATURE (F)   97       109      1960
 MINIMUM TEMPERATURE (F)   76        69      2002
                                             1987


SUNRISE AND SUNSET
JULY 28 2016..........SUNRISE   702 AM CDT   SUNSET   838 PM CDT
JULY 29 2016..........SUNRISE   702 AM CDT   SUNSET   837 PM CDT


-  INDICATES NEGATIVE NUMBERS.
R  INDICATES RECORD WAS SET OR TIED.
MM INDICATES DATA IS MISSING.
T  INDICATES TRACE AMOUNT.




$$
