000
CDUS44 KEWX 180722
CLIDRT


CLIMATE REPORT
NATIONAL WEATHER SERVICE AUSTIN/SAN ANTONIO, TX
118 AM CST THU DEC 18 2014


...................................

...THE DEL RIO CLIMATE SUMMARY FOR DECEMBER 17 2014...

CLIMATE NORMAL PERIOD 1981 TO 2010
CLIMATE RECORD PERIOD 1906 TO 2014


WEATHER ITEM   OBSERVED TIME   RECORD YEAR NORMAL DEPARTURE LAST
                VALUE   (LST)  VALUE       VALUE  FROM      YEAR
                                                  NORMAL
..................................................................
TEMPERATURE (F)
 YESTERDAY
  MAXIMUM         56    246 AM  81    1916  64     -8       72
  MINIMUM         50    429 AM  24    1932  40     10       36
  AVERAGE         53                        52      1       54

PRECIPITATION (IN)
  YESTERDAY        T             0.14 1987   0.02  -0.02     0.00
  MONTH TO DATE    0.04                      0.33  -0.29     0.01
  SINCE DEC 1      0.04                      0.33  -0.29     0.01
  SINCE JAN 1     15.94                     19.20  -3.26    15.00

SNOWFALL (IN)
  YESTERDAY        0.0
  MONTH TO DATE    0.0
  SINCE DEC 1      0.0
  SINCE JUL 1      0.0

DEGREE DAYS
 HEATING
  YESTERDAY       12                        13     -1       11
  MONTH TO DATE   91                       203   -112      264
  SINCE DEC 1     91                       203   -112      264
  SINCE JUL 1    363                       400    -37      497

 COOLING
  YESTERDAY        0                         0      0        0
  MONTH TO DATE    6                         0      6        5
  SINCE DEC 1      6                         0      6        5
  SINCE JAN 1   3694                      3372    322     3746
..................................................................


WIND (MPH)
  HIGHEST WIND SPEED    20   HIGHEST WIND DIRECTION    SE (120)
  HIGHEST GUST SPEED    27   HIGHEST GUST DIRECTION    SE (130)
  AVERAGE WIND SPEED     7.3


SKY COVER
  AVERAGE SKY COVER 1.0


WEATHER CONDITIONS
 THE FOLLOWING WEATHER WAS RECORDED YESTERDAY.
  FOG


RELATIVE HUMIDITY (PERCENT)
 HIGHEST    89           900 PM
 LOWEST     51           100 AM
 AVERAGE    70

..........................................................


THE DEL RIO CLIMATE NORMALS FOR TODAY
                         NORMAL    RECORD    YEAR
 MAXIMUM TEMPERATURE (F)   63        85      2012
 MINIMUM TEMPERATURE (F)   40        24      1996


SUNRISE AND SUNSET
DECEMBER 18 2014......SUNRISE   732 AM CST   SUNSET   548 PM CST
DECEMBER 19 2014......SUNRISE   733 AM CST   SUNSET   549 PM CST


-  INDICATES NEGATIVE NUMBERS.
R  INDICATES RECORD WAS SET OR TIED.
MM INDICATES DATA IS MISSING.
T  INDICATES TRACE AMOUNT.




$$
