000
CDUS44 KEWX 242223
CLIDRT


CLIMATE REPORT
NATIONAL WEATHER SERVICE AUSTIN/SAN ANTONIO, TX
523 PM CDT FRI OCT 24 2014


...................................

...THE DEL RIO CLIMATE SUMMARY FOR OCTOBER 24 2014...
VALID TODAY AS OF 0523 PM LOCAL TIME.

CLIMATE NORMAL PERIOD 1981 TO 2010
CLIMATE RECORD PERIOD 1906 TO 2014


WEATHER ITEM   OBSERVED TIME   RECORD YEAR NORMAL DEPARTURE LAST
                VALUE   (LST)  VALUE       VALUE  FROM      YEAR
                                                  NORMAL
..................................................................
TEMPERATURE (F)
 TODAY
  MAXIMUM         84    422 PM  98    2001  80      4       81
  MINIMUM         62    717 AM  34    1908  59      3       52
  AVERAGE         73                        69      4       67

PRECIPITATION (IN)
  TODAY            0.00          5.42 1941   0.05  -0.05     0.00
  MONTH TO DATE    1.24                      1.93  -0.69     1.40
  SINCE SEP 1      5.47                      4.13   1.34     5.84
  SINCE JAN 1     12.64                     17.64  -5.00    14.33

SNOWFALL (IN)
  TODAY            0.0
  MONTH TO DATE    0.0
  SINCE SEP 1      0.0
  SINCE JUL 1      0.0
  SNOW DEPTH       0

DEGREE DAYS
 HEATING
  TODAY            0                         1     -1        0
  MONTH TO DATE    0                        10    -10        9
  SINCE SEP 1      0                        11    -11        9
  SINCE JUL 1      0                        11    -11        9

 COOLING
  TODAY            8                         5      3        2
  MONTH TO DATE  245                       198     47      179
  SINCE SEP 1    730                       658     72      699
  SINCE JAN 1   3619                      3293    326     3639
..................................................................


WIND (MPH)
  HIGHEST WIND SPEED    13   HIGHEST WIND DIRECTION     S (160)
  HIGHEST GUST SPEED    16   HIGHEST GUST DIRECTION    SE (130)
  AVERAGE WIND SPEED     6.0



WEATHER CONDITIONS
 THE FOLLOWING WEATHER WAS RECORDED TODAY.
  FOG


RELATIVE HUMIDITY (PERCENT)
 HIGHEST    93           500 AM
 LOWEST     48           400 PM
 AVERAGE    71

..........................................................


THE DEL RIO CLIMATE NORMALS FOR TOMORROW
                         NORMAL    RECORD    YEAR
 MAXIMUM TEMPERATURE (F)   80        99      2010
 MINIMUM TEMPERATURE (F)   58        39      2005
                                             1906


SUNRISE AND SUNSET
OCTOBER 24 2014.......SUNRISE   751 AM CDT   SUNSET   704 PM CDT
OCTOBER 25 2014.......SUNRISE   752 AM CDT   SUNSET   703 PM CDT


-  INDICATES NEGATIVE NUMBERS.
R  INDICATES RECORD WAS SET OR TIED.
MM INDICATES DATA IS MISSING.
T  INDICATES TRACE AMOUNT.




$$
