000
CDUS44 KEWX 310719
CLIDRT


CLIMATE REPORT
NATIONAL WEATHER SERVICE AUSTIN/SAN ANTONIO, TX
218 AM CDT SUN AUG 31 2014


...................................

...THE DEL RIO CLIMATE SUMMARY FOR AUGUST 30 2014...

CLIMATE NORMAL PERIOD 1981 TO 2010
CLIMATE RECORD PERIOD 1906 TO 2014


WEATHER ITEM   OBSERVED TIME   RECORD YEAR NORMAL DEPARTURE LAST
                VALUE   (LST)  VALUE       VALUE  FROM      YEAR
                                                  NORMAL
..................................................................
TEMPERATURE (F)
 YESTERDAY
  MAXIMUM        101    527 PM 105    1956  95      6       99
  MINIMUM         78    647 AM  66    1940  74      4       76
  AVERAGE         90                        85      5       88

PRECIPITATION (IN)
  YESTERDAY        0.00          2.33 1996   0.09  -0.09     0.00
  MONTH TO DATE    0.78                      2.08  -1.30     0.74
  SINCE JUN 1      5.82                      6.21  -0.39     5.27
  SINCE JAN 1      7.17                     13.41  -6.24     8.49

SNOWFALL (IN)
  YESTERDAY        0.0
  MONTH TO DATE    0.0
  SINCE JUN 1      0.0
  SINCE JUL 1      0.0

DEGREE DAYS
 HEATING
  YESTERDAY        0                         0      0        0
  MONTH TO DATE    0                         0      0        0
  SINCE JUN 1      0                         0      0        0
  SINCE JUL 1      0                         0      0        0

 COOLING
  YESTERDAY       25                        20      5       23
  MONTH TO DATE  693                       642     51      724
  SINCE JUN 1   2016                      1861    155     2010
  SINCE JAN 1   2866                      2620    246     2916
..................................................................


WIND (MPH)
  HIGHEST WIND SPEED    17   HIGHEST WIND DIRECTION    SE (130)
  HIGHEST GUST SPEED    28   HIGHEST GUST DIRECTION    SE (120)
  AVERAGE WIND SPEED     9.7


SKY COVER
  AVERAGE SKY COVER 0.1


WEATHER CONDITIONS
 THE FOLLOWING WEATHER WAS RECORDED YESTERDAY.
  NO SIGNIFICANT WEATHER WAS OBSERVED.


RELATIVE HUMIDITY (PERCENT)
 HIGHEST    74           600 AM
 LOWEST     29           400 PM
 AVERAGE    52

..........................................................


THE DEL RIO CLIMATE NORMALS FOR TODAY
                         NORMAL    RECORD    YEAR
 MAXIMUM TEMPERATURE (F)   95       104      2012
                                             1956
                                             1952
 MINIMUM TEMPERATURE (F)   74        60      1915


SUNRISE AND SUNSET
AUGUST 31 2014........SUNRISE   721 AM CDT   SUNSET   807 PM CDT
SEPTEMBER  1 2014.....SUNRISE   721 AM CDT   SUNSET   806 PM CDT


-  INDICATES NEGATIVE NUMBERS.
R  INDICATES RECORD WAS SET OR TIED.
MM INDICATES DATA IS MISSING.
T  INDICATES TRACE AMOUNT.




$$
