000
CDUS44 KEWX 230744
CLIDRT


CLIMATE REPORT
NATIONAL WEATHER SERVICE AUSTIN/SAN ANTONIO, TX
243 AM CDT THU OCT 23 2014


...................................

...THE DEL RIO CLIMATE SUMMARY FOR OCTOBER 22 2014...

CLIMATE NORMAL PERIOD 1981 TO 2010
CLIMATE RECORD PERIOD 1906 TO 2014


WEATHER ITEM   OBSERVED TIME   RECORD YEAR NORMAL DEPARTURE LAST
                VALUE   (LST)  VALUE       VALUE  FROM      YEAR
                                                  NORMAL
..................................................................
TEMPERATURE (F)
 YESTERDAY
  MAXIMUM         72   1216 PM  92    1950  81     -9       77
  MINIMUM         64    845 PM  34    1911  59      5       53
  AVERAGE         68                        70     -2       65

PRECIPITATION (IN)
  YESTERDAY        0.25          1.30 1977   0.07   0.18     0.00
  MONTH TO DATE    1.24                      1.82  -0.58     1.40
  SINCE SEP 1      5.47                      4.02   1.45     5.84
  SINCE JAN 1     12.64                     17.53  -4.89    14.33

SNOWFALL (IN)
  YESTERDAY        0.0
  MONTH TO DATE    0.0
  SINCE SEP 1      0.0
  SINCE JUL 1      0.0

DEGREE DAYS
 HEATING
  YESTERDAY        0                         1     -1        0
  MONTH TO DATE    0                         8     -8        8
  SINCE SEP 1      0                         9     -9        8
  SINCE JUL 1      0                         9     -9        8

 COOLING
  YESTERDAY        3                         6     -3        0
  MONTH TO DATE  230                       187     43      177
  SINCE SEP 1    715                       647     68      697
  SINCE JAN 1   3604                      3282    322     3637
..................................................................


WIND (MPH)
  HIGHEST WIND SPEED    12   HIGHEST WIND DIRECTION     W (280)
  HIGHEST GUST SPEED    14   HIGHEST GUST DIRECTION     W (280)
  AVERAGE WIND SPEED     3.9


SKY COVER
  AVERAGE SKY COVER 1.0


WEATHER CONDITIONS
 THE FOLLOWING WEATHER WAS RECORDED YESTERDAY.
  LIGHT RAIN
  FOG


RELATIVE HUMIDITY (PERCENT)
 HIGHEST    97          1200 AM
 LOWEST     61           900 AM
 AVERAGE    79

..........................................................


THE DEL RIO CLIMATE NORMALS FOR TODAY
                         NORMAL    RECORD    YEAR
 MAXIMUM TEMPERATURE (F)   81        93      2001
 MINIMUM TEMPERATURE (F)   59        34      1911


SUNRISE AND SUNSET
OCTOBER 23 2014.......SUNRISE   750 AM CDT   SUNSET   705 PM CDT
OCTOBER 24 2014.......SUNRISE   751 AM CDT   SUNSET   704 PM CDT


-  INDICATES NEGATIVE NUMBERS.
R  INDICATES RECORD WAS SET OR TIED.
MM INDICATES DATA IS MISSING.
T  INDICATES TRACE AMOUNT.




$$
