000
CDUS44 KEWX 072227
CLIDRT


CLIMATE REPORT
NATIONAL WEATHER SERVICE AUSTIN/SAN ANTONIO, TX
527 PM CDT TUE JUL 7 2015


...................................

...THE DEL RIO CLIMATE SUMMARY FOR JULY 7 2015...
VALID TODAY AS OF 0527 PM LOCAL TIME.

CLIMATE NORMAL PERIOD 1981 TO 2010
CLIMATE RECORD PERIOD 1906 TO 2015


WEATHER ITEM   OBSERVED TIME   RECORD YEAR NORMAL DEPARTURE LAST
                VALUE   (LST)  VALUE       VALUE  FROM      YEAR
                                                  NORMAL
..................................................................
TEMPERATURE (F)
 TODAY
  MAXIMUM         85    426 PM 107    2005  96    -11       95
                                      1998
  MINIMUM         77    647 AM  64    1906  75      2       78
  AVERAGE         81                        86     -5       87

PRECIPITATION (IN)
  TODAY            0.04          1.21 1906   0.06  -0.02     0.00
  MONTH TO DATE    0.04                      0.41  -0.37     0.00
  SINCE JUN 1      3.52                      2.76   0.76     4.69
  SINCE JAN 1     18.60                      9.96   8.64     6.04

SNOWFALL (IN)
  TODAY            0.0
  MONTH TO DATE    0.0
  SINCE JUN 1      0.0
  SINCE JUL 1      0.0
  SNOW DEPTH       0

DEGREE DAYS
 HEATING
  TODAY            0                         0      0        0
  MONTH TO DATE    0                         0      0        0
  SINCE JUN 1      0                         0      0        0
  SINCE JUL 1      0                         0      0        0

 COOLING
  TODAY           16                        21     -5       22
  MONTH TO DATE  124                       141    -17      147
  SINCE JUN 1    625                       712    -87      775
  SINCE JAN 1   1305                      1471   -166     1625
..................................................................


WIND (MPH)
  HIGHEST WIND SPEED    16   HIGHEST WIND DIRECTION     E (110)
  HIGHEST GUST SPEED    23   HIGHEST GUST DIRECTION    SE (140)
  AVERAGE WIND SPEED    11.8



WEATHER CONDITIONS
 THE FOLLOWING WEATHER WAS RECORDED TODAY.
  LIGHT RAIN
  HAZE


RELATIVE HUMIDITY (PERCENT)
 HIGHEST    79           400 AM
 LOWEST     61           400 PM
 AVERAGE    70

..........................................................


THE DEL RIO CLIMATE NORMALS FOR TOMORROW
                         NORMAL    RECORD    YEAR
 MAXIMUM TEMPERATURE (F)   96       106      2009
 MINIMUM TEMPERATURE (F)   75        66      1937


SUNRISE AND SUNSET
JULY  7 2015..........SUNRISE   650 AM CDT   SUNSET   847 PM CDT
JULY  8 2015..........SUNRISE   651 AM CDT   SUNSET   847 PM CDT


-  INDICATES NEGATIVE NUMBERS.
R  INDICATES RECORD WAS SET OR TIED.
MM INDICATES DATA IS MISSING.
T  INDICATES TRACE AMOUNT.




$$
