000
CDUS44 KEWX 280029
CLIDRT


CLIMATE REPORT
NATIONAL WEATHER SERVICE AUSTIN/SAN ANTONIO, TX
628 PM CST FRI FEB 27 2015


...................................

...THE DEL RIO CLIMATE SUMMARY FOR FEBRUARY 27 2015...
VALID TODAY AS OF 628 PM LOCAL TIME.

CLIMATE NORMAL PERIOD 1981 TO 2010
CLIMATE RECORD PERIOD 1906 TO 2015


WEATHER ITEM   OBSERVED TIME   RECORD YEAR NORMAL DEPARTURE LAST
                VALUE   (LST)  VALUE       VALUE  FROM      YEAR
                                                  NORMAL
..................................................................
TEMPERATURE (F)
 TODAY
  MAXIMUM         41   1209 AM  99    2011  72    -31       57
  MINIMUM         36    517 AM  20    2002  48    -12       40
  AVERAGE         39                        60    -21       49

PRECIPITATION (IN)
  TODAY            0.00          5.28 1921   0.04  -0.04     0.00
  MONTH TO DATE    0.19                      0.84  -0.65     0.22
  SINCE DEC 1      1.21                      2.21  -1.00     0.70
  SINCE JAN 1      0.96                      1.56  -0.60     0.22

SNOWFALL (IN)
  TODAY            0.0
  MONTH TO DATE    0.0
  SINCE DEC 1      0.0
  SINCE JUL 1      0.0
  SNOW DEPTH      MM

DEGREE DAYS
 HEATING
  TODAY           26                         6     20       16
  MONTH TO DATE  282                       240     42      258
  SINCE DEC 1   1030                      1033     -3     1172
  SINCE JUL 1   1302                      1230     72     1405

 COOLING
  TODAY            0                         1     -1        0
  MONTH TO DATE   15                        11      4       45
  SINCE DEC 1     21                        17      4       50
  SINCE JAN 1     15                        14      1       45
..................................................................


WIND (MPH)
  HIGHEST WIND SPEED    13   HIGHEST WIND DIRECTION     E (90)
  HIGHEST GUST SPEED    16   HIGHEST GUST DIRECTION     E (100)
  AVERAGE WIND SPEED     6.6



WEATHER CONDITIONS
 THE FOLLOWING WEATHER WAS RECORDED TODAY.
  NO SIGNIFICANT WEATHER WAS OBSERVED.


RELATIVE HUMIDITY (PERCENT)
 HIGHEST    85           500 PM
 LOWEST     54           100 AM
 AVERAGE    70

..........................................................


THE DEL RIO CLIMATE NORMALS FOR TOMORROW
                         NORMAL    RECORD    YEAR
 MAXIMUM TEMPERATURE (F)   72        91      1940
                                             1916
 MINIMUM TEMPERATURE (F)   48        26      1922


SUNRISE AND SUNSET
FEBRUARY 27 2015......SUNRISE   711 AM CST   SUNSET   642 PM CST
FEBRUARY 28 2015......SUNRISE   710 AM CST   SUNSET   642 PM CST


-  INDICATES NEGATIVE NUMBERS.
R  INDICATES RECORD WAS SET OR TIED.
MM INDICATES DATA IS MISSING.
T  INDICATES TRACE AMOUNT.




$$
