000
CDUS44 KEWX 180744
CLIDRT


CLIMATE REPORT
NATIONAL WEATHER SERVICE AUSTIN/SAN ANTONIO, TX
143 AM CST SAT NOV 18 2017


...................................

...THE DEL RIO CLIMATE SUMMARY FOR NOVEMBER 17 2017...

CLIMATE NORMAL PERIOD 1981 TO 2010
CLIMATE RECORD PERIOD 1906 TO 2017


WEATHER ITEM   OBSERVED TIME   RECORD YEAR NORMAL DEPARTURE LAST
                VALUE   (LST)  VALUE       VALUE  FROM      YEAR
                                                  NORMAL
..................................................................
TEMPERATURE (F)
 YESTERDAY
  MAXIMUM         81    423 PM  91    1906  71     10       80
  MINIMUM         62    443 AM  31    1959  49     13       55
  AVERAGE         72                        60     12       68

PRECIPITATION (IN)
  YESTERDAY        0.00          1.37 1947   0.03  -0.03     0.00
  MONTH TO DATE    0.03                      0.59  -0.56     2.08
  SINCE SEP 1      6.79                      5.02   1.77     8.11
  SINCE JAN 1     22.68                     18.53   4.15    29.96

SNOWFALL (IN)
  YESTERDAY        0.0
  MONTH TO DATE    0.0
  SINCE SEP 1      0.0
  SINCE JUL 1      0.0

DEGREE DAYS
 HEATING
  YESTERDAY        0                         6     -6        0
  MONTH TO DATE   30                        67    -37        9
  SINCE SEP 1     83                        91     -8        9
  SINCE JUL 1     83                        91     -8        9

 COOLING
  YESTERDAY        7                         1      6        3
  MONTH TO DATE   62                        40     22       74
  SINCE SEP 1    771                       730     41      859
  SINCE JAN 1   3561                      3365    196     3573
..................................................................


WIND (MPH)
  HIGHEST WIND SPEED    14   HIGHEST WIND DIRECTION     S (160)
  HIGHEST GUST SPEED    18   HIGHEST GUST DIRECTION     E (110)
  AVERAGE WIND SPEED     7.2


SKY COVER
  AVERAGE SKY COVER 0.4


WEATHER CONDITIONS
 THE FOLLOWING WEATHER WAS RECORDED YESTERDAY.
  FOG
  FOG W/VISIBILITY <= 1/4 MILE


RELATIVE HUMIDITY (PERCENT)
 HIGHEST   100          1200 AM
 LOWEST     62           400 PM
 AVERAGE    81

..........................................................


THE DEL RIO CLIMATE NORMALS FOR TODAY
                         NORMAL    RECORD    YEAR
 MAXIMUM TEMPERATURE (F)   71        87      1986
 MINIMUM TEMPERATURE (F)   48        27      1959


SUNRISE AND SUNSET
NOVEMBER 18 2017......SUNRISE   710 AM CST   SUNSET   547 PM CST
NOVEMBER 19 2017......SUNRISE   711 AM CST   SUNSET   547 PM CST


-  INDICATES NEGATIVE NUMBERS.
R  INDICATES RECORD WAS SET OR TIED.
MM INDICATES DATA IS MISSING.
T  INDICATES TRACE AMOUNT.




$$
