000
CDUS43 KDMX 070631
CLIDSM

CLIMATE REPORT
NATIONAL WEATHER SERVICE DES MOINES IA
129 AM CDT TUE JUL 7 2015


...................................

...THE DES MOINES IA CLIMATE SUMMARY FOR JULY 6 2015...

CLIMATE NORMAL PERIOD 1981 TO 2010
CLIMATE RECORD PERIOD 1878 TO 2015


WEATHER ITEM   OBSERVED TIME   RECORD YEAR NORMAL DEPARTURE LAST
                VALUE   (LST)  VALUE       VALUE  FROM      YEAR
                                                  NORMAL
..................................................................
TEMPERATURE (F)
 YESTERDAY
  MAXIMUM         79    441 AM 104    1886  86     -7       89
  MINIMUM         66   1159 PM  51    1972  67     -1       70
  AVERAGE         73                        76     -3       80

PRECIPITATION (IN)
  YESTERDAY        0.24          1.87 1982   0.16   0.08     0.00
  MONTH TO DATE    0.24                      0.94  -0.70     2.02
  SINCE JUN 1      8.64                      5.88   2.76     9.51
  SINCE JAN 1     17.99                     19.06  -1.07    20.66

SNOWFALL (IN)
  YESTERDAY        0.0          MM      MM   0.0    0.0      0.0
  MONTH TO DATE    0.0                       0.0    0.0      0.0
  SINCE JUN 1      0.0                       0.0    0.0      0.0
  SINCE JUL 1      0.0                       0.0    0.0      0.0
  SNOW DEPTH       0

DEGREE DAYS
 HEATING
  YESTERDAY        0                         0      0        0
  MONTH TO DATE    0                         0      0        2
  SINCE JUN 1      3                        17    -14        2
  SINCE JUL 1      0                         0      0        2

 COOLING
  YESTERDAY        8                        11     -3       15
  MONTH TO DATE   37                        66    -29       32
  SINCE JUN 1    294                       287      7      288
  SINCE JAN 1    374                       363     11      419
..................................................................


WIND (MPH)
  HIGHEST WIND SPEED    20   HIGHEST WIND DIRECTION     N (10)
  HIGHEST GUST SPEED    25   HIGHEST GUST DIRECTION     N (360)
  AVERAGE WIND SPEED     9.5


SKY COVER
  POSSIBLE SUNSHINE  MM
  AVERAGE SKY COVER 1.0


WEATHER CONDITIONS
 THE FOLLOWING WEATHER WAS RECORDED YESTERDAY.
  THUNDERSTORM
  LIGHT RAIN
  FOG
  HAZE


RELATIVE HUMIDITY (PERCENT)
 HIGHEST    87           900 AM
 LOWEST     68           800 PM
 AVERAGE    78

..........................................................


THE DES MOINES IA CLIMATE NORMALS FOR TODAY
                         NORMAL    RECORD    YEAR
 MAXIMUM TEMPERATURE (F)   86       100      2012
                                             1936
                                             1890
 MINIMUM TEMPERATURE (F)   67        52      1908
                                             1894


SUNRISE AND SUNSET
JULY  7 2015..........SUNRISE   548 AM CDT   SUNSET   851 PM CDT
JULY  8 2015..........SUNRISE   548 AM CDT   SUNSET   851 PM CDT


-  INDICATES NEGATIVE NUMBERS.
R  INDICATES RECORD WAS SET OR TIED.
MM INDICATES DATA IS MISSING.
T  INDICATES TRACE AMOUNT.




$$
