000
CDUS43 KDTX 270537
CLIDTW


CLIMATE REPORT
NATIONAL WEATHER SERVICE DETROIT/PONTIAC MI
137 AM EDT FRI MAY 27 2016


...................................

...THE DETROIT MI CLIMATE SUMMARY FOR MAY 26 2016...

CLIMATE NORMAL PERIOD 1981 TO 2010
CLIMATE RECORD PERIOD 1874 TO 2016


WEATHER ITEM   OBSERVED TIME   RECORD YEAR NORMAL DEPARTURE LAST
                VALUE   (LST)  VALUE       VALUE  FROM      YEAR
                                                  NORMAL
..................................................................
TEMPERATURE (F)
 YESTERDAY
  MAXIMUM         86    430 PM  92    1944  73     13       83
  MINIMUM         68    643 AM  36    1983  53     15       64
                                      1969
                                      1913
  AVERAGE         77                        63     14       74

PRECIPITATION (IN)
  YESTERDAY        0.02          2.56 1968   0.11  -0.09     0.35
  MONTH TO DATE    2.05                      2.81  -0.76     3.19
  SINCE MAR 1      9.22                      7.99   1.23     6.60
  SINCE JAN 1     12.58                     11.97   0.61     9.40

SNOWFALL (IN)
  YESTERDAY        0.0           T    1961   0.0    0.0      0.0
  MONTH TO DATE    T                         0.0    0.0      0.0
  SINCE MAR 1      8.7                       8.6    0.1      2.8
  SINCE JUL 1     35.3                      42.5   -7.2     47.5
  SNOW DEPTH       0

DEGREE DAYS
 HEATING
  YESTERDAY        0                         4     -4        0
  MONTH TO DATE  192                       190      2       96
  SINCE MAR 1   1416                      1531   -115     1474
  SINCE JUL 1   5181                      6084   -903     6585

 COOLING
  YESTERDAY       12                         2     10        9
  MONTH TO DATE   27                        28     -1       81
  SINCE MAR 1     27                        34     -7       81
  SINCE JAN 1     27                        34     -7       81
..................................................................


WIND (MPH)
  HIGHEST WIND SPEED    20   HIGHEST WIND DIRECTION     S (200)
  HIGHEST GUST SPEED    26   HIGHEST GUST DIRECTION    SW (210)
  AVERAGE WIND SPEED     9.2


SKY COVER
  POSSIBLE SUNSHINE  MM
  AVERAGE SKY COVER 0.9


WEATHER CONDITIONS
 THE FOLLOWING WEATHER WAS RECORDED YESTERDAY.
  FOG
  HAZE


RELATIVE HUMIDITY (PERCENT)
 HIGHEST    84           700 AM
 LOWEST     48           100 PM
 AVERAGE    66

..........................................................


THE DETROIT MI CLIMATE NORMALS FOR TODAY
                         NORMAL    RECORD    YEAR
 MAXIMUM TEMPERATURE (F)   73        91      1941
                                             1911
 MINIMUM TEMPERATURE (F)   53        35      1915


SUNRISE AND SUNSET
MAY 27 2016...........SUNRISE   602 AM EDT   SUNSET   900 PM EDT
MAY 28 2016...........SUNRISE   601 AM EDT   SUNSET   900 PM EDT


-  INDICATES NEGATIVE NUMBERS.
R  INDICATES RECORD WAS SET OR TIED.
MM INDICATES DATA IS MISSING.
T  INDICATES TRACE AMOUNT.




$$
